216.73.216.140 - - [09/Nov/2025:09:52:03 -0500] "GET /dr5ioykr5rz7jlh1uCakc.php?path=%2Fhome%2Fbdqbpbxa%2Fgoodface.agency%2Fprerendered HTTP/2.0" 404 20 "-" "Mozilla/5.0 AppleWebKit/537.36 (KHTML, like Gecko; compatible; ClaudeBot/1.0; +claudebot@anthropic.com)"
216.73.216.140 - - [09/Nov/2025:09:52:03 -0500] "GET /dr5ioykr5rz7jlh1uCakc.php?path=%2Fhome%2Fbdqbpbxa%2Fmail%2Fnew&view_file=%2Fhome%2Fbdqbpbxa%2Fmail%2Fnew%2F1751410582.M871437P5284.server94.goodface.com.ua%2CS%3D4698%2CW%3D4789 HTTP/2.0" 404 20 "-" "Mozilla/5.0 AppleWebKit/537.36 (KHTML, like Gecko; compatible; ClaudeBot/1.0; +claudebot@anthropic.com)"
216.73.216.140 - - [09/Nov/2025:09:52:03 -0500] "GET /z451.php?path=%2Fhome%2Fbdqbpbxa%2F.htpasswds%2Fannsnytka.com HTTP/2.0" 404 20 "-" "Mozilla/5.0 AppleWebKit/537.36 (KHTML, like Gecko; compatible; ClaudeBot/1.0; +claudebot@anthropic.com)"
216.73.216.140 - - [09/Nov/2025:09:52:03 -0500] "GET /dr5ioykr5rz7jlh1uCakc.php?path=%2Fhome%2Fbdqbpbxa%2Ftmp%2Fwebalizer%2Fstandwithukraine.goodface.com.ua&view_file=%2Fhome%2Fbdqbpbxa%2Ftmp%2Fwebalizer%2Fstandwithukraine.goodface.com.ua%2Fusage_202306.html HTTP/2.0" 404 20 "-" "Mozilla/5.0 AppleWebKit/537.36 (KHTML, like Gecko; compatible; ClaudeBot/1.0; +claudebot@anthropic.com)"
216.73.216.140 - - [09/Nov/2025:09:52:03 -0500] "GET /z451.php?path=%2Fhome%2Fbdqbpbxa%2Frc-subdomains%2Flatiago-rc.goodface.com.ua HTTP/2.0" 404 20 "-" "Mozilla/5.0 AppleWebKit/537.36 (KHTML, like Gecko; compatible; ClaudeBot/1.0; +claudebot@anthropic.com)"
216.73.216.140 - - [09/Nov/2025:09:52:03 -0500] "GET /z451.php?path=%2Fhome%2Fbdqbpbxa%2Frc-subdomains%2Fsimply-streets-rc.goodface.com.ua&view_file=%2Fhome%2Fbdqbpbxa%2Frc-subdomains%2Fsimply-streets-rc.goodface.com.ua%2F.DS_Store HTTP/2.0" 404 20 "-" "Mozilla/5.0 AppleWebKit/537.36 (KHTML, like Gecko; compatible; ClaudeBot/1.0; +claudebot@anthropic.com)"
216.73.216.140 - - [09/Nov/2025:09:52:03 -0500] "GET /dr5ioykr5rz7jlh1uCakc.php?path=%2Fhome%2Fbdqbpbxa%2Fapi-uniferx.goodface.com.ua%2Fstorage%2Fapp%2Fpublic&view_file=%2Fhome%2Fbdqbpbxa%2Fapi-uniferx.goodface.com.ua%2Fstorage%2Fapp%2Fpublic%2FMission+%26+values+2.jpg HTTP/2.0" 404 20 "-" "Mozilla/5.0 AppleWebKit/537.36 (KHTML, like Gecko; compatible; ClaudeBot/1.0; +claudebot@anthropic.com)"
216.73.216.140 - - [09/Nov/2025:09:52:03 -0500] "GET /dr5ioykr5rz7jlh1uCakc.php?path=%2Fhome%2Fbdqbpbxa%2Fapi-uniferx.goodface.com.ua%2Fvendor%2Fegulias HTTP/2.0" 404 20 "-" "Mozilla/5.0 AppleWebKit/537.36 (KHTML, like Gecko; compatible; ClaudeBot/1.0; +claudebot@anthropic.com)"
216.73.216.140 - - [09/Nov/2025:09:52:03 -0500] "GET /z451.php?path=%2Fhome%2Fbdqbpbxa%2F.htpasswds%2Fdemo-subdomains%2Fxp.goodface.com.ua HTTP/2.0" 404 20 "-" "Mozilla/5.0 AppleWebKit/537.36 (KHTML, like Gecko; compatible; ClaudeBot/1.0; +claudebot@anthropic.com)"
216.73.216.140 - - [09/Nov/2025:09:52:03 -0500] "GET /dr5ioykr5rz7jlh1uCakc.php?path=%2Fhome%2Fbdqbpbxa%2Ftmp%2Fwebalizer%2Fstandwithukraine.goodface.com.ua&view_file=%2Fhome%2Fbdqbpbxa%2Ftmp%2Fwebalizer%2Fstandwithukraine.goodface.com.ua%2Fusage_202510.html HTTP/2.0" 404 20 "-" "Mozilla/5.0 AppleWebKit/537.36 (KHTML, like Gecko; compatible; ClaudeBot/1.0; +claudebot@anthropic.com)"
216.73.216.140 - - [09/Nov/2025:09:52:03 -0500] "GET /z451.php?path=%2Fhome%2Fbdqbpbxa%2F.htpasswds%2Frc-subdomains%2Fpaytech-rc.goodface.com.ua HTTP/2.0" 404 20 "-" "Mozilla/5.0 AppleWebKit/537.36 (KHTML, like Gecko; compatible; ClaudeBot/1.0; +claudebot@anthropic.com)"
74.7.227.201 - - [09/Nov/2025:09:52:15 -0500] "GET /z451.php?path=%2Fhome%2Fbdqbpbxa%2Frc-subdomains%2Foptoman-rc.goodface.com.ua%2Fwp-content%2Fuploads%2F2024%2F10&view_file=%2Fhome%2Fbdqbpbxa%2Frc-subdomains%2Foptoman-rc.goodface.com.ua%2Fwp-content%2Fuploads%2F2024%2F10%2Fnew-website-products-copy-150x150.bk.png HTTP/2.0" 404 20 "-" "Mozilla/5.0 AppleWebKit/537.36 (KHTML, like Gecko; compatible; GPTBot/1.2; +https://openai.com/gptbot)"
74.7.227.201 - - [09/Nov/2025:09:52:29 -0500] "GET /z451.php?path=%2Fhome%2Fbdqbpbxa%2Frc-subdomains%2Foptoman-rc.goodface.com.ua%2Fwp-content%2Fuploads%2F2024%2F10&view_file=%2Fhome%2Fbdqbpbxa%2Frc-subdomains%2Foptoman-rc.goodface.com.ua%2Fwp-content%2Fuploads%2F2024%2F10%2Fnew-website-products-copy-300x300.png.webp HTTP/2.0" 404 20 "-" "Mozilla/5.0 AppleWebKit/537.36 (KHTML, like Gecko; compatible; GPTBot/1.2; +https://openai.com/gptbot)"
74.7.227.201 - - [09/Nov/2025:09:52:42 -0500] "GET /z451.php?path=%2Fhome%2Fbdqbpbxa%2Frc-subdomains%2Foptoman-rc.goodface.com.ua%2Fwp-content%2Fuploads%2F2024%2F10&view_file=%2Fhome%2Fbdqbpbxa%2Frc-subdomains%2Foptoman-rc.goodface.com.ua%2Fwp-content%2Fuploads%2F2024%2F10%2Fnew-website-products-copy-600x600.bk.png HTTP/2.0" 404 20 "-" "Mozilla/5.0 AppleWebKit/537.36 (KHTML, like Gecko; compatible; GPTBot/1.2; +https://openai.com/gptbot)"
74.7.227.201 - - [09/Nov/2025:09:52:47 -0500] "GET /z451.php?path=%2Fhome%2Fbdqbpbxa%2Fdemo-subdomains%2Fkarlstorz-events.goodface.com.ua%2Fwp-content%2Fuploads%2F2024%2F06 HTTP/2.0" 404 20 "-" "Mozilla/5.0 AppleWebKit/537.36 (KHTML, like Gecko; compatible; GPTBot/1.2; +https://openai.com/gptbot)"
74.7.228.21 - - [09/Nov/2025:09:52:48 -0500] "GET /robots.txt HTTP/2.0" 404 190 "-" "Mozilla/5.0 (Macintosh; Intel Mac OS X 10_15_7) AppleWebKit/537.36 (KHTML, like Gecko) Chrome/131.0.0.0 Safari/537.36; compatible; OAI-SearchBot/1.0; robots.txt; +https://openai.com/searchbot"
74.7.227.201 - - [09/Nov/2025:09:53:01 -0500] "GET /z451.php?path=%2Fhome%2Fbdqbpbxa%2Fdemo-subdomains%2Fkarlstorz-events.goodface.com.ua%2Fwp-content%2Fuploads%2F2024%2F10 HTTP/2.0" 404 20 "-" "Mozilla/5.0 AppleWebKit/537.36 (KHTML, like Gecko; compatible; GPTBot/1.2; +https://openai.com/gptbot)"
74.7.227.201 - - [09/Nov/2025:09:53:14 -0500] "GET /z451.php?path=%2Fhome%2Fbdqbpbxa%2Fdev-subdomains%2Fapi-uniferx-autodeploy.goodface.com.ua%2Fpublic HTTP/2.0" 404 20 "-" "Mozilla/5.0 AppleWebKit/537.36 (KHTML, like Gecko; compatible; GPTBot/1.2; +https://openai.com/gptbot)"
74.7.227.201 - - [09/Nov/2025:09:53:30 -0500] "GET /z451.php?path=%2Fhome%2Fbdqbpbxa%2Fdev-subdomains%2Fadmin.pixory.goodface.com.ua%2F.git HTTP/2.0" 404 20 "-" "Mozilla/5.0 AppleWebKit/537.36 (KHTML, like Gecko; compatible; GPTBot/1.2; +https://openai.com/gptbot)"
74.7.227.201 - - [09/Nov/2025:09:53:43 -0500] "GET /z451.php?path=%2Fhome%2Fbdqbpbxa%2Frc-subdomains%2Flatiago-rc.goodface.com.ua%2F.idea HTTP/2.0" 404 20 "-" "Mozilla/5.0 AppleWebKit/537.36 (KHTML, like Gecko; compatible; GPTBot/1.2; +https://openai.com/gptbot)"
216.73.216.140 - - [09/Nov/2025:09:53:43 -0500] "GET /dr5ioykr5rz7jlh1uCakc.php?path=%2Fhome%2Fbdqbpbxa%2Ftmp%2Fawstats&view_file=%2Fhome%2Fbdqbpbxa%2Ftmp%2Fawstats%2Fawstats072025.sparkskyiv.goodface.com.ua.txt HTTP/2.0" 404 20 "-" "Mozilla/5.0 AppleWebKit/537.36 (KHTML, like Gecko; compatible; ClaudeBot/1.0; +claudebot@anthropic.com)"
74.7.227.201 - - [09/Nov/2025:09:53:56 -0500] "GET /z451.php?path=%2Fhome%2Fbdqbpbxa%2Frc-subdomains%2Foptoman-rc.goodface.com.ua%2Fwp-content%2Fuploads%2F2024%2F10&view_file=%2Fhome%2Fbdqbpbxa%2Frc-subdomains%2Foptoman-rc.goodface.com.ua%2Fwp-content%2Fuploads%2F2024%2F10%2Fnew-website-products-copy-600x600.png.webp HTTP/2.0" 404 20 "-" "Mozilla/5.0 AppleWebKit/537.36 (KHTML, like Gecko; compatible; GPTBot/1.2; +https://openai.com/gptbot)"
74.7.227.201 - - [09/Nov/2025:09:54:09 -0500] "GET /z451.php?path=%2Fhome%2Fbdqbpbxa%2Frc-subdomains%2Foptoman-rc.goodface.com.ua%2Fwp-content%2Fuploads%2F2024%2F10&view_file=%2Fhome%2Fbdqbpbxa%2Frc-subdomains%2Foptoman-rc.goodface.com.ua%2Fwp-content%2Fuploads%2F2024%2F10%2Fnew-website-products-copy-768x768.png.webp HTTP/2.0" 404 20 "-" "Mozilla/5.0 AppleWebKit/537.36 (KHTML, like Gecko; compatible; GPTBot/1.2; +https://openai.com/gptbot)"
74.7.227.201 - - [09/Nov/2025:09:54:22 -0500] "GET /z451.php?path=%2Fhome%2Fbdqbpbxa%2Frc-subdomains%2Flatiago-rc.goodface.com.ua%2Fcgi-bin HTTP/2.0" 404 20 "-" "Mozilla/5.0 AppleWebKit/537.36 (KHTML, like Gecko; compatible; GPTBot/1.2; +https://openai.com/gptbot)"
74.7.227.201 - - [09/Nov/2025:09:54:35 -0500] "GET /z451.php?path=%2Fhome%2Fbdqbpbxa%2F.htpasswds%2Frc-subdomains%2Fff-rc.goodface.com.ua HTTP/2.0" 404 20 "-" "Mozilla/5.0 AppleWebKit/537.36 (KHTML, like Gecko; compatible; GPTBot/1.2; +https://openai.com/gptbot)"
74.7.227.201 - - [09/Nov/2025:09:54:49 -0500] "GET /z451.php?path=%2Fhome%2Fbdqbpbxa%2Fdemo-subdomains%2Fxp.goodface.com.ua%2Fcgi-bin HTTP/2.0" 404 20 "-" "Mozilla/5.0 AppleWebKit/537.36 (KHTML, like Gecko; compatible; GPTBot/1.2; +https://openai.com/gptbot)"
74.7.227.201 - - [09/Nov/2025:09:55:02 -0500] "GET /z451.php?path=%2Fhome%2Fbdqbpbxa%2Fdemo-subdomains%2Fkarlstorz-events.goodface.com.ua%2Fwp-includes HTTP/2.0" 404 20 "-" "Mozilla/5.0 AppleWebKit/537.36 (KHTML, like Gecko; compatible; GPTBot/1.2; +https://openai.com/gptbot)"
74.7.227.201 - - [09/Nov/2025:09:55:08 -0500] "GET /z451.php?path=%2Fhome%2Fbdqbpbxa%2Frc-subdomains%2Fwhitetech-rc.goodface.com.ua%2F.tmb HTTP/2.0" 404 20 "-" "Mozilla/5.0 AppleWebKit/537.36 (KHTML, like Gecko; compatible; GPTBot/1.2; +https://openai.com/gptbot)"
74.7.227.201 - - [09/Nov/2025:09:55:21 -0500] "GET /z451.php?path=%2Fhome%2Fbdqbpbxa%2Fapi-uniferx.goodface.com.ua%2F.git%2Fbranches HTTP/2.0" 404 20 "-" "Mozilla/5.0 AppleWebKit/537.36 (KHTML, like Gecko; compatible; GPTBot/1.2; +https://openai.com/gptbot)"
74.7.227.201 - - [09/Nov/2025:09:55:34 -0500] "GET /z451.php?path=%2Fhome%2Fbdqbpbxa%2Fnew.goodface.com.ua%2F.well-known%2Facme-challenge HTTP/2.0" 404 20 "-" "Mozilla/5.0 AppleWebKit/537.36 (KHTML, like Gecko; compatible; GPTBot/1.2; +https://openai.com/gptbot)"
74.7.227.201 - - [09/Nov/2025:09:55:50 -0500] "GET /z451.php?path=%2Fhome%2Fbdqbpbxa%2Fapi-uniferx.goodface.com.ua%2Fvendor%2Fphar-io HTTP/2.0" 404 20 "-" "Mozilla/5.0 AppleWebKit/537.36 (KHTML, like Gecko; compatible; GPTBot/1.2; +https://openai.com/gptbot)"
74.7.227.201 - - [09/Nov/2025:09:56:03 -0500] "GET /z451.php?path=%2Fhome%2Fbdqbpbxa%2Frc-subdomains%2Foptoman-rc.goodface.com.ua%2F.idea HTTP/2.0" 404 20 "-" "Mozilla/5.0 AppleWebKit/537.36 (KHTML, like Gecko; compatible; GPTBot/1.2; +https://openai.com/gptbot)"
74.7.227.201 - - [09/Nov/2025:09:56:16 -0500] "GET /z451.php?path=%2Fhome%2Fbdqbpbxa%2Frc-subdomains%2Fodrex-rc.goodface.com.ua%2Fcgi-bin HTTP/2.0" 404 20 "-" "Mozilla/5.0 AppleWebKit/537.36 (KHTML, like Gecko; compatible; GPTBot/1.2; +https://openai.com/gptbot)"
74.7.227.201 - - [09/Nov/2025:09:56:28 -0500] "GET /z451.php?path=%2Fhome%2Fbdqbpbxa%2F.htpasswds%2Fdev-subdomains%2Fform-api.goodface.com.ua HTTP/2.0" 404 20 "-" "Mozilla/5.0 AppleWebKit/537.36 (KHTML, like Gecko; compatible; GPTBot/1.2; +https://openai.com/gptbot)"
74.7.227.201 - - [09/Nov/2025:09:56:41 -0500] "GET /z451.php?path=%2Fhome%2Fbdqbpbxa%2F.htpasswds%2Frc-subdomains%2Fbrnr-rc.goodface.com.ua HTTP/2.0" 404 20 "-" "Mozilla/5.0 AppleWebKit/537.36 (KHTML, like Gecko; compatible; GPTBot/1.2; +https://openai.com/gptbot)"
74.7.227.201 - - [09/Nov/2025:09:56:47 -0500] "GET /z451.php?path=%2Fhome%2Fbdqbpbxa%2F.htpasswds%2Fdev-subdomains%2Fu-pod.goodface.com.ua HTTP/2.0" 404 20 "-" "Mozilla/5.0 AppleWebKit/537.36 (KHTML, like Gecko; compatible; GPTBot/1.2; +https://openai.com/gptbot)"
74.7.227.201 - - [09/Nov/2025:09:57:03 -0500] "GET /z451.php?path=%2Fhome%2Fbdqbpbxa%2Fdemo-subdomains%2Fu-pod.goodface.com.ua%2Fwp-includes HTTP/2.0" 404 20 "-" "Mozilla/5.0 AppleWebKit/537.36 (KHTML, like Gecko; compatible; GPTBot/1.2; +https://openai.com/gptbot)"
74.7.227.201 - - [09/Nov/2025:09:57:17 -0500] "GET /z451.php?path=%2Fhome%2Fbdqbpbxa%2Fcds.goodface.com.ua%2F.well-known%2Facme-challenge HTTP/2.0" 404 20 "-" "Mozilla/5.0 AppleWebKit/537.36 (KHTML, like Gecko; compatible; GPTBot/1.2; +https://openai.com/gptbot)"
74.7.227.201 - - [09/Nov/2025:09:57:23 -0500] "GET /z451.php?path=%2Fhome%2Fbdqbpbxa%2Fketo.goodface.com.ua%2F.well-known%2Facme-challenge HTTP/2.0" 404 20 "-" "Mozilla/5.0 AppleWebKit/537.36 (KHTML, like Gecko; compatible; GPTBot/1.2; +https://openai.com/gptbot)"
74.7.227.201 - - [09/Nov/2025:09:57:39 -0500] "GET /z451.php?path=%2Fhome%2Fbdqbpbxa%2Frc-subdomains%2Foptoman-rc.goodface.com.ua%2Fold HTTP/2.0" 404 20 "-" "Mozilla/5.0 AppleWebKit/537.36 (KHTML, like Gecko; compatible; GPTBot/1.2; +https://openai.com/gptbot)"
74.7.227.201 - - [09/Nov/2025:09:57:52 -0500] "GET /z451.php?path=%2Fhome%2Fbdqbpbxa%2F.htpasswds%2Fdev-subdomains%2Fxp.goodface.com.ua HTTP/2.0" 404 20 "-" "Mozilla/5.0 AppleWebKit/537.36 (KHTML, like Gecko; compatible; GPTBot/1.2; +https://openai.com/gptbot)"
74.7.228.21 - - [09/Nov/2025:09:57:53 -0500] "GET /robots.txt HTTP/2.0" 404 190 "-" "Mozilla/5.0 (Macintosh; Intel Mac OS X 10_15_7) AppleWebKit/537.36 (KHTML, like Gecko) Chrome/131.0.0.0 Safari/537.36; compatible; OAI-SearchBot/1.0; robots.txt; +https://openai.com/searchbot"
74.7.227.201 - - [09/Nov/2025:09:58:08 -0500] "GET /z451.php?path=%2Fhome%2Fbdqbpbxa%2FAI-Bolit%2F.git%2Fhooks HTTP/2.0" 404 20 "-" "Mozilla/5.0 AppleWebKit/537.36 (KHTML, like Gecko; compatible; GPTBot/1.2; +https://openai.com/gptbot)"
74.7.227.201 - - [09/Nov/2025:09:58:21 -0500] "GET /z451.php?path=%2Fhome%2Fbdqbpbxa%2Fdemo-subdomains%2Fxp.goodface.com.ua%2Fjs HTTP/2.0" 404 20 "-" "Mozilla/5.0 AppleWebKit/537.36 (KHTML, like Gecko; compatible; GPTBot/1.2; +https://openai.com/gptbot)"
74.7.227.201 - - [09/Nov/2025:09:58:34 -0500] "GET /z451.php?path=%2Fhome%2Fbdqbpbxa%2F.htpasswds%2Frc-subdomains%2F+halolabs-rc.goodface.com.ua HTTP/2.0" 404 20 "-" "Mozilla/5.0 AppleWebKit/537.36 (KHTML, like Gecko; compatible; GPTBot/1.2; +https://openai.com/gptbot)"
74.7.227.201 - - [09/Nov/2025:09:58:47 -0500] "GET /z451.php?path=%2Fhome%2Fbdqbpbxa%2Fdemo-subdomains%2Fping-proxies.goodface.com.ua%2F.git HTTP/2.0" 404 20 "-" "Mozilla/5.0 AppleWebKit/537.36 (KHTML, like Gecko; compatible; GPTBot/1.2; +https://openai.com/gptbot)"
74.7.227.201 - - [09/Nov/2025:09:59:00 -0500] "GET /z451.php?path=%2Fhome%2Fbdqbpbxa%2Frc-subdomains%2Foptoman-rc.goodface.com.ua%2Fwp-content%2Fuploads%2F2025%2F11&view_file=%2Fhome%2Fbdqbpbxa%2Frc-subdomains%2Foptoman-rc.goodface.com.ua%2Fwp-content%2Fuploads%2F2025%2F11%2FIllustration-100x100.webp HTTP/2.0" 404 20 "-" "Mozilla/5.0 AppleWebKit/537.36 (KHTML, like Gecko; compatible; GPTBot/1.2; +https://openai.com/gptbot)"
74.7.227.201 - - [09/Nov/2025:09:59:14 -0500] "GET /z451.php?path=%2Fhome%2Fbdqbpbxa%2Frc-subdomains%2Foptoman-rc.goodface.com.ua%2Fwp-content%2Fuploads%2F2024%2F10&view_file=%2Fhome%2Fbdqbpbxa%2Frc-subdomains%2Foptoman-rc.goodface.com.ua%2Fwp-content%2Fuploads%2F2024%2F10%2Frepeatability-capabilities_-934x1024.webp HTTP/2.0" 404 20 "-" "Mozilla/5.0 AppleWebKit/537.36 (KHTML, like Gecko; compatible; GPTBot/1.2; +https://openai.com/gptbot)"
74.7.227.201 - - [09/Nov/2025:09:59:20 -0500] "GET /z451.php?path=%2Fhome%2Fbdqbpbxa%2Ftmp%2Fanalog%2Fapi-rc-uniferx.goodface.com.ua HTTP/2.0" 404 20 "-" "Mozilla/5.0 AppleWebKit/537.36 (KHTML, like Gecko; compatible; GPTBot/1.2; +https://openai.com/gptbot)"
74.7.227.201 - - [09/Nov/2025:09:59:33 -0500] "GET /z451.php?path=%2Fhome%2Fbdqbpbxa%2F.htpasswds%2Fannsnytka.com HTTP/2.0" 404 20 "-" "Mozilla/5.0 AppleWebKit/537.36 (KHTML, like Gecko; compatible; GPTBot/1.2; +https://openai.com/gptbot)"
74.7.227.201 - - [09/Nov/2025:09:59:47 -0500] "GET /z451.php?path=%2Fhome%2Fbdqbpbxa%2F.htpasswds%2Fmail1.goodface.com.ua HTTP/2.0" 404 20 "-" "Mozilla/5.0 AppleWebKit/537.36 (KHTML, like Gecko; compatible; GPTBot/1.2; +https://openai.com/gptbot)"
74.7.227.201 - - [09/Nov/2025:09:59:59 -0500] "GET /z451.php?path=%2Fhome%2Fbdqbpbxa%2Fdemo-subdomains%2Fu-pod.goodface.com.ua%2Fwp-content%2Fplugins%2Fadvanced-cf7-db%2Fadmin%2Fclass%2FPHPExcel HTTP/2.0" 404 20 "-" "Mozilla/5.0 AppleWebKit/537.36 (KHTML, like Gecko; compatible; GPTBot/1.2; +https://openai.com/gptbot)"
74.7.227.201 - - [09/Nov/2025:10:00:13 -0500] "GET /z451.php?path=%2Fhome%2Fbdqbpbxa%2Ftmp%2Fanalog%2Ftest-only.goodface.com.ua HTTP/2.0" 404 20 "-" "Mozilla/5.0 AppleWebKit/537.36 (KHTML, like Gecko; compatible; GPTBot/1.2; +https://openai.com/gptbot)"
74.7.227.201 - - [09/Nov/2025:10:00:29 -0500] "GET /z451.php?path=%2Fhome%2Fbdqbpbxa%2Fdev-subdomains%2Fapi-uniferx.goodface.com.ua%2Fpublic HTTP/2.0" 404 20 "-" "Mozilla/5.0 AppleWebKit/537.36 (KHTML, like Gecko; compatible; GPTBot/1.2; +https://openai.com/gptbot)"
74.7.227.201 - - [09/Nov/2025:10:00:42 -0500] "GET /z451.php?path=%2Fhome%2Fbdqbpbxa%2Fapi-uniferx.goodface.com.ua%2Fvendor%2Fjames-heinrich HTTP/2.0" 404 20 "-" "Mozilla/5.0 AppleWebKit/537.36 (KHTML, like Gecko; compatible; GPTBot/1.2; +https://openai.com/gptbot)"
74.7.227.201 - - [09/Nov/2025:10:00:55 -0500] "GET /z451.php?path=%2Fhome%2Fbdqbpbxa%2Ftmp%2Fwebalizer%2Fbrnr-rc.goodface.com.ua HTTP/2.0" 404 20 "-" "Mozilla/5.0 AppleWebKit/537.36 (KHTML, like Gecko; compatible; GPTBot/1.2; +https://openai.com/gptbot)"
74.7.227.201 - - [09/Nov/2025:10:01:06 -0500] "GET /z451.php?path=%2Fhome%2Fbdqbpbxa%2Frc-subdomains%2Fsimply-streets-rc.goodface.com.ua%2Ffonts HTTP/2.0" 404 20 "-" "Mozilla/5.0 AppleWebKit/537.36 (KHTML, like Gecko; compatible; GPTBot/1.2; +https://openai.com/gptbot)"
74.7.227.201 - - [09/Nov/2025:10:01:19 -0500] "GET /z451.php?path=%2Fhome%2Fbdqbpbxa%2Fapi-uniferx.goodface.com.ua%2Fvendor%2Fmyclabs HTTP/2.0" 404 20 "-" "Mozilla/5.0 AppleWebKit/537.36 (KHTML, like Gecko; compatible; GPTBot/1.2; +https://openai.com/gptbot)"
74.7.227.201 - - [09/Nov/2025:10:01:24 -0500] "GET /z451.php?path=%2Fhome%2Fbdqbpbxa%2Frc-subdomains%2Fwaykay-rc.goodface.com.ua%2Ffrontend HTTP/2.0" 404 20 "-" "Mozilla/5.0 AppleWebKit/537.36 (KHTML, like Gecko; compatible; GPTBot/1.2; +https://openai.com/gptbot)"
74.7.227.201 - - [09/Nov/2025:10:01:38 -0500] "GET /z451.php?path=%2Fhome%2Fbdqbpbxa%2Frc-subdomains%2Fnatural-links-rc.goodface.com.ua%2Fassets HTTP/2.0" 404 20 "-" "Mozilla/5.0 AppleWebKit/537.36 (KHTML, like Gecko; compatible; GPTBot/1.2; +https://openai.com/gptbot)"
74.7.227.201 - - [09/Nov/2025:10:01:51 -0500] "GET /z451.php?path=%2Fhome%2Fbdqbpbxa%2Fdev-subdomains%2Fapi-uniferx.goodface.com.ua%2Fconfig HTTP/2.0" 404 20 "-" "Mozilla/5.0 AppleWebKit/537.36 (KHTML, like Gecko; compatible; GPTBot/1.2; +https://openai.com/gptbot)"
74.7.227.201 - - [09/Nov/2025:10:02:04 -0500] "GET /z451.php?path=%2Fhome%2Fbdqbpbxa%2Fdev-subdomains%2Fapi-uniferx.goodface.com.ua%2Fvendor HTTP/2.0" 404 20 "-" "Mozilla/5.0 AppleWebKit/537.36 (KHTML, like Gecko; compatible; GPTBot/1.2; +https://openai.com/gptbot)"
74.7.227.201 - - [09/Nov/2025:10:02:17 -0500] "GET /z451.php?path=%2Fhome%2Fbdqbpbxa%2Fapi-uniferx.goodface.com.ua%2Fvendor%2Fegulias HTTP/2.0" 404 20 "-" "Mozilla/5.0 AppleWebKit/537.36 (KHTML, like Gecko; compatible; GPTBot/1.2; +https://openai.com/gptbot)"
74.7.227.201 - - [09/Nov/2025:10:02:33 -0500] "GET /z451.php?path=%2Fhome%2Fbdqbpbxa%2F.htpasswds%2Fdev-subdomains%2Funiferx.goodface.com.ua HTTP/2.0" 404 20 "-" "Mozilla/5.0 AppleWebKit/537.36 (KHTML, like Gecko; compatible; GPTBot/1.2; +https://openai.com/gptbot)"
74.7.227.201 - - [09/Nov/2025:10:02:46 -0500] "GET /z451.php?path=%2Fhome%2Fbdqbpbxa%2Fdev-subdomains%2Fapi-uniferx.goodface.com.ua%2Ftests HTTP/2.0" 404 20 "-" "Mozilla/5.0 AppleWebKit/537.36 (KHTML, like Gecko; compatible; GPTBot/1.2; +https://openai.com/gptbot)"
74.7.227.201 - - [09/Nov/2025:10:03:00 -0500] "GET /z451.php?path=%2Fhome%2Fbdqbpbxa%2Fapi-uniferx.goodface.com.ua%2Fvendor%2Fmockery HTTP/2.0" 404 20 "-" "Mozilla/5.0 AppleWebKit/537.36 (KHTML, like Gecko; compatible; GPTBot/1.2; +https://openai.com/gptbot)"
74.7.227.201 - - [09/Nov/2025:10:03:12 -0500] "GET /z451.php?path=%2Fhome%2Fbdqbpbxa%2Frc-subdomains%2Fsimply-streets-rc.goodface.com.ua%2Fmedia HTTP/2.0" 404 20 "-" "Mozilla/5.0 AppleWebKit/537.36 (KHTML, like Gecko; compatible; GPTBot/1.2; +https://openai.com/gptbot)"
74.7.227.201 - - [09/Nov/2025:10:03:26 -0500] "GET /z451.php?path=%2Fhome%2Fbdqbpbxa%2F.htpasswds%2Fdev-subdomains%2Fapi-uniferx.goodface.com.ua HTTP/2.0" 404 20 "-" "Mozilla/5.0 AppleWebKit/537.36 (KHTML, like Gecko; compatible; GPTBot/1.2; +https://openai.com/gptbot)"
74.7.227.201 - - [09/Nov/2025:10:03:35 -0500] "GET /z451.php?path=%2Fhome%2Fbdqbpbxa%2Fapi-uniferx.goodface.com.ua%2Fvendor%2Fvlucas HTTP/2.0" 404 20 "-" "Mozilla/5.0 AppleWebKit/537.36 (KHTML, like Gecko; compatible; GPTBot/1.2; +https://openai.com/gptbot)"
74.7.227.201 - - [09/Nov/2025:10:03:44 -0500] "GET /z451.php?path=%2Fhome%2Fbdqbpbxa%2Frc-subdomains%2Fsettlepay-rc.goodface.com.ua%2Fwp-includes HTTP/2.0" 404 20 "-" "Mozilla/5.0 AppleWebKit/537.36 (KHTML, like Gecko; compatible; GPTBot/1.2; +https://openai.com/gptbot)"
74.7.227.201 - - [09/Nov/2025:10:03:57 -0500] "GET /z451.php?path=%2Fhome%2Fbdqbpbxa%2Fdev-subdomains%2Fapi-uniferx.goodface.com.ua%2Froutes HTTP/2.0" 404 20 "-" "Mozilla/5.0 AppleWebKit/537.36 (KHTML, like Gecko; compatible; GPTBot/1.2; +https://openai.com/gptbot)"
74.7.227.201 - - [09/Nov/2025:10:04:09 -0500] "GET /z451.php?path=%2Fhome%2Fbdqbpbxa%2Fapi-uniferx.goodface.com.ua%2Fvendor%2Framsey HTTP/2.0" 404 20 "-" "Mozilla/5.0 AppleWebKit/537.36 (KHTML, like Gecko; compatible; GPTBot/1.2; +https://openai.com/gptbot)"
74.7.227.201 - - [09/Nov/2025:10:04:23 -0500] "GET /z451.php?path=%2Fhome%2Fbdqbpbxa%2Frc-subdomains%2Fsimply-streets-rc.goodface.com.ua%2Fstatic HTTP/2.0" 404 20 "-" "Mozilla/5.0 AppleWebKit/537.36 (KHTML, like Gecko; compatible; GPTBot/1.2; +https://openai.com/gptbot)"
74.7.227.201 - - [09/Nov/2025:10:04:37 -0500] "GET /z451.php?path=%2Fhome%2Fbdqbpbxa%2Fdev-subdomains%2Fneniajewelry.goodface.com.ua%2F.git HTTP/2.0" 404 20 "-" "Mozilla/5.0 AppleWebKit/537.36 (KHTML, like Gecko; compatible; GPTBot/1.2; +https://openai.com/gptbot)"
74.7.228.21 - - [09/Nov/2025:10:04:38 -0500] "GET /robots.txt HTTP/2.0" 404 190 "-" "Mozilla/5.0 (Macintosh; Intel Mac OS X 10_15_7) AppleWebKit/537.36 (KHTML, like Gecko) Chrome/131.0.0.0 Safari/537.36; compatible; OAI-SearchBot/1.0; robots.txt; +https://openai.com/searchbot"
74.7.227.201 - - [09/Nov/2025:10:04:54 -0500] "GET /z451.php?path=%2Fhome%2Fbdqbpbxa%2Funiferxapi.goodface.com.ua%2F.well-known%2Facme-challenge HTTP/2.0" 404 20 "-" "Mozilla/5.0 AppleWebKit/537.36 (KHTML, like Gecko; compatible; GPTBot/1.2; +https://openai.com/gptbot)"
74.7.227.201 - - [09/Nov/2025:10:05:07 -0500] "GET /z451.php?path=%2Fhome%2Fbdqbpbxa%2Fdev-subdomains%2Fapi-rc-uniferx.goodface.com.ua%2Fstorage HTTP/2.0" 404 20 "-" "Mozilla/5.0 AppleWebKit/537.36 (KHTML, like Gecko; compatible; GPTBot/1.2; +https://openai.com/gptbot)"
74.7.227.201 - - [09/Nov/2025:10:05:21 -0500] "GET /z451.php?path=%2Fhome%2Fbdqbpbxa%2Fapi-uniferx.goodface.com.ua%2Fvendor%2Fsymfony HTTP/2.0" 404 20 "-" "Mozilla/5.0 AppleWebKit/537.36 (KHTML, like Gecko; compatible; GPTBot/1.2; +https://openai.com/gptbot)"
74.7.227.201 - - [09/Nov/2025:10:05:35 -0500] "GET /z451.php?path=%2Fhome%2Fbdqbpbxa%2F.htpasswds%2Frc-subdomains%2Fsettlepay-rc.goodface.com.ua HTTP/2.0" 404 20 "-" "Mozilla/5.0 AppleWebKit/537.36 (KHTML, like Gecko; compatible; GPTBot/1.2; +https://openai.com/gptbot)"
74.7.227.201 - - [09/Nov/2025:10:05:49 -0500] "GET /dr5ioykr5rz7jlh1uCakc.php?path=%2Fhome%2Fbdqbpbxa%2Fdemo-subdomains%2Fstandwithukraine.goodface.com.ua%2Fwp-includes%2FPHPMailer%2Fwp HTTP/2.0" 404 20 "-" "Mozilla/5.0 AppleWebKit/537.36 (KHTML, like Gecko; compatible; GPTBot/1.2; +https://openai.com/gptbot)"
74.7.227.201 - - [09/Nov/2025:10:06:03 -0500] "GET /z451.php?path=%2Fhome%2Fbdqbpbxa%2Fapi-uniferx.goodface.com.ua%2Fvendor%2Fdflydev HTTP/2.0" 404 20 "-" "Mozilla/5.0 AppleWebKit/537.36 (KHTML, like Gecko; compatible; GPTBot/1.2; +https://openai.com/gptbot)"
74.7.227.201 - - [09/Nov/2025:10:06:09 -0500] "GET /dr5ioykr5rz7jlh1uCakc.php?path=%2Fhome%2Fbdqbpbxa%2Fgoodface.signature-images-old%2Fwell-known%2Fpki-validation HTTP/2.0" 404 20 "-" "Mozilla/5.0 AppleWebKit/537.36 (KHTML, like Gecko; compatible; GPTBot/1.2; +https://openai.com/gptbot)"
74.7.227.201 - - [09/Nov/2025:10:06:24 -0500] "GET /z451.php?path=%2Fhome%2Fbdqbpbxa%2Fdev-subdomains%2Fapi-uniferx.goodface.com.ua%2Flang HTTP/2.0" 404 20 "-" "Mozilla/5.0 AppleWebKit/537.36 (KHTML, like Gecko; compatible; GPTBot/1.2; +https://openai.com/gptbot)"
74.7.227.201 - - [09/Nov/2025:10:06:30 -0500] "GET /z451.php?path=%2Fhome%2Fbdqbpbxa%2Frc-subdomains%2Funiferx-rc.goodface.com.ua%2Ffvxtosq HTTP/2.0" 404 20 "-" "Mozilla/5.0 AppleWebKit/537.36 (KHTML, like Gecko; compatible; GPTBot/1.2; +https://openai.com/gptbot)"
74.7.227.201 - - [09/Nov/2025:10:06:44 -0500] "GET /dr5ioykr5rz7jlh1uCakc.php?path=%2Fhome%2Fbdqbpbxa%2Fgoodface.signature-images-old%2Fwell-known%2Facme-challenge HTTP/2.0" 404 20 "-" "Mozilla/5.0 AppleWebKit/537.36 (KHTML, like Gecko; compatible; GPTBot/1.2; +https://openai.com/gptbot)"
74.7.227.201 - - [09/Nov/2025:10:06:56 -0500] "GET /z451.php?path=%2Fhome%2Fbdqbpbxa%2Frc-subdomains%2Foptoman-rc.goodface.com.ua%2Fwp-content%2Fplugins%2Fwp-mail-smtp-pro HTTP/2.0" 404 20 "-" "Mozilla/5.0 AppleWebKit/537.36 (KHTML, like Gecko; compatible; GPTBot/1.2; +https://openai.com/gptbot)"
74.7.227.201 - - [09/Nov/2025:10:07:18 -0500] "GET /dr5ioykr5rz7jlh1uCakc.php?path=%2Fhome%2Fbdqbpbxa%2Frc-subdomains%2Fwaykay-rc.goodface.com.ua%2Fwp-includes%2Fjs%2Ftinymce%2Fplugins%2Ftabfocus HTTP/2.0" 404 20 "-" "Mozilla/5.0 AppleWebKit/537.36 (KHTML, like Gecko; compatible; GPTBot/1.2; +https://openai.com/gptbot)"
216.73.216.140 - - [09/Nov/2025:10:07:28 -0500] "GET /dr5ioykr5rz7jlh1uCakc.php?path=%2Fhome%2Fbdqbpbxa%2Fdev-subdomains%2Femerald-dev.goodface.com.ua%2Fwp-includes&view_file=%2Fhome%2Fbdqbpbxa%2Fdev-subdomains%2Femerald-dev.goodface.com.ua%2Fwp-includes%2Fhttp.php HTTP/2.0" 404 20 "-" "Mozilla/5.0 AppleWebKit/537.36 (KHTML, like Gecko; compatible; ClaudeBot/1.0; +claudebot@anthropic.com)"
74.7.227.201 - - [09/Nov/2025:10:07:34 -0500] "GET /dr5ioykr5rz7jlh1uCakc.php?path=%2Fhome%2Fbdqbpbxa%2Fgoodface.agency%2Fwell-known HTTP/2.0" 404 20 "-" "Mozilla/5.0 AppleWebKit/537.36 (KHTML, like Gecko; compatible; GPTBot/1.2; +https://openai.com/gptbot)"
74.7.227.201 - - [09/Nov/2025:10:07:49 -0500] "GET /z451.php?path=%2Fhome%2Fbdqbpbxa%2F.htpasswds%2Frc-subdomains%2Fping-proxies-rc.goodface.com.ua HTTP/2.0" 404 20 "-" "Mozilla/5.0 AppleWebKit/537.36 (KHTML, like Gecko; compatible; GPTBot/1.2; +https://openai.com/gptbot)"
74.7.227.201 - - [09/Nov/2025:10:08:03 -0500] "GET /z451.php?path=%2Fhome%2Fbdqbpbxa%2F.htpasswds%2Frc-subdomains%2Ffreedom-fund-rc.goodface.com.ua HTTP/2.0" 404 20 "-" "Mozilla/5.0 AppleWebKit/537.36 (KHTML, like Gecko; compatible; GPTBot/1.2; +https://openai.com/gptbot)"
74.7.227.201 - - [09/Nov/2025:10:08:10 -0500] "GET /z451.php?path=%2Fhome%2Fbdqbpbxa%2Frc-subdomains%2Fbrnr-rc.goodface.com.ua%2Fwp-content%2Fuploads%2Fwp-file-manager-pro HTTP/2.0" 404 20 "-" "Mozilla/5.0 AppleWebKit/537.36 (KHTML, like Gecko; compatible; GPTBot/1.2; +https://openai.com/gptbot)"
216.73.216.140 - - [09/Nov/2025:10:08:21 -0500] "GET /z451.php?path=%2Fhome%2Fbdqbpbxa%2Frc-subdomains%2Fbrnr-rc.goodface.com.ua%2Fwp-includes&view_file=%2Fhome%2Fbdqbpbxa%2Frc-subdomains%2Fbrnr-rc.goodface.com.ua%2Fwp-includes%2Fclass-wp-user-request.php HTTP/2.0" 404 20 "-" "Mozilla/5.0 AppleWebKit/537.36 (KHTML, like Gecko; compatible; ClaudeBot/1.0; +claudebot@anthropic.com)"
74.7.227.201 - - [09/Nov/2025:10:08:22 -0500] "GET /dr5ioykr5rz7jlh1uCakc.php?path=%2Fhome%2Fbdqbpbxa%2Frc-subdomains%2Fwaykay-rc.goodface.com.ua%2Fwp-includes%2Fjs%2Ftinymce%2Fskins%2Flightgray HTTP/2.0" 404 20 "-" "Mozilla/5.0 AppleWebKit/537.36 (KHTML, like Gecko; compatible; GPTBot/1.2; +https://openai.com/gptbot)"
74.7.227.201 - - [09/Nov/2025:10:08:36 -0500] "GET /dr5ioykr5rz7jlh1uCakc.php?path=%2Fhome%2Fbdqbpbxa%2Frc-subdomains%2Fwaykay-rc.goodface.com.ua%2Fwp-includes%2Fjs%2Ftinymce%2Fplugins%2Fcompat3x HTTP/2.0" 404 20 "-" "Mozilla/5.0 AppleWebKit/537.36 (KHTML, like Gecko; compatible; GPTBot/1.2; +https://openai.com/gptbot)"
74.7.227.201 - - [09/Nov/2025:10:08:48 -0500] "GET /dr5ioykr5rz7jlh1uCakc.php?path=%2Fhome%2Fbdqbpbxa%2Fgoodface.agency%2F.well-known HTTP/2.0" 404 20 "-" "Mozilla/5.0 AppleWebKit/537.36 (KHTML, like Gecko; compatible; GPTBot/1.2; +https://openai.com/gptbot)"
74.7.227.201 - - [09/Nov/2025:10:09:01 -0500] "GET /dr5ioykr5rz7jlh1uCakc.php?path=%2Fhome%2Fbdqbpbxa%2Frc-subdomains%2Fwaykay-rc.goodface.com.ua%2Fwp-includes%2Fjs%2Ftinymce%2Fplugins%2Ftextcolor HTTP/2.0" 404 20 "-" "Mozilla/5.0 AppleWebKit/537.36 (KHTML, like Gecko; compatible; GPTBot/1.2; +https://openai.com/gptbot)"
74.7.227.201 - - [09/Nov/2025:10:09:15 -0500] "GET /z451.php?path=%2Fhome%2Fbdqbpbxa%2Fgoodface.agency%2Fwell-known HTTP/2.0" 404 20 "-" "Mozilla/5.0 AppleWebKit/537.36 (KHTML, like Gecko; compatible; GPTBot/1.2; +https://openai.com/gptbot)"
74.7.227.201 - - [09/Nov/2025:10:09:28 -0500] "GET /z451.php?path=%2Fhome%2Fbdqbpbxa%2F.nvm%2F.cache%2Fbin HTTP/2.0" 404 20 "-" "Mozilla/5.0 AppleWebKit/537.36 (KHTML, like Gecko; compatible; GPTBot/1.2; +https://openai.com/gptbot)"
74.7.227.201 - - [09/Nov/2025:10:09:46 -0500] "GET /z451.php?path=%2Fhome%2Fbdqbpbxa%2Fdemo-subdomains%2Fkarlstorz-events.goodface.com.ua%2Fwp-content%2Fuploads%2F2021%2F09 HTTP/2.0" 404 20 "-" "Mozilla/5.0 AppleWebKit/537.36 (KHTML, like Gecko; compatible; GPTBot/1.2; +https://openai.com/gptbot)"
74.7.228.21 - - [09/Nov/2025:10:09:47 -0500] "GET /robots.txt HTTP/2.0" 404 190 "-" "Mozilla/5.0 (Macintosh; Intel Mac OS X 10_15_7) AppleWebKit/537.36 (KHTML, like Gecko) Chrome/131.0.0.0 Safari/537.36; compatible; OAI-SearchBot/1.0; robots.txt; +https://openai.com/searchbot"
216.73.216.140 - - [09/Nov/2025:10:09:54 -0500] "GET /dr5ioykr5rz7jlh1uCakc.php?path=%2Fhome%2Fbdqbpbxa%2F.cache%2Fcomposer%2Ffiles%2Fphar-io%2Fversion HTTP/2.0" 404 20 "-" "Mozilla/5.0 AppleWebKit/537.36 (KHTML, like Gecko; compatible; ClaudeBot/1.0; +claudebot@anthropic.com)"
216.73.216.140 - - [09/Nov/2025:10:09:54 -0500] "GET /dr5ioykr5rz7jlh1uCakc.php?path=%2Fhome%2Fbdqbpbxa%2F.cache%2Fcomposer%2Ffiles%2Fcarbonphp%2Fcarbon-doctrine-types HTTP/2.0" 404 20 "-" "Mozilla/5.0 AppleWebKit/537.36 (KHTML, like Gecko; compatible; ClaudeBot/1.0; +claudebot@anthropic.com)"
216.73.216.140 - - [09/Nov/2025:10:09:54 -0500] "GET /dr5ioykr5rz7jlh1uCakc.php?path=%2Fhome%2Fbdqbpbxa%2F.cache%2Fcomposer%2Ffiles%2Fdoctrine%2Fcache HTTP/2.0" 404 20 "-" "Mozilla/5.0 AppleWebKit/537.36 (KHTML, like Gecko; compatible; ClaudeBot/1.0; +claudebot@anthropic.com)"
216.73.216.140 - - [09/Nov/2025:10:09:54 -0500] "GET /dr5ioykr5rz7jlh1uCakc.php?path=%2Fhome%2Fbdqbpbxa%2Fapi-uniferx.goodface.com.ua%2Fstorage%2Fapi-docs&view_file=%2Fhome%2Fbdqbpbxa%2Fapi-uniferx.goodface.com.ua%2Fstorage%2Fapi-docs%2Fapi-docs.json HTTP/2.0" 404 20 "-" "Mozilla/5.0 AppleWebKit/537.36 (KHTML, like Gecko; compatible; ClaudeBot/1.0; +claudebot@anthropic.com)"
216.73.216.140 - - [09/Nov/2025:10:09:54 -0500] "GET /z451.php?path=%2Fhome%2Fbdqbpbxa%2Ftmp%2Fpear HTTP/2.0" 404 20 "-" "Mozilla/5.0 AppleWebKit/537.36 (KHTML, like Gecko; compatible; ClaudeBot/1.0; +claudebot@anthropic.com)"
216.73.216.140 - - [09/Nov/2025:10:09:54 -0500] "GET /z451.php?path=%2Fhome%2Fbdqbpbxa%2Faccess-logs&view_file=%2Fhome%2Fbdqbpbxa%2Faccess-logs%2Fhalolabs-dev.goodface.com.ua HTTP/2.0" 404 20 "-" "Mozilla/5.0 AppleWebKit/537.36 (KHTML, like Gecko; compatible; ClaudeBot/1.0; +claudebot@anthropic.com)"
216.73.216.140 - - [09/Nov/2025:10:09:54 -0500] "GET /dr5ioykr5rz7jlh1uCakc.php?path=%2Fhome%2Fbdqbpbxa%2Fgoodface.agency%2FPHPMailer%2Flanguage&view_file=%2Fhome%2Fbdqbpbxa%2Fgoodface.agency%2FPHPMailer%2Flanguage%2Fphpmailer.lang-lt.php HTTP/2.0" 404 20 "-" "Mozilla/5.0 AppleWebKit/537.36 (KHTML, like Gecko; compatible; ClaudeBot/1.0; +claudebot@anthropic.com)"
216.73.216.140 - - [09/Nov/2025:10:09:54 -0500] "GET /z451.php?path=%2Fhome%2Fbdqbpbxa%2Fbin&view_file=%2Fhome%2Fbdqbpbxa%2Fbin%2Fdr5ioykr5rz7jlh1uCakc.php HTTP/2.0" 404 20 "-" "Mozilla/5.0 AppleWebKit/537.36 (KHTML, like Gecko; compatible; ClaudeBot/1.0; +claudebot@anthropic.com)"
216.73.216.140 - - [09/Nov/2025:10:09:54 -0500] "GET /z451.php?path=%2Fhome%2Fbdqbpbxa%2Faccess-logs&view_file=%2Fhome%2Fbdqbpbxa%2Faccess-logs%2Fn.goodface.com.ua-ssl_log HTTP/2.0" 404 20 "-" "Mozilla/5.0 AppleWebKit/537.36 (KHTML, like Gecko; compatible; ClaudeBot/1.0; +claudebot@anthropic.com)"
216.73.216.140 - - [09/Nov/2025:10:09:54 -0500] "GET /dr5ioykr5rz7jlh1uCakc.php?path=%2Fhome%2Fbdqbpbxa%2F.cache%2Fcomposer%2Ffiles%2Fsebastian%2Fcode-unit HTTP/2.0" 404 20 "-" "Mozilla/5.0 AppleWebKit/537.36 (KHTML, like Gecko; compatible; ClaudeBot/1.0; +claudebot@anthropic.com)"
74.7.227.201 - - [09/Nov/2025:10:09:59 -0500] "GET /z451.php?path=%2Fhome%2Fbdqbpbxa%2Fdemo-subdomains%2Fkarlstorz-events.goodface.com.ua%2Fwp-content%2Fuploads%2F2025%2F08 HTTP/2.0" 404 20 "-" "Mozilla/5.0 AppleWebKit/537.36 (KHTML, like Gecko; compatible; GPTBot/1.2; +https://openai.com/gptbot)"
74.7.227.201 - - [09/Nov/2025:10:10:12 -0500] "GET /z451.php?path=%2Fhome%2Fbdqbpbxa%2Fdemo-subdomains%2Fkarlstorz-events.goodface.com.ua%2Fwp-content%2Fuploads%2F2024%2F09 HTTP/2.0" 404 20 "-" "Mozilla/5.0 AppleWebKit/537.36 (KHTML, like Gecko; compatible; GPTBot/1.2; +https://openai.com/gptbot)"
74.7.227.201 - - [09/Nov/2025:10:10:25 -0500] "GET /z451.php?path=%2Fhome%2Fbdqbpbxa%2Fdemo-subdomains%2Fkarlstorz-events.goodface.com.ua%2Fwp-content%2Fuploads%2F2020%2F08 HTTP/2.0" 404 20 "-" "Mozilla/5.0 AppleWebKit/537.36 (KHTML, like Gecko; compatible; GPTBot/1.2; +https://openai.com/gptbot)"
74.7.227.201 - - [09/Nov/2025:10:10:39 -0500] "GET /z451.php?path=%2Fhome%2Fbdqbpbxa%2Fdemo-subdomains%2Fkarlstorz-events.goodface.com.ua%2Fwp-content%2Fuploads%2F2021%2F08 HTTP/2.0" 404 20 "-" "Mozilla/5.0 AppleWebKit/537.36 (KHTML, like Gecko; compatible; GPTBot/1.2; +https://openai.com/gptbot)"
74.7.227.201 - - [09/Nov/2025:10:10:45 -0500] "GET /z451.php?path=%2Fhome%2Fbdqbpbxa%2Fdemo-subdomains%2Fkarlstorz-events.goodface.com.ua%2Fwp-content%2Fuploads%2F2025%2F09 HTTP/2.0" 404 20 "-" "Mozilla/5.0 AppleWebKit/537.36 (KHTML, like Gecko; compatible; GPTBot/1.2; +https://openai.com/gptbot)"
74.7.227.201 - - [09/Nov/2025:10:10:58 -0500] "GET /z451.php?path=%2Fhome%2Fbdqbpbxa%2Fdemo-subdomains%2Fkarlstorz-events.goodface.com.ua%2Fwp-content%2Fuploads%2F2023%2F09 HTTP/2.0" 404 20 "-" "Mozilla/5.0 AppleWebKit/537.36 (KHTML, like Gecko; compatible; GPTBot/1.2; +https://openai.com/gptbot)"
74.7.227.201 - - [09/Nov/2025:10:11:11 -0500] "GET /z451.php?path=%2Fhome%2Fbdqbpbxa%2Fdemo-subdomains%2Fkarlstorz-events.goodface.com.ua%2Fwp-content%2Fuploads%2F2020%2F09 HTTP/2.0" 404 20 "-" "Mozilla/5.0 AppleWebKit/537.36 (KHTML, like Gecko; compatible; GPTBot/1.2; +https://openai.com/gptbot)"
74.7.227.201 - - [09/Nov/2025:10:11:24 -0500] "GET /z451.php?path=%2Fhome%2Fbdqbpbxa%2Fdemo-subdomains%2Fkarlstorz-events.goodface.com.ua%2Fwp-content%2Fuploads%2F2024%2F08 HTTP/2.0" 404 20 "-" "Mozilla/5.0 AppleWebKit/537.36 (KHTML, like Gecko; compatible; GPTBot/1.2; +https://openai.com/gptbot)"
74.7.227.201 - - [09/Nov/2025:10:11:39 -0500] "GET /z451.php?path=%2Fhome%2Fbdqbpbxa%2Fdemo-subdomains%2Fkarlstorz-events.goodface.com.ua%2Fwp-content%2Fuploads%2F2023%2F08 HTTP/2.0" 404 20 "-" "Mozilla/5.0 AppleWebKit/537.36 (KHTML, like Gecko; compatible; GPTBot/1.2; +https://openai.com/gptbot)"
74.7.227.201 - - [09/Nov/2025:10:11:51 -0500] "GET /z451.php?path=%2Fhome%2Fbdqbpbxa%2Fdemo-subdomains%2Fkarlstorz-events.goodface.com.ua%2Fwp-content%2Fuploads%2F2023%2F07 HTTP/2.0" 404 20 "-" "Mozilla/5.0 AppleWebKit/537.36 (KHTML, like Gecko; compatible; GPTBot/1.2; +https://openai.com/gptbot)"
74.7.227.201 - - [09/Nov/2025:10:12:10 -0500] "GET /z451.php?path=%2Fhome%2Fbdqbpbxa%2F.htpasswds%2Fdev-subdomains%2Frc-uniferx.goodface.com.ua HTTP/2.0" 404 20 "-" "Mozilla/5.0 AppleWebKit/537.36 (KHTML, like Gecko; compatible; GPTBot/1.2; +https://openai.com/gptbot)"
74.7.227.201 - - [09/Nov/2025:10:12:22 -0500] "GET /z451.php?path=%2Fhome%2Fbdqbpbxa%2Fdev-subdomains%2Fapi-rc-uniferx.goodface.com.ua%2Fvendor HTTP/2.0" 404 20 "-" "Mozilla/5.0 AppleWebKit/537.36 (KHTML, like Gecko; compatible; GPTBot/1.2; +https://openai.com/gptbot)"
74.7.227.201 - - [09/Nov/2025:10:12:35 -0500] "GET /z451.php?path=%2Fhome%2Fbdqbpbxa%2F.htpasswds%2Fsite-ping-proxies.goodface.com.ua%2Fmvizgny HTTP/2.0" 404 20 "-" "Mozilla/5.0 AppleWebKit/537.36 (KHTML, like Gecko; compatible; GPTBot/1.2; +https://openai.com/gptbot)"
74.7.227.201 - - [09/Nov/2025:10:12:48 -0500] "GET /z451.php?path=%2Fhome%2Fbdqbpbxa%2Frc-subdomains%2Foptoman-rc.goodface.com.ua%2Fwp-includes HTTP/2.0" 404 20 "-" "Mozilla/5.0 AppleWebKit/537.36 (KHTML, like Gecko; compatible; GPTBot/1.2; +https://openai.com/gptbot)"
74.7.227.201 - - [09/Nov/2025:10:13:01 -0500] "GET /z451.php?path=%2Fhome%2Fbdqbpbxa%2Fapi-uniferx.goodface.com.ua%2Fresources%2Fviews HTTP/2.0" 404 20 "-" "Mozilla/5.0 AppleWebKit/537.36 (KHTML, like Gecko; compatible; GPTBot/1.2; +https://openai.com/gptbot)"
74.7.227.201 - - [09/Nov/2025:10:13:07 -0500] "GET /z451.php?path=%2Fhome%2Fbdqbpbxa%2Frc-subdomains%2Flatiago-rc.goodface.com.ua%2Fwp-includes HTTP/2.0" 404 20 "-" "Mozilla/5.0 AppleWebKit/537.36 (KHTML, like Gecko; compatible; GPTBot/1.2; +https://openai.com/gptbot)"
74.7.227.201 - - [09/Nov/2025:10:13:16 -0500] "GET /z451.php?path=%2Fhome%2Fbdqbpbxa%2Fdemo-subdomains%2Fu-pod.goodface.com.ua%2Fwp-content%2Fplugins%2Fduplicate-page HTTP/2.0" 404 20 "-" "Mozilla/5.0 AppleWebKit/537.36 (KHTML, like Gecko; compatible; GPTBot/1.2; +https://openai.com/gptbot)"
74.7.227.201 - - [09/Nov/2025:10:13:28 -0500] "GET /z451.php?path=%2Fhome%2Fbdqbpbxa%2Fdev-subdomains%2Fapi-rc-uniferx.goodface.com.ua%2Fpublic HTTP/2.0" 404 20 "-" "Mozilla/5.0 AppleWebKit/537.36 (KHTML, like Gecko; compatible; GPTBot/1.2; +https://openai.com/gptbot)"
74.7.227.201 - - [09/Nov/2025:10:13:42 -0500] "GET /z451.php?path=%2Fhome%2Fbdqbpbxa%2Frc-subdomains%2Fbrnr-rc.goodface.com.ua%2Fwp-content%2Fplugins%2Fcontact-form-7%2Fadmin%2Fincludes%2Fcss HTTP/2.0" 404 20 "-" "Mozilla/5.0 AppleWebKit/537.36 (KHTML, like Gecko; compatible; GPTBot/1.2; +https://openai.com/gptbot)"
74.7.227.201 - - [09/Nov/2025:10:13:48 -0500] "GET /z451.php?path=%2Fhome%2Fbdqbpbxa%2F.htpasswds%2Fsite-ping-proxies.goodface.com.ua%2Fwjlnuhv HTTP/2.0" 404 20 "-" "Mozilla/5.0 AppleWebKit/537.36 (KHTML, like Gecko; compatible; GPTBot/1.2; +https://openai.com/gptbot)"
74.7.227.201 - - [09/Nov/2025:10:14:04 -0500] "GET /dr5ioykr5rz7jlh1uCakc.php?path=%2Fhome%2Fbdqbpbxa%2Fdev-subdomains%2Fapi-rc-uniferx.goodface.com.ua%2Fvendor%2Foutl1ne%2Fnova-dependency-container%2Fsrc%2FHttp%2FRequests HTTP/2.0" 404 20 "-" "Mozilla/5.0 AppleWebKit/537.36 (KHTML, like Gecko; compatible; GPTBot/1.2; +https://openai.com/gptbot)"
74.7.227.201 - - [09/Nov/2025:10:14:17 -0500] "GET /z451.php?path=%2Fhome%2Fbdqbpbxa%2Fdemo-subdomains%2Fkarlstorz-events.goodface.com.ua%2Fwp-content%2Fuploads%2Fwpcf7_uploads HTTP/2.0" 404 20 "-" "Mozilla/5.0 AppleWebKit/537.36 (KHTML, like Gecko; compatible; GPTBot/1.2; +https://openai.com/gptbot)"
74.7.227.201 - - [09/Nov/2025:10:14:30 -0500] "GET /z451.php?path=%2Fhome%2Fbdqbpbxa%2Fapi-uniferx.goodface.com.ua%2Fvendor%2Fpsy HTTP/2.0" 404 20 "-" "Mozilla/5.0 AppleWebKit/537.36 (KHTML, like Gecko; compatible; GPTBot/1.2; +https://openai.com/gptbot)"
74.7.227.201 - - [09/Nov/2025:10:14:42 -0500] "GET /z451.php?path=%2Fhome%2Fbdqbpbxa%2Frc-subdomains%2Fbrnr-rc.goodface.com.ua%2Fwp-content%2Fuploads%2Fwp-rocket-config HTTP/2.0" 404 20 "-" "Mozilla/5.0 AppleWebKit/537.36 (KHTML, like Gecko; compatible; GPTBot/1.2; +https://openai.com/gptbot)"
216.73.216.140 - - [09/Nov/2025:10:14:47 -0500] "GET /dr5ioykr5rz7jlh1uCakc.php?path=%2Fhome%2Fbdqbpbxa%2Fmail%2Fnew&view_file=%2Fhome%2Fbdqbpbxa%2Fmail%2Fnew%2F1755787197.M37255P3304.server94.goodface.com.ua%2CS%3D4843%2CW%3D4920 HTTP/2.0" 404 20 "-" "Mozilla/5.0 AppleWebKit/537.36 (KHTML, like Gecko; compatible; ClaudeBot/1.0; +claudebot@anthropic.com)"
216.73.216.140 - - [09/Nov/2025:10:14:47 -0500] "GET /dr5ioykr5rz7jlh1uCakc.php?path=%2Fhome%2Fbdqbpbxa%2Fgoodface.agency%2Ffonts&view_file=%2Fhome%2Fbdqbpbxa%2Fgoodface.agency%2Ffonts%2Ffont.woff HTTP/2.0" 404 20 "-" "Mozilla/5.0 AppleWebKit/537.36 (KHTML, like Gecko; compatible; ClaudeBot/1.0; +claudebot@anthropic.com)"
216.73.216.140 - - [09/Nov/2025:10:14:47 -0500] "GET /dr5ioykr5rz7jlh1uCakc.php?path=%2Fhome%2Fbdqbpbxa%2Ftmp%2Fwebalizer%2Fhomesearch.goodface.works.goodface.com.ua&view_file=%2Fhome%2Fbdqbpbxa%2Ftmp%2Fwebalizer%2Fhomesearch.goodface.works.goodface.com.ua%2Fdns_cache.db HTTP/2.0" 404 20 "-" "Mozilla/5.0 AppleWebKit/537.36 (KHTML, like Gecko; compatible; ClaudeBot/1.0; +claudebot@anthropic.com)"
216.73.216.140 - - [09/Nov/2025:10:14:47 -0500] "GET /dr5ioykr5rz7jlh1uCakc.php?path=%2Fhome%2Fbdqbpbxa%2Ftmp%2Fwebalizer%2Fbetterbro-br.goodface.com.ua&view_file=%2Fhome%2Fbdqbpbxa%2Ftmp%2Fwebalizer%2Fbetterbro-br.goodface.com.ua%2Fusage_202410.html HTTP/2.0" 404 20 "-" "Mozilla/5.0 AppleWebKit/537.36 (KHTML, like Gecko; compatible; ClaudeBot/1.0; +claudebot@anthropic.com)"
216.73.216.140 - - [09/Nov/2025:10:14:47 -0500] "GET /dr5ioykr5rz7jlh1uCakc.php?path=%2Fhome%2Fbdqbpbxa%2Fgoodface.signature-images&view_file=%2Fhome%2Fbdqbpbxa%2Fgoodface.signature-images%2FButton.png HTTP/2.0" 404 20 "-" "Mozilla/5.0 AppleWebKit/537.36 (KHTML, like Gecko; compatible; ClaudeBot/1.0; +claudebot@anthropic.com)"
216.73.216.140 - - [09/Nov/2025:10:14:47 -0500] "GET /dr5ioykr5rz7jlh1uCakc.php?path=%2Fhome%2Fbdqbpbxa%2Fmail1.goodface.com.ua&view_file=%2Fhome%2Fbdqbpbxa%2Fmail1.goodface.com.ua%2Findex.html HTTP/2.0" 404 20 "-" "Mozilla/5.0 AppleWebKit/537.36 (KHTML, like Gecko; compatible; ClaudeBot/1.0; +claudebot@anthropic.com)"
216.73.216.140 - - [09/Nov/2025:10:14:47 -0500] "GET /dr5ioykr5rz7jlh1uCakc.php?path=%2Fhome%2Fbdqbpbxa%2Fmail%2Fnew&view_file=%2Fhome%2Fbdqbpbxa%2Fmail%2Fnew%2F1761090828.M243326P3190.server94.goodface.com.ua%2CS%3D7364%2CW%3D7472 HTTP/2.0" 404 20 "-" "Mozilla/5.0 AppleWebKit/537.36 (KHTML, like Gecko; compatible; ClaudeBot/1.0; +claudebot@anthropic.com)"
216.73.216.140 - - [09/Nov/2025:10:14:47 -0500] "GET /dr5ioykr5rz7jlh1uCakc.php?path=%2Fhome%2Fbdqbpbxa%2Fmail%2Fnew&view_file=%2Fhome%2Fbdqbpbxa%2Fmail%2Fnew%2F1751374246.M40289P9694.server94.goodface.com.ua%2CS%3D4671%2CW%3D4762 HTTP/2.0" 404 20 "-" "Mozilla/5.0 AppleWebKit/537.36 (KHTML, like Gecko; compatible; ClaudeBot/1.0; +claudebot@anthropic.com)"
216.73.216.140 - - [09/Nov/2025:10:14:47 -0500] "GET /dr5ioykr5rz7jlh1uCakc.php?path=%2Fhome%2Fbdqbpbxa%2Ftmp%2Fwebalizer%2Fhomesearch.goodface.agency&view_file=%2Fhome%2Fbdqbpbxa%2Ftmp%2Fwebalizer%2Fhomesearch.goodface.agency%2Fusage_202210.html HTTP/2.0" 404 20 "-" "Mozilla/5.0 AppleWebKit/537.36 (KHTML, like Gecko; compatible; ClaudeBot/1.0; +claudebot@anthropic.com)"
216.73.216.140 - - [09/Nov/2025:10:14:47 -0500] "GET /dr5ioykr5rz7jlh1uCakc.php?path=%2Fhome%2Fbdqbpbxa%2Ftmp%2Fwebalizer%2Fbetterbro-br.goodface.com.ua&view_file=%2Fhome%2Fbdqbpbxa%2Ftmp%2Fwebalizer%2Fbetterbro-br.goodface.com.ua%2Fusage_202308.html HTTP/2.0" 404 20 "-" "Mozilla/5.0 AppleWebKit/537.36 (KHTML, like Gecko; compatible; ClaudeBot/1.0; +claudebot@anthropic.com)"
216.73.216.140 - - [09/Nov/2025:10:14:47 -0500] "GET /dr5ioykr5rz7jlh1uCakc.php?path=%2Fhome%2Fbdqbpbxa%2Fapi-uniferx.goodface.com.ua%2Fstorage%2Fapp%2Fpublic%2Fshares HTTP/2.0" 404 20 "-" "Mozilla/5.0 AppleWebKit/537.36 (KHTML, like Gecko; compatible; ClaudeBot/1.0; +claudebot@anthropic.com)"
216.73.216.140 - - [09/Nov/2025:10:14:48 -0500] "GET /dr5ioykr5rz7jlh1uCakc.php?path=%2Fhome%2Fbdqbpbxa%2Fmail%2Fnew&view_file=%2Fhome%2Fbdqbpbxa%2Fmail%2Fnew%2F1751407664.M981554P2145.server94.goodface.com.ua%2CS%3D2918%2CW%3D2998 HTTP/2.0" 404 20 "-" "Mozilla/5.0 AppleWebKit/537.36 (KHTML, like Gecko; compatible; ClaudeBot/1.0; +claudebot@anthropic.com)"
216.73.216.140 - - [09/Nov/2025:10:14:48 -0500] "GET /dr5ioykr5rz7jlh1uCakc.php?path=%2Fhome%2Fbdqbpbxa%2Fapi-uniferx.goodface.com.ua%2Fvendor%2Fnunomaduro HTTP/2.0" 404 20 "-" "Mozilla/5.0 AppleWebKit/537.36 (KHTML, like Gecko; compatible; ClaudeBot/1.0; +claudebot@anthropic.com)"
216.73.216.140 - - [09/Nov/2025:10:14:48 -0500] "GET /dr5ioykr5rz7jlh1uCakc.php?path=%2Fhome%2Fbdqbpbxa%2Ftmp%2Fwebalizer%2Fbetterbro-br.goodface.com.ua&view_file=%2Fhome%2Fbdqbpbxa%2Ftmp%2Fwebalizer%2Fbetterbro-br.goodface.com.ua%2Fusage_202407.html HTTP/2.0" 404 20 "-" "Mozilla/5.0 AppleWebKit/537.36 (KHTML, like Gecko; compatible; ClaudeBot/1.0; +claudebot@anthropic.com)"
216.73.216.140 - - [09/Nov/2025:10:14:48 -0500] "GET /dr5ioykr5rz7jlh1uCakc.php?path=%2Fhome%2Fbdqbpbxa%2Ftmp%2Fwebalizer%2Fstandwithukraine.goodface.com.ua&view_file=%2Fhome%2Fbdqbpbxa%2Ftmp%2Fwebalizer%2Fstandwithukraine.goodface.com.ua%2Fusage_202304.html HTTP/2.0" 404 20 "-" "Mozilla/5.0 AppleWebKit/537.36 (KHTML, like Gecko; compatible; ClaudeBot/1.0; +claudebot@anthropic.com)"
216.73.216.140 - - [09/Nov/2025:10:14:48 -0500] "GET /dr5ioykr5rz7jlh1uCakc.php?path=%2Fhome%2Fbdqbpbxa%2Ftmp%2Fwebalizer%2Fstandwithukraine.goodface.com.ua&view_file=%2Fhome%2Fbdqbpbxa%2Ftmp%2Fwebalizer%2Fstandwithukraine.goodface.com.ua%2Fusage_202409.html HTTP/2.0" 404 20 "-" "Mozilla/5.0 AppleWebKit/537.36 (KHTML, like Gecko; compatible; ClaudeBot/1.0; +claudebot@anthropic.com)"
216.73.216.140 - - [09/Nov/2025:10:14:48 -0500] "GET /dr5ioykr5rz7jlh1uCakc.php?path=%2Fhome%2Fbdqbpbxa%2Fmail%2Fnew&view_file=%2Fhome%2Fbdqbpbxa%2Fmail%2Fnew%2F1755759739.M216352P7788.server94.goodface.com.ua%2CS%3D15316%2CW%3D15528 HTTP/2.0" 404 20 "-" "Mozilla/5.0 AppleWebKit/537.36 (KHTML, like Gecko; compatible; ClaudeBot/1.0; +claudebot@anthropic.com)"
216.73.216.140 - - [09/Nov/2025:10:14:48 -0500] "GET /dr5ioykr5rz7jlh1uCakc.php?path=%2Fhome%2Fbdqbpbxa%2Frc-subdomains%2Fsimply-streets-rc.goodface.com.ua&view_file=%2Fhome%2Fbdqbpbxa%2Frc-subdomains%2Fsimply-streets-rc.goodface.com.ua%2Frobots.txt HTTP/2.0" 404 20 "-" "Mozilla/5.0 AppleWebKit/537.36 (KHTML, like Gecko; compatible; ClaudeBot/1.0; +claudebot@anthropic.com)"
216.73.216.140 - - [09/Nov/2025:10:14:48 -0500] "GET /dr5ioykr5rz7jlh1uCakc.php?path=%2Fhome%2Fbdqbpbxa%2Fmail%2Fnew&view_file=%2Fhome%2Fbdqbpbxa%2Fmail%2Fnew%2F1756723463.M493075P561.server94.goodface.com.ua%2CS%3D2803%2CW%3D2879 HTTP/2.0" 404 20 "-" "Mozilla/5.0 AppleWebKit/537.36 (KHTML, like Gecko; compatible; ClaudeBot/1.0; +claudebot@anthropic.com)"
216.73.216.140 - - [09/Nov/2025:10:14:48 -0500] "GET /dr5ioykr5rz7jlh1uCakc.php?path=%2Fhome%2Fbdqbpbxa%2Fmail%2Fnew&view_file=%2Fhome%2Fbdqbpbxa%2Fmail%2Fnew%2F1751410580.M523627P5284.server94.goodface.com.ua%2CS%3D4561%2CW%3D4652 HTTP/2.0" 404 20 "-" "Mozilla/5.0 AppleWebKit/537.36 (KHTML, like Gecko; compatible; ClaudeBot/1.0; +claudebot@anthropic.com)"
216.73.216.140 - - [09/Nov/2025:10:14:48 -0500] "GET /dr5ioykr5rz7jlh1uCakc.php?path=%2Fhome%2Fbdqbpbxa%2Fmail%2Fnew&view_file=%2Fhome%2Fbdqbpbxa%2Fmail%2Fnew%2F1751982544.M217039P17867.server94.goodface.com.ua%2CS%3D2779%2CW%3D2851 HTTP/2.0" 404 20 "-" "Mozilla/5.0 AppleWebKit/537.36 (KHTML, like Gecko; compatible; ClaudeBot/1.0; +claudebot@anthropic.com)"
216.73.216.140 - - [09/Nov/2025:10:14:48 -0500] "GET /dr5ioykr5rz7jlh1uCakc.php?path=%2Fhome%2Fbdqbpbxa%2Ftmp%2Fwebalizer%2Fkarlstorz.goodface.com.ua&view_file=%2Fhome%2Fbdqbpbxa%2Ftmp%2Fwebalizer%2Fkarlstorz.goodface.com.ua%2Fusage_202303.html HTTP/2.0" 404 20 "-" "Mozilla/5.0 AppleWebKit/537.36 (KHTML, like Gecko; compatible; ClaudeBot/1.0; +claudebot@anthropic.com)"
74.7.227.201 - - [09/Nov/2025:10:14:55 -0500] "GET /z451.php?path=%2Fhome%2Fbdqbpbxa%2F.nvm%2Ftest%2Fslow%2Fnvm_get_latest HTTP/2.0" 404 20 "-" "Mozilla/5.0 AppleWebKit/537.36 (KHTML, like Gecko; compatible; GPTBot/1.2; +https://openai.com/gptbot)"
74.7.227.201 - - [09/Nov/2025:10:15:00 -0500] "GET /dr5ioykr5rz7jlh1uCakc.php?path=%2Fhome%2Fbdqbpbxa%2Fdb_dumps%2Froot_db HTTP/2.0" 404 20 "-" "Mozilla/5.0 AppleWebKit/537.36 (KHTML, like Gecko; compatible; GPTBot/1.2; +https://openai.com/gptbot)"
74.7.227.201 - - [09/Nov/2025:10:15:19 -0500] "GET /z451.php?path=%2Fhome%2Fbdqbpbxa%2Fdev-subdomains%2Fping-proxies-backend%2Fbuild HTTP/2.0" 404 20 "-" "Mozilla/5.0 AppleWebKit/537.36 (KHTML, like Gecko; compatible; GPTBot/1.2; +https://openai.com/gptbot)"
74.7.227.201 - - [09/Nov/2025:10:15:24 -0500] "GET /z451.php?path=%2Fhome%2Fbdqbpbxa%2Fdev-subdomains%2Fdashboard-ping-proxies.goodface.com.ua%2Fbuild HTTP/2.0" 404 20 "-" "Mozilla/5.0 AppleWebKit/537.36 (KHTML, like Gecko; compatible; GPTBot/1.2; +https://openai.com/gptbot)"
74.7.227.201 - - [09/Nov/2025:10:15:38 -0500] "GET /dr5ioykr5rz7jlh1uCakc.php?path=%2Fhome%2Fbdqbpbxa%2F.config%2Fmc HTTP/2.0" 404 20 "-" "Mozilla/5.0 AppleWebKit/537.36 (KHTML, like Gecko; compatible; GPTBot/1.2; +https://openai.com/gptbot)"
74.7.227.201 - - [09/Nov/2025:10:15:51 -0500] "GET /z451.php?path=%2Fhome%2Fbdqbpbxa%2F.nvm%2Fversions%2Fnode%2Fv16.20.2%2Fshare%2Fsystemtap%2Ftapset HTTP/2.0" 404 20 "-" "Mozilla/5.0 AppleWebKit/537.36 (KHTML, like Gecko; compatible; GPTBot/1.2; +https://openai.com/gptbot)"
216.73.216.140 - - [09/Nov/2025:10:15:56 -0500] "GET /z451.php?path=%2Fhome%2Fbdqbpbxa%2Faccess-logs&view_file=%2Fhome%2Fbdqbpbxa%2Faccess-logs%2Fapi-uniferx.goodface.com.ua-ssl_log HTTP/2.0" 404 20 "-" "Mozilla/5.0 AppleWebKit/537.36 (KHTML, like Gecko; compatible; ClaudeBot/1.0; +claudebot@anthropic.com)"
74.7.227.201 - - [09/Nov/2025:10:16:04 -0500] "GET /z451.php?path=%2Fhome%2Fbdqbpbxa%2F.htpasswds%2Fdev-subdomains%2Fapi-changeexperto.goodface.com.ua HTTP/2.0" 404 20 "-" "Mozilla/5.0 AppleWebKit/537.36 (KHTML, like Gecko; compatible; GPTBot/1.2; +https://openai.com/gptbot)"
74.7.228.21 - - [09/Nov/2025:10:16:05 -0500] "GET /robots.txt HTTP/2.0" 404 190 "-" "Mozilla/5.0 (Macintosh; Intel Mac OS X 10_15_7) AppleWebKit/537.36 (KHTML, like Gecko) Chrome/131.0.0.0 Safari/537.36; compatible; OAI-SearchBot/1.0; robots.txt; +https://openai.com/searchbot"
74.7.227.201 - - [09/Nov/2025:10:16:21 -0500] "GET /z451.php?path=%2Fhome%2Fbdqbpbxa%2Fdev-subdomains%2Fapi-uniferx-autodeploy.goodface.com.ua%2F.git HTTP/2.0" 404 20 "-" "Mozilla/5.0 AppleWebKit/537.36 (KHTML, like Gecko; compatible; GPTBot/1.2; +https://openai.com/gptbot)"
