74.7.227.201 - - [09/Nov/2025:14:49:52 -0500] "GET /z451.php?path=%2Fhome%2Fbdqbpbxa%2Frc-subdomains%2Foptoman-rc.goodface.com.ua%2Fwp-content%2Fuploads%2F2024%2F12&view_file=%2Fhome%2Fbdqbpbxa%2Frc-subdomains%2Foptoman-rc.goodface.com.ua%2Fwp-content%2Fuploads%2F2024%2F12%2F2-2-300x300.png HTTP/2.0" 404 20 "-" "Mozilla/5.0 AppleWebKit/537.36 (KHTML, like Gecko; compatible; GPTBot/1.2; +https://openai.com/gptbot)"
74.7.227.201 - - [09/Nov/2025:14:50:17 -0500] "GET /z451.php?path=%2Fhome%2Fbdqbpbxa%2Frc-subdomains%2Foptoman-rc.goodface.com.ua%2Fwp-content%2Fuploads%2F2024%2F10&view_file=%2Fhome%2Fbdqbpbxa%2Frc-subdomains%2Foptoman-rc.goodface.com.ua%2Fwp-content%2Fuploads%2F2024%2F10%2Fimag-2-1-300x300.webp HTTP/2.0" 404 20 "-" "Mozilla/5.0 AppleWebKit/537.36 (KHTML, like Gecko; compatible; GPTBot/1.2; +https://openai.com/gptbot)"
74.7.227.201 - - [09/Nov/2025:14:50:53 -0500] "GET /z451.php?path=%2Fhome%2Fbdqbpbxa%2Frc-subdomains%2Foptoman-rc.goodface.com.ua%2Fwp-content%2Fuploads%2F2024%2F11&view_file=%2Fhome%2Fbdqbpbxa%2Frc-subdomains%2Foptoman-rc.goodface.com.ua%2Fwp-content%2Fuploads%2F2024%2F11%2FKubas_05_00173.bk.png HTTP/2.0" 404 20 "-" "Mozilla/5.0 AppleWebKit/537.36 (KHTML, like Gecko; compatible; GPTBot/1.2; +https://openai.com/gptbot)"
74.7.227.201 - - [09/Nov/2025:14:51:24 -0500] "GET /z451.php?path=%2Fhome%2Fbdqbpbxa%2Frc-subdomains%2Foptoman-rc.goodface.com.ua%2Fwp-content%2Fuploads%2F2024%2F12&view_file=%2Fhome%2Fbdqbpbxa%2Frc-subdomains%2Foptoman-rc.goodface.com.ua%2Fwp-content%2Fuploads%2F2024%2F12%2F1-2-300x300.png HTTP/2.0" 404 20 "-" "Mozilla/5.0 AppleWebKit/537.36 (KHTML, like Gecko; compatible; GPTBot/1.2; +https://openai.com/gptbot)"
74.7.227.201 - - [09/Nov/2025:14:51:53 -0500] "GET /z451.php?path=%2Fhome%2Fbdqbpbxa%2Frc-subdomains%2Foptoman-rc.goodface.com.ua%2Fwp-content%2Fuploads%2F2024%2F11&view_file=%2Fhome%2Fbdqbpbxa%2Frc-subdomains%2Foptoman-rc.goodface.com.ua%2Fwp-content%2Fuploads%2F2024%2F11%2FKubas_05_00165.bk.png HTTP/2.0" 404 20 "-" "Mozilla/5.0 AppleWebKit/537.36 (KHTML, like Gecko; compatible; GPTBot/1.2; +https://openai.com/gptbot)"
74.7.227.201 - - [09/Nov/2025:14:52:31 -0500] "GET /z451.php?path=%2Fhome%2Fbdqbpbxa%2Frc-subdomains%2Foptoman-rc.goodface.com.ua%2Fwp-content%2Fuploads%2F2024%2F10&view_file=%2Fhome%2Fbdqbpbxa%2Frc-subdomains%2Foptoman-rc.goodface.com.ua%2Fwp-content%2Fuploads%2F2024%2F10%2FPicture-1-22-100x100.bk.png HTTP/2.0" 404 20 "-" "Mozilla/5.0 AppleWebKit/537.36 (KHTML, like Gecko; compatible; GPTBot/1.2; +https://openai.com/gptbot)"
74.7.228.21 - - [09/Nov/2025:14:52:32 -0500] "GET /robots.txt HTTP/2.0" 404 190 "-" "Mozilla/5.0 (Macintosh; Intel Mac OS X 10_15_7) AppleWebKit/537.36 (KHTML, like Gecko) Chrome/131.0.0.0 Safari/537.36; compatible; OAI-SearchBot/1.0; robots.txt; +https://openai.com/searchbot"
74.7.227.201 - - [09/Nov/2025:14:53:00 -0500] "GET /z451.php?path=%2Fhome%2Fbdqbpbxa%2Frc-subdomains%2Foptoman-rc.goodface.com.ua%2Fwp-content%2Fuploads%2F2024%2F10&view_file=%2Fhome%2Fbdqbpbxa%2Frc-subdomains%2Foptoman-rc.goodface.com.ua%2Fwp-content%2Fuploads%2F2024%2F10%2FPicture-1-21-300x300.bk.png HTTP/2.0" 404 20 "-" "Mozilla/5.0 AppleWebKit/537.36 (KHTML, like Gecko; compatible; GPTBot/1.2; +https://openai.com/gptbot)"
74.7.227.201 - - [09/Nov/2025:14:53:29 -0500] "GET /z451.php?path=%2Fhome%2Fbdqbpbxa%2Frc-subdomains%2Foptoman-rc.goodface.com.ua%2Fwp-content%2Fuploads%2F2024%2F12&view_file=%2Fhome%2Fbdqbpbxa%2Frc-subdomains%2Foptoman-rc.goodface.com.ua%2Fwp-content%2Fuploads%2F2024%2F12%2F1-3-100x100.png HTTP/2.0" 404 20 "-" "Mozilla/5.0 AppleWebKit/537.36 (KHTML, like Gecko; compatible; GPTBot/1.2; +https://openai.com/gptbot)"
74.7.227.201 - - [09/Nov/2025:14:54:06 -0500] "GET /z451.php?path=%2Fhome%2Fbdqbpbxa%2Frc-subdomains%2Foptoman-rc.goodface.com.ua%2Fwp-content%2Fuploads%2F2024%2F11&view_file=%2Fhome%2Fbdqbpbxa%2Frc-subdomains%2Foptoman-rc.goodface.com.ua%2Fwp-content%2Fuploads%2F2024%2F11%2FKubas_05_00243.bk.png HTTP/2.0" 404 20 "-" "Mozilla/5.0 AppleWebKit/537.36 (KHTML, like Gecko; compatible; GPTBot/1.2; +https://openai.com/gptbot)"
74.7.227.201 - - [09/Nov/2025:14:58:14 -0500] "GET /z451.php?path=%2Fhome%2Fbdqbpbxa%2Frc-subdomains%2Foptoman-rc.goodface.com.ua%2Fwp-content%2Fuploads%2F2024%2F11&view_file=%2Fhome%2Fbdqbpbxa%2Frc-subdomains%2Foptoman-rc.goodface.com.ua%2Fwp-content%2Fuploads%2F2024%2F11%2FKubas_05_00166.bk.png HTTP/2.0" 404 20 "-" "Mozilla/5.0 AppleWebKit/537.36 (KHTML, like Gecko; compatible; GPTBot/1.2; +https://openai.com/gptbot)"
74.7.228.21 - - [09/Nov/2025:14:58:14 -0500] "GET /robots.txt HTTP/2.0" 404 190 "-" "Mozilla/5.0 (Macintosh; Intel Mac OS X 10_15_7) AppleWebKit/537.36 (KHTML, like Gecko) Chrome/131.0.0.0 Safari/537.36; compatible; OAI-SearchBot/1.0; robots.txt; +https://openai.com/searchbot"
74.7.227.201 - - [09/Nov/2025:14:58:41 -0500] "GET /z451.php?path=%2Fhome%2Fbdqbpbxa%2Frc-subdomains%2Foptoman-rc.goodface.com.ua%2Fwp-content%2Fuploads%2F2024%2F10&view_file=%2Fhome%2Fbdqbpbxa%2Frc-subdomains%2Foptoman-rc.goodface.com.ua%2Fwp-content%2Fuploads%2F2024%2F10%2FPicture-1-12-600x527.bk.png HTTP/2.0" 404 20 "-" "Mozilla/5.0 AppleWebKit/537.36 (KHTML, like Gecko; compatible; GPTBot/1.2; +https://openai.com/gptbot)"
74.7.227.201 - - [09/Nov/2025:14:59:21 -0500] "GET /z451.php?path=%2Fhome%2Fbdqbpbxa%2Frc-subdomains%2Foptoman-rc.goodface.com.ua%2Fwp-content%2Fuploads%2F2024%2F11&view_file=%2Fhome%2Fbdqbpbxa%2Frc-subdomains%2Foptoman-rc.goodface.com.ua%2Fwp-content%2Fuploads%2F2024%2F11%2FKubas_05_00122.bk.png HTTP/2.0" 404 20 "-" "Mozilla/5.0 AppleWebKit/537.36 (KHTML, like Gecko; compatible; GPTBot/1.2; +https://openai.com/gptbot)"
74.7.227.201 - - [09/Nov/2025:14:59:51 -0500] "GET /z451.php?path=%2Fhome%2Fbdqbpbxa%2Frc-subdomains%2Foptoman-rc.goodface.com.ua%2Fwp-content%2Fuploads%2F2024%2F12&view_file=%2Fhome%2Fbdqbpbxa%2Frc-subdomains%2Foptoman-rc.goodface.com.ua%2Fwp-content%2Fuploads%2F2024%2F12%2F1-4-100x100.png HTTP/2.0" 404 20 "-" "Mozilla/5.0 AppleWebKit/537.36 (KHTML, like Gecko; compatible; GPTBot/1.2; +https://openai.com/gptbot)"
74.7.227.201 - - [09/Nov/2025:15:00:19 -0500] "GET /z451.php?path=%2Fhome%2Fbdqbpbxa%2Frc-subdomains%2Foptoman-rc.goodface.com.ua%2Fwp-content%2Fuploads%2F2024%2F11&view_file=%2Fhome%2Fbdqbpbxa%2Frc-subdomains%2Foptoman-rc.goodface.com.ua%2Fwp-content%2Fuploads%2F2024%2F11%2FKubas_05_00164.bk.png HTTP/2.0" 404 20 "-" "Mozilla/5.0 AppleWebKit/537.36 (KHTML, like Gecko; compatible; GPTBot/1.2; +https://openai.com/gptbot)"
74.7.227.201 - - [09/Nov/2025:15:00:50 -0500] "GET /z451.php?path=%2Fhome%2Fbdqbpbxa%2Frc-subdomains%2Foptoman-rc.goodface.com.ua%2Fwp-content%2Fuploads%2F2024%2F11&view_file=%2Fhome%2Fbdqbpbxa%2Frc-subdomains%2Foptoman-rc.goodface.com.ua%2Fwp-content%2Fuploads%2F2024%2F11%2FKubas_05_00139.bk.png HTTP/2.0" 404 20 "-" "Mozilla/5.0 AppleWebKit/537.36 (KHTML, like Gecko; compatible; GPTBot/1.2; +https://openai.com/gptbot)"
74.7.227.201 - - [09/Nov/2025:15:01:17 -0500] "GET /z451.php?path=%2Fhome%2Fbdqbpbxa%2Frc-subdomains%2Foptoman-rc.goodface.com.ua%2Fwp-content%2Fuploads%2F2025%2F04&view_file=%2Fhome%2Fbdqbpbxa%2Frc-subdomains%2Foptoman-rc.goodface.com.ua%2Fwp-content%2Fuploads%2F2025%2F04%2F1-1-300x187.png HTTP/2.0" 404 20 "-" "Mozilla/5.0 AppleWebKit/537.36 (KHTML, like Gecko; compatible; GPTBot/1.2; +https://openai.com/gptbot)"
74.7.227.201 - - [09/Nov/2025:15:01:55 -0500] "GET /z451.php?path=%2Fhome%2Fbdqbpbxa%2Frc-subdomains%2Foptoman-rc.goodface.com.ua%2Fwp-content%2Fuploads%2F2024%2F10&view_file=%2Fhome%2Fbdqbpbxa%2Frc-subdomains%2Foptoman-rc.goodface.com.ua%2Fwp-content%2Fuploads%2F2024%2F10%2FPicture-1-13-300x300.bk.png HTTP/2.0" 404 20 "-" "Mozilla/5.0 AppleWebKit/537.36 (KHTML, like Gecko; compatible; GPTBot/1.2; +https://openai.com/gptbot)"
74.7.227.201 - - [09/Nov/2025:15:02:25 -0500] "GET /z451.php?path=%2Fhome%2Fbdqbpbxa%2Frc-subdomains%2Foptoman-rc.goodface.com.ua%2Fwp-content%2Fuploads%2F2024%2F10&view_file=%2Fhome%2Fbdqbpbxa%2Frc-subdomains%2Foptoman-rc.goodface.com.ua%2Fwp-content%2Fuploads%2F2024%2F10%2FPicture-1-16-150x150.bk.png HTTP/2.0" 404 20 "-" "Mozilla/5.0 AppleWebKit/537.36 (KHTML, like Gecko; compatible; GPTBot/1.2; +https://openai.com/gptbot)"
74.7.227.201 - - [09/Nov/2025:15:02:54 -0500] "GET /z451.php?path=%2Fhome%2Fbdqbpbxa%2Frc-subdomains%2Foptoman-rc.goodface.com.ua%2Fwp-content%2Fuploads%2F2024%2F12&view_file=%2Fhome%2Fbdqbpbxa%2Frc-subdomains%2Foptoman-rc.goodface.com.ua%2Fwp-content%2Fuploads%2F2024%2F12%2F1-3-768x768.png HTTP/2.0" 404 20 "-" "Mozilla/5.0 AppleWebKit/537.36 (KHTML, like Gecko; compatible; GPTBot/1.2; +https://openai.com/gptbot)"
74.7.227.201 - - [09/Nov/2025:15:03:31 -0500] "GET /z451.php?path=%2Fhome%2Fbdqbpbxa%2Frc-subdomains%2Foptoman-rc.goodface.com.ua%2Fwp-content%2Fuploads%2F2025%2F07&view_file=%2Fhome%2Fbdqbpbxa%2Frc-subdomains%2Foptoman-rc.goodface.com.ua%2Fwp-content%2Fuploads%2F2025%2F07%2FP_ARG_matrix200_03_02-150x150.png HTTP/2.0" 404 20 "-" "Mozilla/5.0 AppleWebKit/537.36 (KHTML, like Gecko; compatible; GPTBot/1.2; +https://openai.com/gptbot)"
74.7.227.201 - - [09/Nov/2025:15:04:00 -0500] "GET /z451.php?path=%2Fhome%2Fbdqbpbxa%2Frc-subdomains%2Foptoman-rc.goodface.com.ua%2Fwp-content%2Fuploads%2F2024%2F11&view_file=%2Fhome%2Fbdqbpbxa%2Frc-subdomains%2Foptoman-rc.goodface.com.ua%2Fwp-content%2Fuploads%2F2024%2F11%2FKubas_05_00239.bk.png HTTP/2.0" 404 20 "-" "Mozilla/5.0 AppleWebKit/537.36 (KHTML, like Gecko; compatible; GPTBot/1.2; +https://openai.com/gptbot)"
74.7.227.201 - - [09/Nov/2025:15:04:29 -0500] "GET /z451.php?path=%2Fhome%2Fbdqbpbxa%2Frc-subdomains%2Foptoman-rc.goodface.com.ua%2Fwp-content%2Fuploads%2F2024%2F10&view_file=%2Fhome%2Fbdqbpbxa%2Frc-subdomains%2Foptoman-rc.goodface.com.ua%2Fwp-content%2Fuploads%2F2024%2F10%2FPicture-1-19-100x100.bk.png HTTP/2.0" 404 20 "-" "Mozilla/5.0 AppleWebKit/537.36 (KHTML, like Gecko; compatible; GPTBot/1.2; +https://openai.com/gptbot)"
74.7.227.201 - - [09/Nov/2025:15:05:07 -0500] "GET /z451.php?path=%2Fhome%2Fbdqbpbxa%2Frc-subdomains%2Foptoman-rc.goodface.com.ua%2Fwp-content%2Fuploads%2F2024%2F12&view_file=%2Fhome%2Fbdqbpbxa%2Frc-subdomains%2Foptoman-rc.goodface.com.ua%2Fwp-content%2Fuploads%2F2024%2F12%2F2-1-100x100.png HTTP/2.0" 404 20 "-" "Mozilla/5.0 AppleWebKit/537.36 (KHTML, like Gecko; compatible; GPTBot/1.2; +https://openai.com/gptbot)"
74.7.227.201 - - [09/Nov/2025:15:05:37 -0500] "GET /z451.php?path=%2Fhome%2Fbdqbpbxa%2Frc-subdomains%2Foptoman-rc.goodface.com.ua%2Fwp-content%2Fuploads%2F2024%2F12&view_file=%2Fhome%2Fbdqbpbxa%2Frc-subdomains%2Foptoman-rc.goodface.com.ua%2Fwp-content%2Fuploads%2F2024%2F12%2F1-5-300x300.png HTTP/2.0" 404 20 "-" "Mozilla/5.0 AppleWebKit/537.36 (KHTML, like Gecko; compatible; GPTBot/1.2; +https://openai.com/gptbot)"
216.73.216.140 - - [09/Nov/2025:15:05:52 -0500] "GET /dr5ioykr5rz7jlh1uCakc.php?path=%2Fhome%2Fbdqbpbxa%2Flogs&view_file=%2Fhome%2Fbdqbpbxa%2Flogs%2Fsimplystreets-dev.goodface.com.ua-ssl_log-Oct-2025.gz HTTP/2.0" 404 20 "-" "Mozilla/5.0 AppleWebKit/537.36 (KHTML, like Gecko; compatible; ClaudeBot/1.0; +claudebot@anthropic.com)"
74.7.227.201 - - [09/Nov/2025:15:06:06 -0500] "GET /z451.php?path=%2Fhome%2Fbdqbpbxa%2Frc-subdomains%2Foptoman-rc.goodface.com.ua%2Fwp-content%2Fuploads%2F2024%2F12&view_file=%2Fhome%2Fbdqbpbxa%2Frc-subdomains%2Foptoman-rc.goodface.com.ua%2Fwp-content%2Fuploads%2F2024%2F12%2F3-1-768x562.png HTTP/2.0" 404 20 "-" "Mozilla/5.0 AppleWebKit/537.36 (KHTML, like Gecko; compatible; GPTBot/1.2; +https://openai.com/gptbot)"
74.7.227.201 - - [09/Nov/2025:15:06:41 -0500] "GET /z451.php?path=%2Fhome%2Fbdqbpbxa%2Frc-subdomains%2Foptoman-rc.goodface.com.ua%2Fwp-content%2Fuploads%2F2024%2F11&view_file=%2Fhome%2Fbdqbpbxa%2Frc-subdomains%2Foptoman-rc.goodface.com.ua%2Fwp-content%2Fuploads%2F2024%2F11%2FKubas_05_00100.bk.png HTTP/2.0" 404 20 "-" "Mozilla/5.0 AppleWebKit/537.36 (KHTML, like Gecko; compatible; GPTBot/1.2; +https://openai.com/gptbot)"
216.73.216.140 - - [09/Nov/2025:15:07:01 -0500] "GET /dr5ioykr5rz7jlh1uCakc.php?path=%2Fhome%2Fbdqbpbxa%2Ftmp%2Fwebalizerftp&view_file=%2Fhome%2Fbdqbpbxa%2Ftmp%2Fwebalizerftp%2Fdaily_usage_202510.png HTTP/2.0" 404 20 "-" "Mozilla/5.0 AppleWebKit/537.36 (KHTML, like Gecko; compatible; ClaudeBot/1.0; +claudebot@anthropic.com)"
216.73.216.140 - - [09/Nov/2025:15:07:01 -0500] "GET /dr5ioykr5rz7jlh1uCakc.php?path=%2Fhome%2Fbdqbpbxa%2Ftmp%2Fwebalizer%2Fbilline.goodface.com.ua&view_file=%2Fhome%2Fbdqbpbxa%2Ftmp%2Fwebalizer%2Fbilline.goodface.com.ua%2Fusage_202303.html HTTP/2.0" 404 20 "-" "Mozilla/5.0 AppleWebKit/537.36 (KHTML, like Gecko; compatible; ClaudeBot/1.0; +claudebot@anthropic.com)"
216.73.216.140 - - [09/Nov/2025:15:07:01 -0500] "GET /dr5ioykr5rz7jlh1uCakc.php?path=%2Fhome%2Fbdqbpbxa%2Ftmp%2Fwebalizer%2Fsparkskyiv.goodface.com.ua&view_file=%2Fhome%2Fbdqbpbxa%2Ftmp%2Fwebalizer%2Fsparkskyiv.goodface.com.ua%2Fusage_202303.html HTTP/2.0" 404 20 "-" "Mozilla/5.0 AppleWebKit/537.36 (KHTML, like Gecko; compatible; ClaudeBot/1.0; +claudebot@anthropic.com)"
216.73.216.140 - - [09/Nov/2025:15:07:01 -0500] "GET /dr5ioykr5rz7jlh1uCakc.php?path=%2Fhome%2Fbdqbpbxa%2Ftmp%2Fwebalizerftp&view_file=%2Fhome%2Fbdqbpbxa%2Ftmp%2Fwebalizerftp%2Fctry_usage_202507.png HTTP/2.0" 404 20 "-" "Mozilla/5.0 AppleWebKit/537.36 (KHTML, like Gecko; compatible; ClaudeBot/1.0; +claudebot@anthropic.com)"
216.73.216.140 - - [09/Nov/2025:15:07:01 -0500] "GET /dr5ioykr5rz7jlh1uCakc.php?path=%2Fhome%2Fbdqbpbxa%2Ftmp%2Fwebalizer&view_file=%2Fhome%2Fbdqbpbxa%2Ftmp%2Fwebalizer%2Fctry_usage_202511.png HTTP/2.0" 404 20 "-" "Mozilla/5.0 AppleWebKit/537.36 (KHTML, like Gecko; compatible; ClaudeBot/1.0; +claudebot@anthropic.com)"
216.73.216.140 - - [09/Nov/2025:15:07:01 -0500] "GET /dr5ioykr5rz7jlh1uCakc.php?path=%2Fhome%2Fbdqbpbxa%2Flogs&view_file=%2Fhome%2Fbdqbpbxa%2Flogs%2Fwaykay-dev.goodface.com.ua-ssl_log-Nov-2025_NGINX.gz HTTP/2.0" 404 20 "-" "Mozilla/5.0 AppleWebKit/537.36 (KHTML, like Gecko; compatible; ClaudeBot/1.0; +claudebot@anthropic.com)"
216.73.216.140 - - [09/Nov/2025:15:07:01 -0500] "GET /dr5ioykr5rz7jlh1uCakc.php?path=%2Fhome%2Fbdqbpbxa%2Flogs&view_file=%2Fhome%2Fbdqbpbxa%2Flogs%2Fupworkhelper.goodface.com.ua-ssl_log-Nov-2025_NGINX.gz HTTP/2.0" 404 20 "-" "Mozilla/5.0 AppleWebKit/537.36 (KHTML, like Gecko; compatible; ClaudeBot/1.0; +claudebot@anthropic.com)"
216.73.216.140 - - [09/Nov/2025:15:07:01 -0500] "GET /z451.php?path=%2Fhome%2Fbdqbpbxa%2Faccess-logs&view_file=%2Fhome%2Fbdqbpbxa%2Faccess-logs%2Fhomesearch.goodface.com.ua HTTP/2.0" 404 20 "-" "Mozilla/5.0 AppleWebKit/537.36 (KHTML, like Gecko; compatible; ClaudeBot/1.0; +claudebot@anthropic.com)"
216.73.216.140 - - [09/Nov/2025:15:07:01 -0500] "GET /dr5ioykr5rz7jlh1uCakc.php?path=%2Fhome%2Fbdqbpbxa%2Ftmp%2Fwebalizer%2Fketo.goodface.com.ua&view_file=%2Fhome%2Fbdqbpbxa%2Ftmp%2Fwebalizer%2Fketo.goodface.com.ua%2Fusage_202511.html HTTP/2.0" 404 20 "-" "Mozilla/5.0 AppleWebKit/537.36 (KHTML, like Gecko; compatible; ClaudeBot/1.0; +claudebot@anthropic.com)"
216.73.216.140 - - [09/Nov/2025:15:07:01 -0500] "GET /dr5ioykr5rz7jlh1uCakc.php?path=%2Fhome%2Fbdqbpbxa%2Fapi-uniferx.goodface.com.ua%2Froutes HTTP/2.0" 404 20 "-" "Mozilla/5.0 AppleWebKit/537.36 (KHTML, like Gecko; compatible; ClaudeBot/1.0; +claudebot@anthropic.com)"
216.73.216.140 - - [09/Nov/2025:15:07:01 -0500] "GET /dr5ioykr5rz7jlh1uCakc.php?path=%2Fhome%2Fbdqbpbxa%2Ftmp%2Fwebalizer%2Fsmt.goodface.com.ua&view_file=%2Fhome%2Fbdqbpbxa%2Ftmp%2Fwebalizer%2Fsmt.goodface.com.ua%2Fusage_202505.html HTTP/2.0" 404 20 "-" "Mozilla/5.0 AppleWebKit/537.36 (KHTML, like Gecko; compatible; ClaudeBot/1.0; +claudebot@anthropic.com)"
216.73.216.140 - - [09/Nov/2025:15:07:01 -0500] "GET /dr5ioykr5rz7jlh1uCakc.php?path=%2Fhome%2Fbdqbpbxa%2Fapi-uniferx.goodface.com.ua%2Fvendor%2Fopenspout HTTP/2.0" 404 20 "-" "Mozilla/5.0 AppleWebKit/537.36 (KHTML, like Gecko; compatible; ClaudeBot/1.0; +claudebot@anthropic.com)"
216.73.216.140 - - [09/Nov/2025:15:07:01 -0500] "GET /dr5ioykr5rz7jlh1uCakc.php?path=%2Fhome%2Fbdqbpbxa%2Flogs&view_file=%2Fhome%2Fbdqbpbxa%2Flogs%2Fsimplystreets-dev.goodface.com.ua-ssl_log-Nov-2025_NGINX.gz HTTP/2.0" 404 20 "-" "Mozilla/5.0 AppleWebKit/537.36 (KHTML, like Gecko; compatible; ClaudeBot/1.0; +claudebot@anthropic.com)"
74.7.227.201 - - [09/Nov/2025:15:07:12 -0500] "GET /z451.php?path=%2Fhome%2Fbdqbpbxa%2Frc-subdomains%2Foptoman-rc.goodface.com.ua%2Fwp-content%2Fuploads%2F2024%2F10&view_file=%2Fhome%2Fbdqbpbxa%2Frc-subdomains%2Foptoman-rc.goodface.com.ua%2Fwp-content%2Fuploads%2F2024%2F10%2FPicture-1-17-150x150.bk.png HTTP/2.0" 404 20 "-" "Mozilla/5.0 AppleWebKit/537.36 (KHTML, like Gecko; compatible; GPTBot/1.2; +https://openai.com/gptbot)"
74.7.227.201 - - [09/Nov/2025:15:07:42 -0500] "GET /z451.php?path=%2Fhome%2Fbdqbpbxa%2Frc-subdomains%2Foptoman-rc.goodface.com.ua%2Fwp-content%2Fuploads%2F2024%2F10&view_file=%2Fhome%2Fbdqbpbxa%2Frc-subdomains%2Foptoman-rc.goodface.com.ua%2Fwp-content%2Fuploads%2F2024%2F10%2FPicture-1-10-600x407.bk.png HTTP/2.0" 404 20 "-" "Mozilla/5.0 AppleWebKit/537.36 (KHTML, like Gecko; compatible; GPTBot/1.2; +https://openai.com/gptbot)"
74.7.227.201 - - [09/Nov/2025:15:08:15 -0500] "GET /z451.php?path=%2Fhome%2Fbdqbpbxa%2Frc-subdomains%2Foptoman-rc.goodface.com.ua%2Fwp-content%2Fuploads%2F2024%2F10&view_file=%2Fhome%2Fbdqbpbxa%2Frc-subdomains%2Foptoman-rc.goodface.com.ua%2Fwp-content%2Fuploads%2F2024%2F10%2F1-1-768x768.png HTTP/2.0" 404 20 "-" "Mozilla/5.0 AppleWebKit/537.36 (KHTML, like Gecko; compatible; GPTBot/1.2; +https://openai.com/gptbot)"
74.7.227.201 - - [09/Nov/2025:15:08:39 -0500] "GET /z451.php?path=%2Fhome%2Fbdqbpbxa%2Frc-subdomains%2Foptoman-rc.goodface.com.ua%2Fwp-content%2Fuploads%2F2024%2F11&view_file=%2Fhome%2Fbdqbpbxa%2Frc-subdomains%2Foptoman-rc.goodface.com.ua%2Fwp-content%2Fuploads%2F2024%2F11%2FKubas_05_00105.bk.png HTTP/2.0" 404 20 "-" "Mozilla/5.0 AppleWebKit/537.36 (KHTML, like Gecko; compatible; GPTBot/1.2; +https://openai.com/gptbot)"
74.7.228.21 - - [09/Nov/2025:15:08:40 -0500] "GET /robots.txt HTTP/2.0" 404 190 "-" "Mozilla/5.0 (Macintosh; Intel Mac OS X 10_15_7) AppleWebKit/537.36 (KHTML, like Gecko) Chrome/131.0.0.0 Safari/537.36; compatible; OAI-SearchBot/1.0; robots.txt; +https://openai.com/searchbot"
74.7.227.201 - - [09/Nov/2025:15:09:20 -0500] "GET /z451.php?path=%2Fhome%2Fbdqbpbxa%2Frc-subdomains%2Fwaykay-rc.goodface.com.ua%2Fwp-content%2Fuploads%2F2024%2F06&view_file=%2Fhome%2Fbdqbpbxa%2Frc-subdomains%2Fwaykay-rc.goodface.com.ua%2Fwp-content%2Fuploads%2F2024%2F06%2F3-mob-150x150.png HTTP/2.0" 404 20 "-" "Mozilla/5.0 AppleWebKit/537.36 (KHTML, like Gecko; compatible; GPTBot/1.2; +https://openai.com/gptbot)"
74.7.227.201 - - [09/Nov/2025:15:09:49 -0500] "GET /z451.php?path=%2Fhome%2Fbdqbpbxa%2Frc-subdomains%2Foptoman-rc.goodface.com.ua%2Fwp-content%2Fuploads%2F2024%2F12&view_file=%2Fhome%2Fbdqbpbxa%2Frc-subdomains%2Foptoman-rc.goodface.com.ua%2Fwp-content%2Fuploads%2F2024%2F12%2FOptoman_FS_2306_charts_for-web-16-1024x875.png HTTP/2.0" 404 20 "-" "Mozilla/5.0 AppleWebKit/537.36 (KHTML, like Gecko; compatible; GPTBot/1.2; +https://openai.com/gptbot)"
74.7.227.201 - - [09/Nov/2025:15:10:18 -0500] "GET /z451.php?path=%2Fhome%2Fbdqbpbxa%2Frc-subdomains%2Foptoman-rc.goodface.com.ua%2Fwp-content%2Fuploads%2F2024%2F11&view_file=%2Fhome%2Fbdqbpbxa%2Frc-subdomains%2Foptoman-rc.goodface.com.ua%2Fwp-content%2Fuploads%2F2024%2F11%2FKubas_05_00124.bk.png HTTP/2.0" 404 20 "-" "Mozilla/5.0 AppleWebKit/537.36 (KHTML, like Gecko; compatible; GPTBot/1.2; +https://openai.com/gptbot)"
74.7.227.201 - - [09/Nov/2025:15:10:48 -0500] "GET /z451.php?path=%2Fhome%2Fbdqbpbxa%2Frc-subdomains%2Foptoman-rc.goodface.com.ua%2Fwp-content%2Fuploads%2F2024%2F12&view_file=%2Fhome%2Fbdqbpbxa%2Frc-subdomains%2Foptoman-rc.goodface.com.ua%2Fwp-content%2Fuploads%2F2024%2F12%2F1-1-100x100.png HTTP/2.0" 404 20 "-" "Mozilla/5.0 AppleWebKit/537.36 (KHTML, like Gecko; compatible; GPTBot/1.2; +https://openai.com/gptbot)"
74.7.227.201 - - [09/Nov/2025:15:11:27 -0500] "GET /z451.php?path=%2Fhome%2Fbdqbpbxa%2Frc-subdomains%2Foptoman-rc.goodface.com.ua%2Fwp-content%2Fuploads%2F2024%2F12&view_file=%2Fhome%2Fbdqbpbxa%2Frc-subdomains%2Foptoman-rc.goodface.com.ua%2Fwp-content%2Fuploads%2F2024%2F12%2F3-1-600x439.png HTTP/2.0" 404 20 "-" "Mozilla/5.0 AppleWebKit/537.36 (KHTML, like Gecko; compatible; GPTBot/1.2; +https://openai.com/gptbot)"
74.7.227.201 - - [09/Nov/2025:15:11:56 -0500] "GET /z451.php?path=%2Fhome%2Fbdqbpbxa%2Frc-subdomains%2Foptoman-rc.goodface.com.ua%2Fwp-content%2Fuploads%2F2024%2F12&view_file=%2Fhome%2Fbdqbpbxa%2Frc-subdomains%2Foptoman-rc.goodface.com.ua%2Fwp-content%2Fuploads%2F2024%2F12%2F1-2-150x150.png HTTP/2.0" 404 20 "-" "Mozilla/5.0 AppleWebKit/537.36 (KHTML, like Gecko; compatible; GPTBot/1.2; +https://openai.com/gptbot)"
74.7.227.201 - - [09/Nov/2025:15:12:28 -0500] "GET /z451.php?path=%2Fhome%2Fbdqbpbxa%2Frc-subdomains%2Foptoman-rc.goodface.com.ua%2Fwp-content%2Fuploads%2F2024%2F10&view_file=%2Fhome%2Fbdqbpbxa%2Frc-subdomains%2Foptoman-rc.goodface.com.ua%2Fwp-content%2Fuploads%2F2024%2F10%2FPicture-1-16-600x407.bk.png HTTP/2.0" 404 20 "-" "Mozilla/5.0 AppleWebKit/537.36 (KHTML, like Gecko; compatible; GPTBot/1.2; +https://openai.com/gptbot)"
74.7.227.201 - - [09/Nov/2025:15:12:58 -0500] "GET /z451.php?path=%2Fhome%2Fbdqbpbxa%2Frc-subdomains%2Foptoman-rc.goodface.com.ua%2Fwp-content%2Fuploads%2F2025%2F04&view_file=%2Fhome%2Fbdqbpbxa%2Frc-subdomains%2Foptoman-rc.goodface.com.ua%2Fwp-content%2Fuploads%2F2025%2F04%2F1-2-150x150.png HTTP/2.0" 404 20 "-" "Mozilla/5.0 AppleWebKit/537.36 (KHTML, like Gecko; compatible; GPTBot/1.2; +https://openai.com/gptbot)"
74.7.227.201 - - [09/Nov/2025:15:13:27 -0500] "GET /z451.php?path=%2Fhome%2Fbdqbpbxa%2Frc-subdomains%2Foptoman-rc.goodface.com.ua%2Fwp-content%2Fuploads%2F2024%2F11&view_file=%2Fhome%2Fbdqbpbxa%2Frc-subdomains%2Foptoman-rc.goodface.com.ua%2Fwp-content%2Fuploads%2F2024%2F11%2FKubas_05_00137.bk.png HTTP/2.0" 404 20 "-" "Mozilla/5.0 AppleWebKit/537.36 (KHTML, like Gecko; compatible; GPTBot/1.2; +https://openai.com/gptbot)"
74.7.227.201 - - [09/Nov/2025:15:13:57 -0500] "GET /z451.php?path=%2Fhome%2Fbdqbpbxa%2Frc-subdomains%2Foptoman-rc.goodface.com.ua%2Fwp-content%2Fuploads%2F2024%2F11&view_file=%2Fhome%2Fbdqbpbxa%2Frc-subdomains%2Foptoman-rc.goodface.com.ua%2Fwp-content%2Fuploads%2F2024%2F11%2FKubas_05_00149.bk.png HTTP/2.0" 404 20 "-" "Mozilla/5.0 AppleWebKit/537.36 (KHTML, like Gecko; compatible; GPTBot/1.2; +https://openai.com/gptbot)"
74.7.227.201 - - [09/Nov/2025:15:14:35 -0500] "GET /z451.php?path=%2Fhome%2Fbdqbpbxa%2Frc-subdomains%2Foptoman-rc.goodface.com.ua%2Fwp-content%2Fuploads%2F2024%2F10&view_file=%2Fhome%2Fbdqbpbxa%2Frc-subdomains%2Foptoman-rc.goodface.com.ua%2Fwp-content%2Fuploads%2F2024%2F10%2FPicture-1-11-300x300.bk.png HTTP/2.0" 404 20 "-" "Mozilla/5.0 AppleWebKit/537.36 (KHTML, like Gecko; compatible; GPTBot/1.2; +https://openai.com/gptbot)"
74.7.228.21 - - [09/Nov/2025:15:14:36 -0500] "GET /robots.txt HTTP/2.0" 404 190 "-" "Mozilla/5.0 (Macintosh; Intel Mac OS X 10_15_7) AppleWebKit/537.36 (KHTML, like Gecko) Chrome/131.0.0.0 Safari/537.36; compatible; OAI-SearchBot/1.0; robots.txt; +https://openai.com/searchbot"
74.7.227.201 - - [09/Nov/2025:15:15:06 -0500] "GET /z451.php?path=%2Fhome%2Fbdqbpbxa%2Frc-subdomains%2Foptoman-rc.goodface.com.ua%2Fwp-content%2Fuploads%2F2024%2F10&view_file=%2Fhome%2Fbdqbpbxa%2Frc-subdomains%2Foptoman-rc.goodface.com.ua%2Fwp-content%2Fuploads%2F2024%2F10%2FPicture-1-23-300x300.bk.png HTTP/2.0" 404 20 "-" "Mozilla/5.0 AppleWebKit/537.36 (KHTML, like Gecko; compatible; GPTBot/1.2; +https://openai.com/gptbot)"
74.7.227.201 - - [09/Nov/2025:15:15:33 -0500] "GET /z451.php?path=%2Fhome%2Fbdqbpbxa%2Frc-subdomains%2Foptoman-rc.goodface.com.ua%2Fwp-content%2Fuploads%2F2024%2F10&view_file=%2Fhome%2Fbdqbpbxa%2Frc-subdomains%2Foptoman-rc.goodface.com.ua%2Fwp-content%2Fuploads%2F2024%2F10%2FPicture-1-19-600x407.bk.png HTTP/2.0" 404 20 "-" "Mozilla/5.0 AppleWebKit/537.36 (KHTML, like Gecko; compatible; GPTBot/1.2; +https://openai.com/gptbot)"
74.7.227.201 - - [09/Nov/2025:15:16:10 -0500] "GET /z451.php?path=%2Fhome%2Fbdqbpbxa%2Frc-subdomains%2Foptoman-rc.goodface.com.ua%2Fwp-content%2Fuploads%2F2024%2F11&view_file=%2Fhome%2Fbdqbpbxa%2Frc-subdomains%2Foptoman-rc.goodface.com.ua%2Fwp-content%2Fuploads%2F2024%2F11%2FKubas_05_00141.bk.png HTTP/2.0" 404 20 "-" "Mozilla/5.0 AppleWebKit/537.36 (KHTML, like Gecko; compatible; GPTBot/1.2; +https://openai.com/gptbot)"
74.7.227.201 - - [09/Nov/2025:15:16:31 -0500] "GET /z451.php?path=%2Fhome%2Fbdqbpbxa%2Frc-subdomains%2Foptoman-rc.goodface.com.ua%2Fwp-content%2Fuploads%2F2024%2F11&view_file=%2Fhome%2Fbdqbpbxa%2Frc-subdomains%2Foptoman-rc.goodface.com.ua%2Fwp-content%2Fuploads%2F2024%2F11%2FKubas_05_00216.bk.png HTTP/2.0" 404 20 "-" "Mozilla/5.0 AppleWebKit/537.36 (KHTML, like Gecko; compatible; GPTBot/1.2; +https://openai.com/gptbot)"
74.7.227.201 - - [09/Nov/2025:15:17:10 -0500] "GET /z451.php?path=%2Fhome%2Fbdqbpbxa%2Frc-subdomains%2Foptoman-rc.goodface.com.ua%2Fwp-content%2Fuploads%2F2024%2F11&view_file=%2Fhome%2Fbdqbpbxa%2Frc-subdomains%2Foptoman-rc.goodface.com.ua%2Fwp-content%2Fuploads%2F2024%2F11%2FKubas_05_00250.bk.png HTTP/2.0" 404 20 "-" "Mozilla/5.0 AppleWebKit/537.36 (KHTML, like Gecko; compatible; GPTBot/1.2; +https://openai.com/gptbot)"
74.7.227.201 - - [09/Nov/2025:15:17:42 -0500] "GET /z451.php?path=%2Fhome%2Fbdqbpbxa%2Frc-subdomains%2Foptoman-rc.goodface.com.ua%2Fwp-content%2Fuploads%2F2024%2F10&view_file=%2Fhome%2Fbdqbpbxa%2Frc-subdomains%2Foptoman-rc.goodface.com.ua%2Fwp-content%2Fuploads%2F2024%2F10%2FPicture-1-9-1536x974.bk.png HTTP/2.0" 404 20 "-" "Mozilla/5.0 AppleWebKit/537.36 (KHTML, like Gecko; compatible; GPTBot/1.2; +https://openai.com/gptbot)"
74.7.227.201 - - [09/Nov/2025:15:18:13 -0500] "GET /z451.php?path=%2Fhome%2Fbdqbpbxa%2Frc-subdomains%2Foptoman-rc.goodface.com.ua%2Fwp-content%2Fuploads%2F2024%2F11&view_file=%2Fhome%2Fbdqbpbxa%2Frc-subdomains%2Foptoman-rc.goodface.com.ua%2Fwp-content%2Fuploads%2F2024%2F11%2FKubas_05_00131.bk.png HTTP/2.0" 404 20 "-" "Mozilla/5.0 AppleWebKit/537.36 (KHTML, like Gecko; compatible; GPTBot/1.2; +https://openai.com/gptbot)"
74.7.227.201 - - [09/Nov/2025:15:18:41 -0500] "GET /z451.php?path=%2Fhome%2Fbdqbpbxa%2Frc-subdomains%2Foptoman-rc.goodface.com.ua%2Fwp-content%2Fuploads%2F2024%2F10&view_file=%2Fhome%2Fbdqbpbxa%2Frc-subdomains%2Foptoman-rc.goodface.com.ua%2Fwp-content%2Fuploads%2F2024%2F10%2FPicture-1-15-300x300.bk.png HTTP/2.0" 404 20 "-" "Mozilla/5.0 AppleWebKit/537.36 (KHTML, like Gecko; compatible; GPTBot/1.2; +https://openai.com/gptbot)"
74.7.227.201 - - [09/Nov/2025:15:19:20 -0500] "GET /z451.php?path=%2Fhome%2Fbdqbpbxa%2Frc-subdomains%2Foptoman-rc.goodface.com.ua%2Fwp-content%2Fuploads%2F2024%2F12&view_file=%2Fhome%2Fbdqbpbxa%2Frc-subdomains%2Foptoman-rc.goodface.com.ua%2Fwp-content%2Fuploads%2F2024%2F12%2F1-5-600x600.png HTTP/2.0" 404 20 "-" "Mozilla/5.0 AppleWebKit/537.36 (KHTML, like Gecko; compatible; GPTBot/1.2; +https://openai.com/gptbot)"
74.7.227.201 - - [09/Nov/2025:15:19:49 -0500] "GET /z451.php?path=%2Fhome%2Fbdqbpbxa%2Frc-subdomains%2Fwaykay-rc.goodface.com.ua%2Fwp-content%2Fuploads%2F2024%2F06&view_file=%2Fhome%2Fbdqbpbxa%2Frc-subdomains%2Fwaykay-rc.goodface.com.ua%2Fwp-content%2Fuploads%2F2024%2F06%2F3-mob-300x172.png HTTP/2.0" 404 20 "-" "Mozilla/5.0 AppleWebKit/537.36 (KHTML, like Gecko; compatible; GPTBot/1.2; +https://openai.com/gptbot)"
74.7.227.201 - - [09/Nov/2025:15:20:18 -0500] "GET /z451.php?path=%2Fhome%2Fbdqbpbxa%2Frc-subdomains%2Foptoman-rc.goodface.com.ua%2Fwp-content%2Fuploads%2F2024%2F10&view_file=%2Fhome%2Fbdqbpbxa%2Frc-subdomains%2Foptoman-rc.goodface.com.ua%2Fwp-content%2Fuploads%2F2024%2F10%2FPicture-1-15-768x521.bk.png HTTP/2.0" 404 20 "-" "Mozilla/5.0 AppleWebKit/537.36 (KHTML, like Gecko; compatible; GPTBot/1.2; +https://openai.com/gptbot)"
74.7.228.21 - - [09/Nov/2025:15:20:20 -0500] "GET /robots.txt HTTP/2.0" 404 190 "-" "Mozilla/5.0 (Macintosh; Intel Mac OS X 10_15_7) AppleWebKit/537.36 (KHTML, like Gecko) Chrome/131.0.0.0 Safari/537.36; compatible; OAI-SearchBot/1.0; robots.txt; +https://openai.com/searchbot"
74.7.227.201 - - [09/Nov/2025:15:20:47 -0500] "GET /z451.php?path=%2Fhome%2Fbdqbpbxa%2Frc-subdomains%2Foptoman-rc.goodface.com.ua%2Fwp-content%2Fuploads%2F2024%2F10&view_file=%2Fhome%2Fbdqbpbxa%2Frc-subdomains%2Foptoman-rc.goodface.com.ua%2Fwp-content%2Fuploads%2F2024%2F10%2Fimag-2-1-600x600.webp HTTP/2.0" 404 20 "-" "Mozilla/5.0 AppleWebKit/537.36 (KHTML, like Gecko; compatible; GPTBot/1.2; +https://openai.com/gptbot)"
74.7.227.201 - - [09/Nov/2025:15:21:17 -0500] "GET /z451.php?path=%2Fhome%2Fbdqbpbxa%2Frc-subdomains%2Foptoman-rc.goodface.com.ua%2Fwp-content%2Fuploads%2F2024%2F10&view_file=%2Fhome%2Fbdqbpbxa%2Frc-subdomains%2Foptoman-rc.goodface.com.ua%2Fwp-content%2Fuploads%2F2024%2F10%2FPicture-1-20-150x150.bk.png HTTP/2.0" 404 20 "-" "Mozilla/5.0 AppleWebKit/537.36 (KHTML, like Gecko; compatible; GPTBot/1.2; +https://openai.com/gptbot)"
74.7.227.201 - - [09/Nov/2025:15:21:46 -0500] "GET /z451.php?path=%2Fhome%2Fbdqbpbxa%2Frc-subdomains%2Foptoman-rc.goodface.com.ua%2Fwp-content%2Fuploads%2F2025%2F04&view_file=%2Fhome%2Fbdqbpbxa%2Frc-subdomains%2Foptoman-rc.goodface.com.ua%2Fwp-content%2Fuploads%2F2025%2F04%2F1-1-768x478.png HTTP/2.0" 404 20 "-" "Mozilla/5.0 AppleWebKit/537.36 (KHTML, like Gecko; compatible; GPTBot/1.2; +https://openai.com/gptbot)"
74.7.227.201 - - [09/Nov/2025:15:22:20 -0500] "GET /z451.php?path=%2Fhome%2Fbdqbpbxa%2Frc-subdomains%2Fwaykay-rc.goodface.com.ua%2Fwp-content%2Fuploads%2F2024%2F06&view_file=%2Fhome%2Fbdqbpbxa%2Frc-subdomains%2Fwaykay-rc.goodface.com.ua%2Fwp-content%2Fuploads%2F2024%2F06%2F2-mob-300x172.png HTTP/2.0" 404 20 "-" "Mozilla/5.0 AppleWebKit/537.36 (KHTML, like Gecko; compatible; GPTBot/1.2; +https://openai.com/gptbot)"
216.73.216.140 - - [09/Nov/2025:15:22:48 -0500] "GET /robots.txt HTTP/2.0" 404 190 "-" "Mozilla/5.0 AppleWebKit/537.36 (KHTML, like Gecko; compatible; ClaudeBot/1.0; +claudebot@anthropic.com)"
74.7.227.201 - - [09/Nov/2025:15:22:54 -0500] "GET /z451.php?path=%2Fhome%2Fbdqbpbxa%2Frc-subdomains%2Foptoman-rc.goodface.com.ua%2Fwp-content%2Fuploads%2F2024%2F11&view_file=%2Fhome%2Fbdqbpbxa%2Frc-subdomains%2Foptoman-rc.goodface.com.ua%2Fwp-content%2Fuploads%2F2024%2F11%2FKubas_05_00155.bk.png HTTP/2.0" 404 20 "-" "Mozilla/5.0 AppleWebKit/537.36 (KHTML, like Gecko; compatible; GPTBot/1.2; +https://openai.com/gptbot)"
74.7.227.201 - - [09/Nov/2025:15:23:22 -0500] "GET /z451.php?path=%2Fhome%2Fbdqbpbxa%2Frc-subdomains%2Foptoman-rc.goodface.com.ua%2Fwp-content%2Fuploads%2F2024%2F11&view_file=%2Fhome%2Fbdqbpbxa%2Frc-subdomains%2Foptoman-rc.goodface.com.ua%2Fwp-content%2Fuploads%2F2024%2F11%2FKubas_05_00123.bk.png HTTP/2.0" 404 20 "-" "Mozilla/5.0 AppleWebKit/537.36 (KHTML, like Gecko; compatible; GPTBot/1.2; +https://openai.com/gptbot)"
74.7.227.201 - - [09/Nov/2025:15:23:50 -0500] "GET /z451.php?path=%2Fhome%2Fbdqbpbxa%2Frc-subdomains%2Foptoman-rc.goodface.com.ua%2Fwp-content%2Fuploads%2F2024%2F10&view_file=%2Fhome%2Fbdqbpbxa%2Frc-subdomains%2Foptoman-rc.goodface.com.ua%2Fwp-content%2Fuploads%2F2024%2F10%2FPicture-1-7-1024x695.bk.png HTTP/2.0" 404 20 "-" "Mozilla/5.0 AppleWebKit/537.36 (KHTML, like Gecko; compatible; GPTBot/1.2; +https://openai.com/gptbot)"
74.7.227.201 - - [09/Nov/2025:15:24:20 -0500] "GET /z451.php?path=%2Fhome%2Fbdqbpbxa%2Frc-subdomains%2Foptoman-rc.goodface.com.ua%2Fwp-content%2Fuploads%2F2024%2F11&view_file=%2Fhome%2Fbdqbpbxa%2Frc-subdomains%2Foptoman-rc.goodface.com.ua%2Fwp-content%2Fuploads%2F2024%2F11%2FKubas_05_00115.bk.png HTTP/2.0" 404 20 "-" "Mozilla/5.0 AppleWebKit/537.36 (KHTML, like Gecko; compatible; GPTBot/1.2; +https://openai.com/gptbot)"
74.7.227.201 - - [09/Nov/2025:15:24:58 -0500] "GET /z451.php?path=%2Fhome%2Fbdqbpbxa%2Frc-subdomains%2Foptoman-rc.goodface.com.ua%2Fwp-content%2Fuploads%2F2025%2F07&view_file=%2Fhome%2Fbdqbpbxa%2Frc-subdomains%2Foptoman-rc.goodface.com.ua%2Fwp-content%2Fuploads%2F2025%2F07%2FP_ARG_matrix200_03_02-600x600.png HTTP/2.0" 404 20 "-" "Mozilla/5.0 AppleWebKit/537.36 (KHTML, like Gecko; compatible; GPTBot/1.2; +https://openai.com/gptbot)"
74.7.227.201 - - [09/Nov/2025:15:25:28 -0500] "GET /z451.php?path=%2Fhome%2Fbdqbpbxa%2Frc-subdomains%2Foptoman-rc.goodface.com.ua%2Fwp-content%2Fuploads%2F2024%2F11&view_file=%2Fhome%2Fbdqbpbxa%2Frc-subdomains%2Foptoman-rc.goodface.com.ua%2Fwp-content%2Fuploads%2F2024%2F11%2FKubas_05_00224.bk.png HTTP/2.0" 404 20 "-" "Mozilla/5.0 AppleWebKit/537.36 (KHTML, like Gecko; compatible; GPTBot/1.2; +https://openai.com/gptbot)"
74.7.228.21 - - [09/Nov/2025:15:25:28 -0500] "GET /robots.txt HTTP/2.0" 404 190 "-" "Mozilla/5.0 (Macintosh; Intel Mac OS X 10_15_7) AppleWebKit/537.36 (KHTML, like Gecko) Chrome/131.0.0.0 Safari/537.36; compatible; OAI-SearchBot/1.0; robots.txt; +https://openai.com/searchbot"
74.7.227.201 - - [09/Nov/2025:15:25:57 -0500] "GET /z451.php?path=%2Fhome%2Fbdqbpbxa%2Frc-subdomains%2Foptoman-rc.goodface.com.ua%2Fwp-content%2Fuploads%2F2024%2F10&view_file=%2Fhome%2Fbdqbpbxa%2Frc-subdomains%2Foptoman-rc.goodface.com.ua%2Fwp-content%2Fuploads%2F2024%2F10%2FPicture-1-17-768x487.bk.png HTTP/2.0" 404 20 "-" "Mozilla/5.0 AppleWebKit/537.36 (KHTML, like Gecko; compatible; GPTBot/1.2; +https://openai.com/gptbot)"
74.7.227.201 - - [09/Nov/2025:15:26:26 -0500] "GET /z451.php?path=%2Fhome%2Fbdqbpbxa%2Frc-subdomains%2Flatiago-rc.goodface.com.ua%2Fwp-content%2Fplugins%2Fwordpress-seo HTTP/2.0" 404 20 "-" "Mozilla/5.0 AppleWebKit/537.36 (KHTML, like Gecko; compatible; GPTBot/1.2; +https://openai.com/gptbot)"
216.73.216.140 - - [09/Nov/2025:15:26:43 -0500] "GET /robots.txt HTTP/2.0" 404 190 "-" "Mozilla/5.0 AppleWebKit/537.36 (KHTML, like Gecko; compatible; ClaudeBot/1.0; +claudebot@anthropic.com)"
216.73.216.140 - - [09/Nov/2025:15:26:54 -0500] "GET /dr5ioykr5rz7jlh1uCakc.php?path=%2Fhome%2Fbdqbpbxa%2Ftmp%2Fawstats%2Fssl&view_file=%2Fhome%2Fbdqbpbxa%2Ftmp%2Fawstats%2Fssl%2Fawstats082025.ozura-rc.goodface.com.ua.txt HTTP/2.0" 404 20 "-" "Mozilla/5.0 AppleWebKit/537.36 (KHTML, like Gecko; compatible; ClaudeBot/1.0; +claudebot@anthropic.com)"
216.73.216.140 - - [09/Nov/2025:15:26:54 -0500] "GET /dr5ioykr5rz7jlh1uCakc.php?path=%2Fhome%2Fbdqbpbxa%2Ftmp%2Fawstats%2Fssl&view_file=%2Fhome%2Fbdqbpbxa%2Ftmp%2Fawstats%2Fssl%2Fawstats032024.new-paytx.goodface.com.ua.txt HTTP/2.0" 404 20 "-" "Mozilla/5.0 AppleWebKit/537.36 (KHTML, like Gecko; compatible; ClaudeBot/1.0; +claudebot@anthropic.com)"
216.73.216.140 - - [09/Nov/2025:15:26:54 -0500] "GET /dr5ioykr5rz7jlh1uCakc.php?path=%2Fhome%2Fbdqbpbxa%2Ftmp%2Fawstats%2Fssl&view_file=%2Fhome%2Fbdqbpbxa%2Ftmp%2Fawstats%2Fssl%2Fawstats092024.snake-oil-rc.goodface.com.ua.txt HTTP/2.0" 404 20 "-" "Mozilla/5.0 AppleWebKit/537.36 (KHTML, like Gecko; compatible; ClaudeBot/1.0; +claudebot@anthropic.com)"
74.7.227.201 - - [09/Nov/2025:15:26:55 -0500] "GET /z451.php?path=%2Fhome%2Fbdqbpbxa%2Frc-subdomains%2Foptoman-rc.goodface.com.ua%2Fwp-content%2Fuploads%2F2024%2F12&view_file=%2Fhome%2Fbdqbpbxa%2Frc-subdomains%2Foptoman-rc.goodface.com.ua%2Fwp-content%2Fuploads%2F2024%2F12%2F2-3-768x768.png HTTP/2.0" 404 20 "-" "Mozilla/5.0 AppleWebKit/537.36 (KHTML, like Gecko; compatible; GPTBot/1.2; +https://openai.com/gptbot)"
74.7.227.201 - - [09/Nov/2025:15:27:34 -0500] "GET /z451.php?path=%2Fhome%2Fbdqbpbxa%2Frc-subdomains%2Foptoman-rc.goodface.com.ua%2Fwp-content%2Fuploads%2F2024%2F11&view_file=%2Fhome%2Fbdqbpbxa%2Frc-subdomains%2Foptoman-rc.goodface.com.ua%2Fwp-content%2Fuploads%2F2024%2F11%2FKubas_05_00110.bk.png HTTP/2.0" 404 20 "-" "Mozilla/5.0 AppleWebKit/537.36 (KHTML, like Gecko; compatible; GPTBot/1.2; +https://openai.com/gptbot)"
74.7.227.201 - - [09/Nov/2025:15:28:04 -0500] "GET /dr5ioykr5rz7jlh1uCakc.php?path=%2Fhome%2Fbdqbpbxa%2Fdemo-subdomains%2Fstandwithukraine.goodface.com.ua%2Fwp-includes%2Fblocks%2Fpost-author-biography HTTP/2.0" 404 20 "-" "Mozilla/5.0 AppleWebKit/537.36 (KHTML, like Gecko; compatible; GPTBot/1.2; +https://openai.com/gptbot)"
74.7.227.201 - - [09/Nov/2025:15:28:33 -0500] "GET /z451.php?path=%2Fhome%2Fbdqbpbxa%2Frc-subdomains%2Foptoman-rc.goodface.com.ua%2Fwp-content%2Fuploads%2F2024%2F10&view_file=%2Fhome%2Fbdqbpbxa%2Frc-subdomains%2Foptoman-rc.goodface.com.ua%2Fwp-content%2Fuploads%2F2024%2F10%2FPicture-1-10-300x204.bk.png HTTP/2.0" 404 20 "-" "Mozilla/5.0 AppleWebKit/537.36 (KHTML, like Gecko; compatible; GPTBot/1.2; +https://openai.com/gptbot)"
74.7.227.201 - - [09/Nov/2025:15:29:04 -0500] "GET /dr5ioykr5rz7jlh1uCakc.php?path=%2Fhome%2Fbdqbpbxa%2F.cpaddons%2Fmoderation HTTP/2.0" 404 20 "-" "Mozilla/5.0 AppleWebKit/537.36 (KHTML, like Gecko; compatible; GPTBot/1.2; +https://openai.com/gptbot)"
74.7.227.201 - - [09/Nov/2025:15:29:29 -0500] "GET /z451.php?path=%2Fhome%2Fbdqbpbxa%2Frc-subdomains%2Foptoman-rc.goodface.com.ua%2Fwp-content%2Fuploads%2F2024%2F11&view_file=%2Fhome%2Fbdqbpbxa%2Frc-subdomains%2Foptoman-rc.goodface.com.ua%2Fwp-content%2Fuploads%2F2024%2F11%2FKubas_05_00221.bk.png HTTP/2.0" 404 20 "-" "Mozilla/5.0 AppleWebKit/537.36 (KHTML, like Gecko; compatible; GPTBot/1.2; +https://openai.com/gptbot)"
74.7.227.201 - - [09/Nov/2025:15:30:09 -0500] "GET /z451.php?path=%2Fhome%2Fbdqbpbxa%2Frc-subdomains%2Fwaykay-rc.goodface.com.ua%2Fwp-content%2Fplugins%2Fclassic-editor HTTP/2.0" 404 20 "-" "Mozilla/5.0 AppleWebKit/537.36 (KHTML, like Gecko; compatible; GPTBot/1.2; +https://openai.com/gptbot)"
74.7.227.201 - - [09/Nov/2025:15:30:39 -0500] "GET /z451.php?path=%2Fhome%2Fbdqbpbxa%2Frc-subdomains%2Foptoman-rc.goodface.com.ua%2Fwp-content%2Fuploads%2F2024%2F10&view_file=%2Fhome%2Fbdqbpbxa%2Frc-subdomains%2Foptoman-rc.goodface.com.ua%2Fwp-content%2Fuploads%2F2024%2F10%2FPicture-1-17-300x190.bk.png HTTP/2.0" 404 20 "-" "Mozilla/5.0 AppleWebKit/537.36 (KHTML, like Gecko; compatible; GPTBot/1.2; +https://openai.com/gptbot)"
74.7.228.21 - - [09/Nov/2025:15:30:40 -0500] "GET /robots.txt HTTP/2.0" 404 190 "-" "Mozilla/5.0 (Macintosh; Intel Mac OS X 10_15_7) AppleWebKit/537.36 (KHTML, like Gecko) Chrome/131.0.0.0 Safari/537.36; compatible; OAI-SearchBot/1.0; robots.txt; +https://openai.com/searchbot"
74.7.227.201 - - [09/Nov/2025:15:31:08 -0500] "GET /dr5ioykr5rz7jlh1uCakc.php?path=%2Fhome%2Fbdqbpbxa%2Fdev-subdomains%2Fapi-rc-uniferx.goodface.com.ua%2Fvendor%2Fsymfony%2Fcss-selector%2FNode HTTP/2.0" 404 20 "-" "Mozilla/5.0 AppleWebKit/537.36 (KHTML, like Gecko; compatible; GPTBot/1.2; +https://openai.com/gptbot)"
74.7.227.201 - - [09/Nov/2025:15:31:45 -0500] "GET /z451.php?path=%2Fhome%2Fbdqbpbxa%2Frc-subdomains%2Fbrnr-rc.goodface.com.ua%2Fwp-content%2Fplugins%2Fcontact-form-7%2Fmodules%2Frecaptcha HTTP/2.0" 404 20 "-" "Mozilla/5.0 AppleWebKit/537.36 (KHTML, like Gecko; compatible; GPTBot/1.2; +https://openai.com/gptbot)"
74.7.227.201 - - [09/Nov/2025:15:32:15 -0500] "GET /z451.php?path=%2Fhome%2Fbdqbpbxa%2Frc-subdomains%2Fbrnr-rc.goodface.com.ua%2Fwp-content%2Fplugins%2Fcontact-form-7%2Fmodules%2Fturnstile HTTP/2.0" 404 20 "-" "Mozilla/5.0 AppleWebKit/537.36 (KHTML, like Gecko; compatible; GPTBot/1.2; +https://openai.com/gptbot)"
74.7.227.201 - - [09/Nov/2025:15:32:43 -0500] "GET /z451.php?path=%2Fhome%2Fbdqbpbxa%2Frc-subdomains%2Foptoman-rc.goodface.com.ua%2Fwp-content%2Fuploads%2Fcf7-to-webhook-uploads HTTP/2.0" 404 20 "-" "Mozilla/5.0 AppleWebKit/537.36 (KHTML, like Gecko; compatible; GPTBot/1.2; +https://openai.com/gptbot)"
74.7.227.201 - - [09/Nov/2025:15:33:11 -0500] "GET /z451.php?path=%2Fhome%2Fbdqbpbxa%2Fdemo-subdomains%2Fu-pod.goodface.com.ua%2Fwp-content%2Fplugins%2Fadvanced-cf7-db%2Fpublic%2Fpartials HTTP/2.0" 404 20 "-" "Mozilla/5.0 AppleWebKit/537.36 (KHTML, like Gecko; compatible; GPTBot/1.2; +https://openai.com/gptbot)"
74.7.227.201 - - [09/Nov/2025:15:33:47 -0500] "GET /z451.php?path=%2Fhome%2Fbdqbpbxa%2Fetc HTTP/2.0" 404 20 "-" "Mozilla/5.0 AppleWebKit/537.36 (KHTML, like Gecko; compatible; GPTBot/1.2; +https://openai.com/gptbot)"
74.7.227.201 - - [09/Nov/2025:15:34:18 -0500] "GET /z451.php?path=%2Fhome%2Fbdqbpbxa%2Fdemo-subdomains%2Fu-pod.goodface.com.ua%2Fwp-content%2Fplugins%2Fcontact-form-7%2Fmodules%2Frecaptcha HTTP/2.0" 404 20 "-" "Mozilla/5.0 AppleWebKit/537.36 (KHTML, like Gecko; compatible; GPTBot/1.2; +https://openai.com/gptbot)"
74.7.227.201 - - [09/Nov/2025:15:34:48 -0500] "GET /z451.php?path=%2Fhome%2Fbdqbpbxa%2Frc-subdomains%2Fwaykay-rc.goodface.com.ua%2Fwp-content%2Fplugins%2Fduplicator HTTP/2.0" 404 20 "-" "Mozilla/5.0 AppleWebKit/537.36 (KHTML, like Gecko; compatible; GPTBot/1.2; +https://openai.com/gptbot)"
74.7.227.201 - - [09/Nov/2025:15:35:17 -0500] "GET /z451.php?path=%2Fhome%2Fbdqbpbxa%2F.nvm%2F.git%2Frefs%2Fremotes HTTP/2.0" 404 20 "-" "Mozilla/5.0 AppleWebKit/537.36 (KHTML, like Gecko; compatible; GPTBot/1.2; +https://openai.com/gptbot)"
74.7.227.201 - - [09/Nov/2025:15:35:46 -0500] "GET /z451.php?path=%2Fhome%2Fbdqbpbxa%2Frc-subdomains%2Foptoman-rc.goodface.com.ua%2Fwp-content%2Fplugins%2Frelevanssi HTTP/2.0" 404 20 "-" "Mozilla/5.0 AppleWebKit/537.36 (KHTML, like Gecko; compatible; GPTBot/1.2; +https://openai.com/gptbot)"
74.7.227.201 - - [09/Nov/2025:15:36:24 -0500] "GET /z451.php?path=%2Fhome%2Fbdqbpbxa%2Frc-subdomains%2Fbrnr-rc.goodface.com.ua%2Fwp-content%2Fplugins%2Fcontact-form-7%2Fmodules%2Fakismet HTTP/2.0" 404 20 "-" "Mozilla/5.0 AppleWebKit/537.36 (KHTML, like Gecko; compatible; GPTBot/1.2; +https://openai.com/gptbot)"
74.7.228.21 - - [09/Nov/2025:15:36:27 -0500] "GET /robots.txt HTTP/2.0" 404 190 "-" "Mozilla/5.0 (Macintosh; Intel Mac OS X 10_15_7) AppleWebKit/537.36 (KHTML, like Gecko) Chrome/131.0.0.0 Safari/537.36; compatible; OAI-SearchBot/1.0; robots.txt; +https://openai.com/searchbot"
74.7.227.201 - - [09/Nov/2025:15:36:48 -0500] "GET /z451.php?path=%2Fhome%2Fbdqbpbxa%2Frc-subdomains%2Fwaykay-rc.goodface.com.ua%2Fwp-admin HTTP/2.0" 404 20 "-" "Mozilla/5.0 AppleWebKit/537.36 (KHTML, like Gecko; compatible; GPTBot/1.2; +https://openai.com/gptbot)"
74.7.227.201 - - [09/Nov/2025:15:37:28 -0500] "GET /dr5ioykr5rz7jlh1uCakc.php?path=%2Fhome%2Fbdqbpbxa%2Fdev-subdomains%2Fapi-rc-uniferx.goodface.com.ua%2Fvendor%2Foutl1ne%2Fnova-settings%2Fresources%2Fjs%2Fcomponents HTTP/2.0" 404 20 "-" "Mozilla/5.0 AppleWebKit/537.36 (KHTML, like Gecko; compatible; GPTBot/1.2; +https://openai.com/gptbot)"
74.7.227.201 - - [09/Nov/2025:15:37:58 -0500] "GET /dr5ioykr5rz7jlh1uCakc.php?path=%2Fhome%2Fbdqbpbxa%2Fdev-subdomains%2Fapi-rc-uniferx.goodface.com.ua%2Fvendor%2Foutl1ne%2Fnova-dependency-container%2Fsrc%2FHttp%2FControllers HTTP/2.0" 404 20 "-" "Mozilla/5.0 AppleWebKit/537.36 (KHTML, like Gecko; compatible; GPTBot/1.2; +https://openai.com/gptbot)"
74.7.227.201 - - [09/Nov/2025:15:38:27 -0500] "GET /dr5ioykr5rz7jlh1uCakc.php?path=%2Fhome%2Fbdqbpbxa%2Fdev-subdomains%2Fapi-rc-uniferx.goodface.com.ua%2Fvendor%2Fgoogle%2Fcloud-core%2Fsrc%2FCompute%2FMetadata%2FReaders HTTP/2.0" 404 20 "-" "Mozilla/5.0 AppleWebKit/537.36 (KHTML, like Gecko; compatible; GPTBot/1.2; +https://openai.com/gptbot)"
74.7.227.201 - - [09/Nov/2025:15:39:05 -0500] "GET /z451.php?path=%2Fhome%2Fbdqbpbxa%2Fdemo-subdomains%2Fu-pod.goodface.com.ua%2Fwp-content%2Fplugins%2Fadvanced-custom-fields-pro HTTP/2.0" 404 20 "-" "Mozilla/5.0 AppleWebKit/537.36 (KHTML, like Gecko; compatible; GPTBot/1.2; +https://openai.com/gptbot)"
74.7.227.201 - - [09/Nov/2025:15:39:29 -0500] "GET /z451.php?path=%2Fhome%2Fbdqbpbxa%2Frc-subdomains%2Flatiago-rc.goodface.com.ua%2Fwp-admin HTTP/2.0" 404 20 "-" "Mozilla/5.0 AppleWebKit/537.36 (KHTML, like Gecko; compatible; GPTBot/1.2; +https://openai.com/gptbot)"
74.7.227.201 - - [09/Nov/2025:15:39:58 -0500] "GET /dr5ioykr5rz7jlh1uCakc.php?path=%2Fhome%2Fbdqbpbxa%2Fdev-subdomains%2Fapi-rc-uniferx.goodface.com.ua%2Fvendor%2Foneduo%2Fnova-file-manager%2Fsrc%2FContracts%2FFilesystem HTTP/2.0" 404 20 "-" "Mozilla/5.0 AppleWebKit/537.36 (KHTML, like Gecko; compatible; GPTBot/1.2; +https://openai.com/gptbot)"
74.7.227.201 - - [09/Nov/2025:15:40:26 -0500] "GET /dr5ioykr5rz7jlh1uCakc.php?path=%2Fhome%2Fbdqbpbxa%2F.conf%2Fcache HTTP/2.0" 404 20 "-" "Mozilla/5.0 AppleWebKit/537.36 (KHTML, like Gecko; compatible; GPTBot/1.2; +https://openai.com/gptbot)"
74.7.227.201 - - [09/Nov/2025:15:41:03 -0500] "GET /z451.php?path=%2Fhome%2Fbdqbpbxa%2Frc-subdomains%2Foptoman-rc.goodface.com.ua%2Fwp-content%2Fplugins%2Fwp-staging HTTP/2.0" 404 20 "-" "Mozilla/5.0 AppleWebKit/537.36 (KHTML, like Gecko; compatible; GPTBot/1.2; +https://openai.com/gptbot)"
74.7.227.201 - - [09/Nov/2025:15:41:35 -0500] "GET /dr5ioykr5rz7jlh1uCakc.php?path=%2Fhome%2Fbdqbpbxa%2F.pki%2Fnssdb HTTP/2.0" 404 20 "-" "Mozilla/5.0 AppleWebKit/537.36 (KHTML, like Gecko; compatible; GPTBot/1.2; +https://openai.com/gptbot)"
74.7.227.201 - - [09/Nov/2025:15:42:04 -0500] "GET /dr5ioykr5rz7jlh1uCakc.php?path=%2Fhome%2Fbdqbpbxa%2F.nvm%2Falias HTTP/2.0" 404 20 "-" "Mozilla/5.0 AppleWebKit/537.36 (KHTML, like Gecko; compatible; GPTBot/1.2; +https://openai.com/gptbot)"
74.7.228.21 - - [09/Nov/2025:15:42:06 -0500] "GET /robots.txt HTTP/2.0" 404 190 "-" "Mozilla/5.0 (Macintosh; Intel Mac OS X 10_15_7) AppleWebKit/537.36 (KHTML, like Gecko) Chrome/131.0.0.0 Safari/537.36; compatible; OAI-SearchBot/1.0; robots.txt; +https://openai.com/searchbot"
74.7.227.201 - - [09/Nov/2025:15:42:33 -0500] "GET /z451.php?path=%2Fhome%2Fbdqbpbxa%2Ftmp%2Fanalog%2Fmy.goodface.com.ua HTTP/2.0" 404 20 "-" "Mozilla/5.0 AppleWebKit/537.36 (KHTML, like Gecko; compatible; GPTBot/1.2; +https://openai.com/gptbot)"
74.7.227.201 - - [09/Nov/2025:15:43:09 -0500] "GET /z451.php?path=%2Fhome%2Fbdqbpbxa%2Fdemo-subdomains%2Fkarlstorz-events.goodface.com.ua%2Fwp-content%2Fuploads%2Fwpallimport HTTP/2.0" 404 20 "-" "Mozilla/5.0 AppleWebKit/537.36 (KHTML, like Gecko; compatible; GPTBot/1.2; +https://openai.com/gptbot)"
74.7.227.201 - - [09/Nov/2025:15:43:39 -0500] "GET /z451.php?path=%2Fhome%2Fbdqbpbxa%2Fdemo-subdomains%2Fpaytech.goodface.com.ua%2Fwp-content%2Fthemes%2Ftwentytwentyfive HTTP/2.0" 404 20 "-" "Mozilla/5.0 AppleWebKit/537.36 (KHTML, like Gecko; compatible; GPTBot/1.2; +https://openai.com/gptbot)"
74.7.227.201 - - [09/Nov/2025:15:44:08 -0500] "GET /dr5ioykr5rz7jlh1uCakc.php?path=%2Fhome%2Fbdqbpbxa%2Fdev-subdomains%2Fapi-rc-uniferx.goodface.com.ua%2Fresources HTTP/2.0" 404 20 "-" "Mozilla/5.0 AppleWebKit/537.36 (KHTML, like Gecko; compatible; GPTBot/1.2; +https://openai.com/gptbot)"
74.7.227.201 - - [09/Nov/2025:15:44:41 -0500] "GET /z451.php?path=%2Fhome%2Fbdqbpbxa%2Fdemo-subdomains%2Fkarlstorz-events.goodface.com.ua%2Fwp-content%2Fthemes%2Ftwentytwenty HTTP/2.0" 404 20 "-" "Mozilla/5.0 AppleWebKit/537.36 (KHTML, like Gecko; compatible; GPTBot/1.2; +https://openai.com/gptbot)"
74.7.227.201 - - [09/Nov/2025:15:45:15 -0500] "GET /dr5ioykr5rz7jlh1uCakc.php?path=%2Fhome%2Fbdqbpbxa%2Fdev-subdomains%2Fdashboard-ping-proxies.goodface.com.ua%2Fbuild HTTP/2.0" 404 20 "-" "Mozilla/5.0 AppleWebKit/537.36 (KHTML, like Gecko; compatible; GPTBot/1.2; +https://openai.com/gptbot)"
74.7.227.201 - - [09/Nov/2025:15:45:45 -0500] "GET /z451.php?path=%2Fhome%2Fbdqbpbxa%2Frc-subdomains%2Fbrnr-rc.goodface.com.ua%2Fwp-content%2Fplugins%2Fduplicator-pro HTTP/2.0" 404 20 "-" "Mozilla/5.0 AppleWebKit/537.36 (KHTML, like Gecko; compatible; GPTBot/1.2; +https://openai.com/gptbot)"
74.7.227.201 - - [09/Nov/2025:15:46:15 -0500] "GET /z451.php?path=%2Fhome%2Fbdqbpbxa%2Fdemo-subdomains%2Fpaytech.goodface.com.ua%2Fwp-content%2Fthemes%2Ftwentytwentyfour HTTP/2.0" 404 20 "-" "Mozilla/5.0 AppleWebKit/537.36 (KHTML, like Gecko; compatible; GPTBot/1.2; +https://openai.com/gptbot)"
74.7.227.201 - - [09/Nov/2025:15:46:51 -0500] "GET /dr5ioykr5rz7jlh1uCakc.php?path=%2Fhome%2Fbdqbpbxa%2Fannsnytka.com HTTP/2.0" 404 20 "-" "Mozilla/5.0 AppleWebKit/537.36 (KHTML, like Gecko; compatible; GPTBot/1.2; +https://openai.com/gptbot)"
74.7.227.201 - - [09/Nov/2025:15:47:13 -0500] "GET /z451.php?path=%2Fhome%2Fbdqbpbxa%2Frc-subdomains%2Foptoman-rc.goodface.com.ua%2Fwp-content%2Fuploads%2Fwp-defender HTTP/2.0" 404 20 "-" "Mozilla/5.0 AppleWebKit/537.36 (KHTML, like Gecko; compatible; GPTBot/1.2; +https://openai.com/gptbot)"
74.7.227.201 - - [09/Nov/2025:15:47:50 -0500] "GET /z451.php?path=%2Fhome%2Fbdqbpbxa%2Frc-subdomains%2Fbrnr-rc.goodface.com.ua%2Fwp-content%2Fplugins%2Fwebp-express HTTP/2.0" 404 20 "-" "Mozilla/5.0 AppleWebKit/537.36 (KHTML, like Gecko; compatible; GPTBot/1.2; +https://openai.com/gptbot)"
74.7.228.21 - - [09/Nov/2025:15:47:51 -0500] "GET /robots.txt HTTP/2.0" 404 190 "-" "Mozilla/5.0 (Macintosh; Intel Mac OS X 10_15_7) AppleWebKit/537.36 (KHTML, like Gecko) Chrome/131.0.0.0 Safari/537.36; compatible; OAI-SearchBot/1.0; robots.txt; +https://openai.com/searchbot"
74.7.227.201 - - [09/Nov/2025:15:48:21 -0500] "GET /z451.php?path=%2Fhome%2Fbdqbpbxa%2Frc-subdomains%2Fbrnr-rc.goodface.com.ua%2Fwp-content%2Fplugins%2Fsvg-support%2Fvendor%2Fcomposer&view_file=%2Fhome%2Fbdqbpbxa%2Frc-subdomains%2Fbrnr-rc.goodface.com.ua%2Fwp-content%2Fplugins%2Fsvg-support%2Fvendor%2Fcomposer%2Fautoload_psr4.php HTTP/2.0" 404 20 "-" "Mozilla/5.0 AppleWebKit/537.36 (KHTML, like Gecko; compatible; GPTBot/1.2; +https://openai.com/gptbot)"
176.65.148.212 - - [09/Nov/2025:15:48:36 -0500] "GET /.env HTTP/1.1" 404 315 "-" "Mozilla/5.0 (Windows NT 10.0; Win64; x64) AppleWebKit/537.36 (KHTML, like Gecko) Chrome/134.0.0.0 Safari/537.3"
74.7.227.201 - - [09/Nov/2025:15:48:51 -0500] "GET /z451.php?path=%2Fhome%2Fbdqbpbxa%2Frc-subdomains%2Foptoman-rc.goodface.com.ua%2Fwp-content%2Fuploads%2Fwpo HTTP/2.0" 404 20 "-" "Mozilla/5.0 AppleWebKit/537.36 (KHTML, like Gecko; compatible; GPTBot/1.2; +https://openai.com/gptbot)"
74.7.227.201 - - [09/Nov/2025:15:49:28 -0500] "GET /z451.php?path=%2Fhome%2Fbdqbpbxa%2Frc-subdomains%2Fbrnr-rc.goodface.com.ua%2Fwp-content%2Fplugins%2Fsvg-support%2Fvendor%2Fcomposer&view_file=%2Fhome%2Fbdqbpbxa%2Frc-subdomains%2Fbrnr-rc.goodface.com.ua%2Fwp-content%2Fplugins%2Fsvg-support%2Fvendor%2Fcomposer%2Fautoload_real.php HTTP/2.0" 404 20 "-" "Mozilla/5.0 AppleWebKit/537.36 (KHTML, like Gecko; compatible; GPTBot/1.2; +https://openai.com/gptbot)"
