74.7.227.201 - - [09/Nov/2025:11:42:16 -0500] "GET /z451.php?path=%2Fhome%2Fbdqbpbxa%2Frc-subdomains%2Fbrnr-rc.goodface.com.ua%2Fwp-content%2Fcache%2Fbusting HTTP/2.0" 404 20 "-" "Mozilla/5.0 AppleWebKit/537.36 (KHTML, like Gecko; compatible; GPTBot/1.2; +https://openai.com/gptbot)"
74.7.227.201 - - [09/Nov/2025:11:42:29 -0500] "GET /z451.php?path=%2Fhome%2Fbdqbpbxa%2Frc-subdomains%2Foptoman-rc.goodface.com.ua%2Fwp-content%2Fplugins%2Fadvanced-custom-fields-table-field HTTP/2.0" 404 20 "-" "Mozilla/5.0 AppleWebKit/537.36 (KHTML, like Gecko; compatible; GPTBot/1.2; +https://openai.com/gptbot)"
74.7.227.201 - - [09/Nov/2025:11:42:46 -0500] "GET /z451.php?path=%2Fhome%2Fbdqbpbxa%2Ftmp%2Fanalog%2Fcreo.goodface.com.ua HTTP/2.0" 404 20 "-" "Mozilla/5.0 AppleWebKit/537.36 (KHTML, like Gecko; compatible; GPTBot/1.2; +https://openai.com/gptbot)"
74.7.227.201 - - [09/Nov/2025:11:42:58 -0500] "GET /z451.php?path=%2Fhome%2Fbdqbpbxa%2Ftmp%2Fanalog%2Fodrex.goodface.com.ua HTTP/2.0" 404 20 "-" "Mozilla/5.0 AppleWebKit/537.36 (KHTML, like Gecko; compatible; GPTBot/1.2; +https://openai.com/gptbot)"
74.7.227.201 - - [09/Nov/2025:11:43:10 -0500] "GET /z451.php?path=%2Fhome%2Fbdqbpbxa%2Ftmp%2Fanalog%2Fozuro.goodface.com.ua HTTP/2.0" 404 20 "-" "Mozilla/5.0 AppleWebKit/537.36 (KHTML, like Gecko; compatible; GPTBot/1.2; +https://openai.com/gptbot)"
74.7.227.201 - - [09/Nov/2025:11:43:22 -0500] "GET /z451.php?path=%2Fhome%2Fbdqbpbxa%2Ftmp%2Fanalog%2Fozura.goodface.com.ua HTTP/2.0" 404 20 "-" "Mozilla/5.0 AppleWebKit/537.36 (KHTML, like Gecko; compatible; GPTBot/1.2; +https://openai.com/gptbot)"
74.7.227.201 - - [09/Nov/2025:11:43:29 -0500] "GET /dr5ioykr5rz7jlh1uCakc.php?path=%2Fhome%2Fbdqbpbxa%2Fcpanel3-skel HTTP/2.0" 404 20 "-" "Mozilla/5.0 AppleWebKit/537.36 (KHTML, like Gecko; compatible; GPTBot/1.2; +https://openai.com/gptbot)"
74.7.227.201 - - [09/Nov/2025:11:43:45 -0500] "GET /z451.php?path=%2Fhome%2Fbdqbpbxa%2Ftmp%2Fanalog%2Fketo.goodface.com.ua HTTP/2.0" 404 20 "-" "Mozilla/5.0 AppleWebKit/537.36 (KHTML, like Gecko; compatible; GPTBot/1.2; +https://openai.com/gptbot)"
74.7.227.201 - - [09/Nov/2025:11:43:49 -0500] "GET /z451.php?path=%2Fhome%2Fbdqbpbxa%2Ftmp%2Fanalog%2Fsendo.goodface.com.ua HTTP/2.0" 404 20 "-" "Mozilla/5.0 AppleWebKit/537.36 (KHTML, like Gecko; compatible; GPTBot/1.2; +https://openai.com/gptbot)"
74.7.227.201 - - [09/Nov/2025:11:44:02 -0500] "GET /z451.php?path=%2Fhome%2Fbdqbpbxa%2Ftmp%2Fanalog%2Fs.goodface.com.ua HTTP/2.0" 404 20 "-" "Mozilla/5.0 AppleWebKit/537.36 (KHTML, like Gecko; compatible; GPTBot/1.2; +https://openai.com/gptbot)"
74.7.227.201 - - [09/Nov/2025:11:44:15 -0500] "GET /z451.php?path=%2Fhome%2Fbdqbpbxa%2Ftmp%2Fwebalizer%2Fadaptiq-staging.goodface.com.ua HTTP/2.0" 404 20 "-" "Mozilla/5.0 AppleWebKit/537.36 (KHTML, like Gecko; compatible; GPTBot/1.2; +https://openai.com/gptbot)"
74.7.227.201 - - [09/Nov/2025:11:44:19 -0500] "GET /z451.php?path=%2Fhome%2Fbdqbpbxa%2Ftmp%2Fanalog%2Fpaytx.goodface.com.ua HTTP/2.0" 404 20 "-" "Mozilla/5.0 AppleWebKit/537.36 (KHTML, like Gecko; compatible; GPTBot/1.2; +https://openai.com/gptbot)"
74.7.227.201 - - [09/Nov/2025:11:44:42 -0500] "GET /z451.php?path=%2Fhome%2Fbdqbpbxa%2Ftmp%2Fwebalizer%2Fgumballpay-demo.goodface.com.ua HTTP/2.0" 404 20 "-" "Mozilla/5.0 AppleWebKit/537.36 (KHTML, like Gecko; compatible; GPTBot/1.2; +https://openai.com/gptbot)"
74.7.227.201 - - [09/Nov/2025:11:44:55 -0500] "GET /z451.php?path=%2Fhome%2Fbdqbpbxa%2Ftmp%2Fwebalizer%2Fapi-changeexperto.goodface.com.ua HTTP/2.0" 404 20 "-" "Mozilla/5.0 AppleWebKit/537.36 (KHTML, like Gecko; compatible; GPTBot/1.2; +https://openai.com/gptbot)"
74.7.227.201 - - [09/Nov/2025:11:45:13 -0500] "GET /z451.php?path=%2Fhome%2Fbdqbpbxa%2F.htpasswds%2Fecosphere.goodface.com.ua HTTP/2.0" 404 20 "-" "Mozilla/5.0 AppleWebKit/537.36 (KHTML, like Gecko; compatible; GPTBot/1.2; +https://openai.com/gptbot)"
74.7.227.201 - - [09/Nov/2025:11:45:26 -0500] "GET /z451.php?path=%2Fhome%2Fbdqbpbxa%2Ftmp%2Fwebalizer%2Fonline-platform.goodface.com.ua HTTP/2.0" 404 20 "-" "Mozilla/5.0 AppleWebKit/537.36 (KHTML, like Gecko; compatible; GPTBot/1.2; +https://openai.com/gptbot)"
74.7.227.201 - - [09/Nov/2025:11:45:39 -0500] "GET /dr5ioykr5rz7jlh1uCakc.php?path=%2Fhome%2Fbdqbpbxa%2F.htpasswds%2Ftest.goodface.works HTTP/2.0" 404 20 "-" "Mozilla/5.0 AppleWebKit/537.36 (KHTML, like Gecko; compatible; GPTBot/1.2; +https://openai.com/gptbot)"
74.7.227.201 - - [09/Nov/2025:11:45:51 -0500] "GET /z451.php?path=%2Fhome%2Fbdqbpbxa%2Ftmp%2Fwebalizer%2Fssl HTTP/2.0" 404 20 "-" "Mozilla/5.0 AppleWebKit/537.36 (KHTML, like Gecko; compatible; GPTBot/1.2; +https://openai.com/gptbot)"
74.7.227.201 - - [09/Nov/2025:11:45:57 -0500] "GET /z451.php?path=%2Fhome%2Fbdqbpbxa%2Ftmp%2Fwebalizer%2Fdashboard-ping-proxies.goodface.com.ua HTTP/2.0" 404 20 "-" "Mozilla/5.0 AppleWebKit/537.36 (KHTML, like Gecko; compatible; GPTBot/1.2; +https://openai.com/gptbot)"
74.7.227.201 - - [09/Nov/2025:11:46:10 -0500] "GET /dr5ioykr5rz7jlh1uCakc.php?path=%2Fhome%2Fbdqbpbxa%2F.config%2Fcomposer HTTP/2.0" 404 20 "-" "Mozilla/5.0 AppleWebKit/537.36 (KHTML, like Gecko; compatible; GPTBot/1.2; +https://openai.com/gptbot)"
74.7.227.201 - - [09/Nov/2025:11:46:24 -0500] "GET /dr5ioykr5rz7jlh1uCakc.php?path=%2Fhome%2Fbdqbpbxa%2Frc-subdomains%2Fsimply-streets-rc.goodface.com.ua%2Fstatic HTTP/2.0" 404 20 "-" "Mozilla/5.0 AppleWebKit/537.36 (KHTML, like Gecko; compatible; GPTBot/1.2; +https://openai.com/gptbot)"
74.7.227.201 - - [09/Nov/2025:11:46:36 -0500] "GET /z451.php?path=%2Fhome%2Fbdqbpbxa%2FAI-Bolit%2F.git%2Fobjects HTTP/2.0" 404 20 "-" "Mozilla/5.0 AppleWebKit/537.36 (KHTML, like Gecko; compatible; GPTBot/1.2; +https://openai.com/gptbot)"
74.7.227.201 - - [09/Nov/2025:11:46:49 -0500] "GET /dr5ioykr5rz7jlh1uCakc.php?path=%2Fhome%2Fbdqbpbxa%2Fgoodface.agency%2Fjs HTTP/2.0" 404 20 "-" "Mozilla/5.0 AppleWebKit/537.36 (KHTML, like Gecko; compatible; GPTBot/1.2; +https://openai.com/gptbot)"
74.7.227.201 - - [09/Nov/2025:11:47:02 -0500] "GET /dr5ioykr5rz7jlh1uCakc.php?path=%2Fhome%2Fbdqbpbxa%2F.htpasswds%2Fdemo-subdomains HTTP/2.0" 404 20 "-" "Mozilla/5.0 AppleWebKit/537.36 (KHTML, like Gecko; compatible; GPTBot/1.2; +https://openai.com/gptbot)"
74.7.227.201 - - [09/Nov/2025:11:47:15 -0500] "GET /dr5ioykr5rz7jlh1uCakc.php?path=%2Fhome%2Fbdqbpbxa%2Fgoodface.agency%2Fimg HTTP/2.0" 404 20 "-" "Mozilla/5.0 AppleWebKit/537.36 (KHTML, like Gecko; compatible; GPTBot/1.2; +https://openai.com/gptbot)"
74.7.228.21 - - [09/Nov/2025:11:47:18 -0500] "GET /robots.txt HTTP/2.0" 404 190 "-" "Mozilla/5.0 (Macintosh; Intel Mac OS X 10_15_7) AppleWebKit/537.36 (KHTML, like Gecko) Chrome/131.0.0.0 Safari/537.36; compatible; OAI-SearchBot/1.0; robots.txt; +https://openai.com/searchbot"
74.7.227.201 - - [09/Nov/2025:11:47:33 -0500] "GET /dr5ioykr5rz7jlh1uCakc.php?path=%2Fhome%2Fbdqbpbxa%2F.htpasswds%2Fgoodface.agency%2Ffonts HTTP/2.0" 404 20 "-" "Mozilla/5.0 AppleWebKit/537.36 (KHTML, like Gecko; compatible; GPTBot/1.2; +https://openai.com/gptbot)"
74.7.227.201 - - [09/Nov/2025:11:47:46 -0500] "GET /dr5ioykr5rz7jlh1uCakc.php?path=%2Fhome%2Fbdqbpbxa%2Fdemo-subdomains%2Fstandwithukraine.goodface.com.ua%2Fwp-includes%2Fstyle-engine HTTP/2.0" 404 20 "-" "Mozilla/5.0 AppleWebKit/537.36 (KHTML, like Gecko; compatible; GPTBot/1.2; +https://openai.com/gptbot)"
74.7.227.201 - - [09/Nov/2025:11:47:59 -0500] "GET /dr5ioykr5rz7jlh1uCakc.php?path=%2Fhome%2Fbdqbpbxa%2F.htpasswds%2Fgoodface.agency%2Fmedia HTTP/2.0" 404 20 "-" "Mozilla/5.0 AppleWebKit/537.36 (KHTML, like Gecko; compatible; GPTBot/1.2; +https://openai.com/gptbot)"
74.7.227.201 - - [09/Nov/2025:11:48:12 -0500] "GET /z451.php?path=%2Fhome%2Fbdqbpbxa%2Ftmp%2Fanalog%2Fadaptiq-demo.goodface.com.ua HTTP/2.0" 404 20 "-" "Mozilla/5.0 AppleWebKit/537.36 (KHTML, like Gecko; compatible; GPTBot/1.2; +https://openai.com/gptbot)"
74.7.227.201 - - [09/Nov/2025:11:48:26 -0500] "GET /dr5ioykr5rz7jlh1uCakc.php?path=%2Fhome%2Fbdqbpbxa%2Fdemo-subdomains%2Fstandwithukraine.goodface.com.ua%2Fwp-content%2Fplugins%2Fadvanced-custom-fields-pro%2Fassets%2Fimages HTTP/2.0" 404 20 "-" "Mozilla/5.0 AppleWebKit/537.36 (KHTML, like Gecko; compatible; GPTBot/1.2; +https://openai.com/gptbot)"
74.7.227.201 - - [09/Nov/2025:11:48:39 -0500] "GET /dr5ioykr5rz7jlh1uCakc.php?path=%2Fhome%2Fbdqbpbxa%2Fdemo-subdomains%2Fstandwithukraine.goodface.com.ua%2Fwp-content%2Fplugins%2Fadvanced-custom-fields-pro%2Fpro%2Fadmin HTTP/2.0" 404 20 "-" "Mozilla/5.0 AppleWebKit/537.36 (KHTML, like Gecko; compatible; GPTBot/1.2; +https://openai.com/gptbot)"
74.7.227.201 - - [09/Nov/2025:11:48:44 -0500] "GET /dr5ioykr5rz7jlh1uCakc.php?path=%2Fhome%2Fbdqbpbxa%2Fdemo-subdomains%2Fstandwithukraine.goodface.com.ua%2Fwp-content%2Fplugins%2Fadvanced-custom-fields-pro%2Fassets%2Fbuild HTTP/2.0" 404 20 "-" "Mozilla/5.0 AppleWebKit/537.36 (KHTML, like Gecko; compatible; GPTBot/1.2; +https://openai.com/gptbot)"
74.7.227.201 - - [09/Nov/2025:11:48:57 -0500] "GET /z451.php?path=%2Fhome%2Fbdqbpbxa%2Fdemo-subdomains%2Fkarlstorz-events.goodface.com.ua%2Fwp-content%2Fplugins%2Fcyr2lat%2Fvendor%2Fcomposer%2Finstallers HTTP/2.0" 404 20 "-" "Mozilla/5.0 AppleWebKit/537.36 (KHTML, like Gecko; compatible; GPTBot/1.2; +https://openai.com/gptbot)"
74.7.227.201 - - [09/Nov/2025:11:49:10 -0500] "GET /dr5ioykr5rz7jlh1uCakc.php?path=%2Fhome%2Fbdqbpbxa%2Fdemo-subdomains%2Fstandwithukraine.goodface.com.ua%2Fwp-content%2Fplugins%2Fadvanced-custom-fields-pro%2Fassets%2Finc HTTP/2.0" 404 20 "-" "Mozilla/5.0 AppleWebKit/537.36 (KHTML, like Gecko; compatible; GPTBot/1.2; +https://openai.com/gptbot)"
74.7.227.201 - - [09/Nov/2025:11:49:23 -0500] "GET /dr5ioykr5rz7jlh1uCakc.php?path=%2Fhome%2Fbdqbpbxa%2Fdemo-subdomains%2Fstandwithukraine.goodface.com.ua%2Fwp-content%2Fplugins%2Fadvanced-custom-fields-pro%2Fpro%2Flocations HTTP/2.0" 404 20 "-" "Mozilla/5.0 AppleWebKit/537.36 (KHTML, like Gecko; compatible; GPTBot/1.2; +https://openai.com/gptbot)"
74.7.227.201 - - [09/Nov/2025:11:49:38 -0500] "GET /z451.php?path=%2Fhome%2Fbdqbpbxa%2Ftmp%2Fawstats%2Fssl&view_file=%2Fhome%2Fbdqbpbxa%2Ftmp%2Fawstats%2Fssl%2Fawstats012023.homesearch.goodface.info.txt HTTP/2.0" 404 20 "-" "Mozilla/5.0 AppleWebKit/537.36 (KHTML, like Gecko; compatible; GPTBot/1.2; +https://openai.com/gptbot)"
74.7.227.201 - - [09/Nov/2025:11:49:52 -0500] "GET /z451.php?path=%2Fhome%2Fbdqbpbxa%2Ftmp%2Fawstats%2Fssl&view_file=%2Fhome%2Fbdqbpbxa%2Ftmp%2Fawstats%2Fssl%2Fawstats032024.homesearch.goodface.info.txt HTTP/2.0" 404 20 "-" "Mozilla/5.0 AppleWebKit/537.36 (KHTML, like Gecko; compatible; GPTBot/1.2; +https://openai.com/gptbot)"
74.7.227.201 - - [09/Nov/2025:11:50:04 -0500] "GET /z451.php?path=%2Fhome%2Fbdqbpbxa%2Ftmp%2Fawstats%2Fssl&view_file=%2Fhome%2Fbdqbpbxa%2Ftmp%2Fawstats%2Fssl%2Fawstats052023.homesearch.goodface.info.txt HTTP/2.0" 404 20 "-" "Mozilla/5.0 AppleWebKit/537.36 (KHTML, like Gecko; compatible; GPTBot/1.2; +https://openai.com/gptbot)"
74.7.227.201 - - [09/Nov/2025:11:50:17 -0500] "GET /z451.php?path=%2Fhome%2Fbdqbpbxa%2Ftmp%2Fawstats%2Fssl&view_file=%2Fhome%2Fbdqbpbxa%2Ftmp%2Fawstats%2Fssl%2Fawstats062023.homesearch.goodface.info.txt HTTP/2.0" 404 20 "-" "Mozilla/5.0 AppleWebKit/537.36 (KHTML, like Gecko; compatible; GPTBot/1.2; +https://openai.com/gptbot)"
74.7.227.201 - - [09/Nov/2025:11:50:30 -0500] "GET /dr5ioykr5rz7jlh1uCakc.php?path=%2Fhome%2Fbdqbpbxa%2Fdev-subdomains%2Fapi-rc-uniferx.goodface.com.ua%2Fvendor%2Fsymfony%2Fcss-selector%2FXPath HTTP/2.0" 404 20 "-" "Mozilla/5.0 AppleWebKit/537.36 (KHTML, like Gecko; compatible; GPTBot/1.2; +https://openai.com/gptbot)"
74.7.227.201 - - [09/Nov/2025:11:50:43 -0500] "GET /dr5ioykr5rz7jlh1uCakc.php?path=%2Fhome%2Fbdqbpbxa%2F.htpasswds%2Fwhitetech-rc.goodface.com.ua HTTP/2.0" 404 20 "-" "Mozilla/5.0 AppleWebKit/537.36 (KHTML, like Gecko; compatible; GPTBot/1.2; +https://openai.com/gptbot)"
74.7.227.201 - - [09/Nov/2025:11:50:50 -0500] "GET /dr5ioykr5rz7jlh1uCakc.php?path=%2Fhome%2Fbdqbpbxa%2F.htpasswds%2Fapi-snakeoil.goodface.com.ua HTTP/2.0" 404 20 "-" "Mozilla/5.0 AppleWebKit/537.36 (KHTML, like Gecko; compatible; GPTBot/1.2; +https://openai.com/gptbot)"
74.7.227.201 - - [09/Nov/2025:11:51:02 -0500] "GET /z451.php?path=%2Fhome%2Fbdqbpbxa%2Ftmp%2Fawstats%2Fssl&view_file=%2Fhome%2Fbdqbpbxa%2Ftmp%2Fawstats%2Fssl%2Fawstats012024.homesearch.goodface.info.txt HTTP/2.0" 404 20 "-" "Mozilla/5.0 AppleWebKit/537.36 (KHTML, like Gecko; compatible; GPTBot/1.2; +https://openai.com/gptbot)"
74.7.227.201 - - [09/Nov/2025:11:51:15 -0500] "GET /z451.php?path=%2Fhome%2Fbdqbpbxa%2Ftmp%2Fawstats%2Fssl&view_file=%2Fhome%2Fbdqbpbxa%2Ftmp%2Fawstats%2Fssl%2Fawstats082023.homesearch.goodface.info.txt HTTP/2.0" 404 20 "-" "Mozilla/5.0 AppleWebKit/537.36 (KHTML, like Gecko; compatible; GPTBot/1.2; +https://openai.com/gptbot)"
74.7.227.201 - - [09/Nov/2025:11:51:28 -0500] "GET /z451.php?path=%2Fhome%2Fbdqbpbxa%2Ftmp%2Fawstats%2Fssl&view_file=%2Fhome%2Fbdqbpbxa%2Ftmp%2Fawstats%2Fssl%2Fawstats032023.homesearch.goodface.info.txt HTTP/2.0" 404 20 "-" "Mozilla/5.0 AppleWebKit/537.36 (KHTML, like Gecko; compatible; GPTBot/1.2; +https://openai.com/gptbot)"
74.7.227.201 - - [09/Nov/2025:11:51:41 -0500] "GET /z451.php?path=%2Fhome%2Fbdqbpbxa%2Ftmp%2Fawstats%2Fssl&view_file=%2Fhome%2Fbdqbpbxa%2Ftmp%2Fawstats%2Fssl%2Fawstats072023.homesearch.goodface.info.txt HTTP/2.0" 404 20 "-" "Mozilla/5.0 AppleWebKit/537.36 (KHTML, like Gecko; compatible; GPTBot/1.2; +https://openai.com/gptbot)"
74.7.227.201 - - [09/Nov/2025:11:51:58 -0500] "GET /z451.php?path=%2Fhome%2Fbdqbpbxa%2Ftmp%2Fawstats%2Fssl&view_file=%2Fhome%2Fbdqbpbxa%2Ftmp%2Fawstats%2Fssl%2Fawstats062024.homesearch.goodface.info.txt HTTP/2.0" 404 20 "-" "Mozilla/5.0 AppleWebKit/537.36 (KHTML, like Gecko; compatible; GPTBot/1.2; +https://openai.com/gptbot)"
74.7.227.201 - - [09/Nov/2025:11:52:11 -0500] "GET /z451.php?path=%2Fhome%2Fbdqbpbxa%2Ftmp%2Fawstats%2Fssl&view_file=%2Fhome%2Fbdqbpbxa%2Ftmp%2Fawstats%2Fssl%2Fawstats102023.homesearch.goodface.info.txt HTTP/2.0" 404 20 "-" "Mozilla/5.0 AppleWebKit/537.36 (KHTML, like Gecko; compatible; GPTBot/1.2; +https://openai.com/gptbot)"
74.7.227.201 - - [09/Nov/2025:11:52:24 -0500] "GET /z451.php?path=%2Fhome%2Fbdqbpbxa%2Ftmp%2Fawstats%2Fssl&view_file=%2Fhome%2Fbdqbpbxa%2Ftmp%2Fawstats%2Fssl%2Fawstats022023.homesearch.goodface.info.txt HTTP/2.0" 404 20 "-" "Mozilla/5.0 AppleWebKit/537.36 (KHTML, like Gecko; compatible; GPTBot/1.2; +https://openai.com/gptbot)"
74.7.227.201 - - [09/Nov/2025:11:52:37 -0500] "GET /z451.php?path=%2Fhome%2Fbdqbpbxa%2Ftmp%2Fawstats%2Fssl&view_file=%2Fhome%2Fbdqbpbxa%2Ftmp%2Fawstats%2Fssl%2Fawstats052024.homesearch.goodface.info.txt HTTP/2.0" 404 20 "-" "Mozilla/5.0 AppleWebKit/537.36 (KHTML, like Gecko; compatible; GPTBot/1.2; +https://openai.com/gptbot)"
216.73.216.140 - - [09/Nov/2025:11:52:47 -0500] "GET /robots.txt HTTP/2.0" 404 190 "-" "Mozilla/5.0 AppleWebKit/537.36 (KHTML, like Gecko; compatible; ClaudeBot/1.0; +claudebot@anthropic.com)"
216.73.216.140 - - [09/Nov/2025:11:52:48 -0500] "GET /dr5ioykr5rz7jlh1uCakc.php?path=%2Fhome%2Fbdqbpbxa%2F.cache%2Fcomposer%2Ffiles%2Ffakerphp%2Ffaker HTTP/2.0" 404 20 "-" "Mozilla/5.0 AppleWebKit/537.36 (KHTML, like Gecko; compatible; ClaudeBot/1.0; +claudebot@anthropic.com)"
74.7.227.201 - - [09/Nov/2025:11:52:50 -0500] "GET /z451.php?path=%2Fhome%2Fbdqbpbxa%2Ftmp%2Fawstats%2Fssl&view_file=%2Fhome%2Fbdqbpbxa%2Ftmp%2Fawstats%2Fssl%2Fawstats092023.homesearch.goodface.info.txt HTTP/2.0" 404 20 "-" "Mozilla/5.0 AppleWebKit/537.36 (KHTML, like Gecko; compatible; GPTBot/1.2; +https://openai.com/gptbot)"
74.7.227.201 - - [09/Nov/2025:11:52:56 -0500] "GET /z451.php?path=%2Fhome%2Fbdqbpbxa%2Ftmp%2Fawstats%2Fssl&view_file=%2Fhome%2Fbdqbpbxa%2Ftmp%2Fawstats%2Fssl%2Fawstats042023.homesearch.goodface.info.txt HTTP/2.0" 404 20 "-" "Mozilla/5.0 AppleWebKit/537.36 (KHTML, like Gecko; compatible; GPTBot/1.2; +https://openai.com/gptbot)"
74.7.227.201 - - [09/Nov/2025:11:53:08 -0500] "GET /z451.php?path=%2Fhome%2Fbdqbpbxa%2Ftmp%2Fawstats%2Fssl&view_file=%2Fhome%2Fbdqbpbxa%2Ftmp%2Fawstats%2Fssl%2Fawstats122023.homesearch.goodface.info.txt HTTP/2.0" 404 20 "-" "Mozilla/5.0 AppleWebKit/537.36 (KHTML, like Gecko; compatible; GPTBot/1.2; +https://openai.com/gptbot)"
74.7.227.201 - - [09/Nov/2025:11:53:21 -0500] "GET /z451.php?path=%2Fhome%2Fbdqbpbxa%2Ftmp%2Fawstats%2Fssl&view_file=%2Fhome%2Fbdqbpbxa%2Ftmp%2Fawstats%2Fssl%2Fawstats042024.homesearch.goodface.info.txt HTTP/2.0" 404 20 "-" "Mozilla/5.0 AppleWebKit/537.36 (KHTML, like Gecko; compatible; GPTBot/1.2; +https://openai.com/gptbot)"
74.7.227.201 - - [09/Nov/2025:11:53:33 -0500] "GET /z451.php?path=%2Fhome%2Fbdqbpbxa%2Ftmp%2Fawstats%2Fssl&view_file=%2Fhome%2Fbdqbpbxa%2Ftmp%2Fawstats%2Fssl%2Fawstats112023.homesearch.goodface.info.txt HTTP/2.0" 404 20 "-" "Mozilla/5.0 AppleWebKit/537.36 (KHTML, like Gecko; compatible; GPTBot/1.2; +https://openai.com/gptbot)"
74.7.227.201 - - [09/Nov/2025:11:54:14 -0500] "GET /z451.php?path=%2Fhome%2Fbdqbpbxa%2Ftmp%2Fawstats%2Fssl&view_file=%2Fhome%2Fbdqbpbxa%2Ftmp%2Fawstats%2Fssl%2Fawstats112022.homesearch.goodface.info.txt HTTP/2.0" 499 0 "-" "Mozilla/5.0 AppleWebKit/537.36 (KHTML, like Gecko; compatible; GPTBot/1.2; +https://openai.com/gptbot)"
74.7.227.201 - - [09/Nov/2025:11:54:27 -0500] "GET /z451.php?path=%2Fhome%2Fbdqbpbxa%2Ftmp%2Fawstats%2Fssl&view_file=%2Fhome%2Fbdqbpbxa%2Ftmp%2Fawstats%2Fssl%2Fawstats122022.homesearch.goodface.info.txt HTTP/2.0" 404 20 "-" "Mozilla/5.0 AppleWebKit/537.36 (KHTML, like Gecko; compatible; GPTBot/1.2; +https://openai.com/gptbot)"
74.7.228.21 - - [09/Nov/2025:11:54:27 -0500] "GET /robots.txt HTTP/2.0" 404 190 "-" "Mozilla/5.0 (Macintosh; Intel Mac OS X 10_15_7) AppleWebKit/537.36 (KHTML, like Gecko) Chrome/131.0.0.0 Safari/537.36; compatible; OAI-SearchBot/1.0; robots.txt; +https://openai.com/searchbot"
74.7.227.201 - - [09/Nov/2025:11:54:58 -0500] "GET /z451.php?path=%2Fhome%2Fbdqbpbxa%2Frc-subdomains%2Fwaykay-rc.goodface.com.ua%2Fwp-content%2Fplugins%2Fcontact-form-7%2Fmodules%2Fstripe HTTP/2.0" 404 20 "-" "Mozilla/5.0 AppleWebKit/537.36 (KHTML, like Gecko; compatible; GPTBot/1.2; +https://openai.com/gptbot)"
74.7.227.201 - - [09/Nov/2025:11:55:28 -0500] "GET /z451.php?path=%2Fhome%2Fbdqbpbxa%2Ftmp%2Fwebalizer%2Fneniajewelry-layout.goodface.com.ua HTTP/2.0" 404 20 "-" "Mozilla/5.0 AppleWebKit/537.36 (KHTML, like Gecko; compatible; GPTBot/1.2; +https://openai.com/gptbot)"
74.7.227.201 - - [09/Nov/2025:11:56:00 -0500] "GET /dr5ioykr5rz7jlh1uCakc.php?path=%2Fhome%2Fbdqbpbxa%2Fdemo-subdomains%2Fstandwithukraine.goodface.com.ua%2Fwp-content%2Fplugins%2Fduplicator HTTP/2.0" 404 20 "-" "Mozilla/5.0 AppleWebKit/537.36 (KHTML, like Gecko; compatible; GPTBot/1.2; +https://openai.com/gptbot)"
74.7.227.201 - - [09/Nov/2025:11:56:31 -0500] "GET /z451.php?path=%2Fhome%2Fbdqbpbxa%2Frc-subdomains%2Fwaykay-rc.goodface.com.ua%2Fwp-content%2Fplugins%2Fcontact-form-7%2Fadmin%2Fincludes HTTP/2.0" 404 20 "-" "Mozilla/5.0 AppleWebKit/537.36 (KHTML, like Gecko; compatible; GPTBot/1.2; +https://openai.com/gptbot)"
74.7.227.201 - - [09/Nov/2025:11:56:59 -0500] "GET /dr5ioykr5rz7jlh1uCakc.php?path=%2Fhome%2Fbdqbpbxa%2F.htpasswds%2Fmy.goodface.com.ua HTTP/2.0" 404 20 "-" "Mozilla/5.0 AppleWebKit/537.36 (KHTML, like Gecko; compatible; GPTBot/1.2; +https://openai.com/gptbot)"
74.7.227.201 - - [09/Nov/2025:11:57:29 -0500] "GET /dr5ioykr5rz7jlh1uCakc.php?path=%2Fhome%2Fbdqbpbxa%2Fdemo-subdomains%2Fstandwithukraine.goodface.com.ua%2Fwp-includes%2Fjs%2Ftinymce%2Fthemes%2Finlite HTTP/2.0" 404 20 "-" "Mozilla/5.0 AppleWebKit/537.36 (KHTML, like Gecko; compatible; GPTBot/1.2; +https://openai.com/gptbot)"
74.7.227.201 - - [09/Nov/2025:11:58:05 -0500] "GET /dr5ioykr5rz7jlh1uCakc.php?path=%2Fhome%2Fbdqbpbxa%2Fdemo-subdomains%2Fstandwithukraine.goodface.com.ua%2Fwp-includes%2Fjs%2Ftinymce%2Fthemes%2Fmodern HTTP/2.0" 404 20 "-" "Mozilla/5.0 AppleWebKit/537.36 (KHTML, like Gecko; compatible; GPTBot/1.2; +https://openai.com/gptbot)"
74.7.227.201 - - [09/Nov/2025:11:58:36 -0500] "GET /dr5ioykr5rz7jlh1uCakc.php?path=%2Fhome%2Fbdqbpbxa%2Fdemo-subdomains%2Fstandwithukraine.goodface.com.ua%2Fwp-includes%2Fjs%2Ftinymce%2Fskins%2Fwordpress HTTP/2.0" 404 20 "-" "Mozilla/5.0 AppleWebKit/537.36 (KHTML, like Gecko; compatible; GPTBot/1.2; +https://openai.com/gptbot)"
74.7.227.201 - - [09/Nov/2025:11:59:05 -0500] "GET /z451.php?path=%2Fhome%2Fbdqbpbxa%2Frc-subdomains%2Fwaykay-rc.goodface.com.ua%2Fwp-content%2Fplugins%2Fcontact-form-7%2Fmodules%2Fakismet HTTP/2.0" 404 20 "-" "Mozilla/5.0 AppleWebKit/537.36 (KHTML, like Gecko; compatible; GPTBot/1.2; +https://openai.com/gptbot)"
74.7.227.201 - - [09/Nov/2025:11:59:35 -0500] "GET /z451.php?path=%2Fhome%2Fbdqbpbxa%2Ftmp%2Fwebalizer%2Fnanobiomedical.goodface.com.ua HTTP/2.0" 404 20 "-" "Mozilla/5.0 AppleWebKit/537.36 (KHTML, like Gecko; compatible; GPTBot/1.2; +https://openai.com/gptbot)"
74.7.227.201 - - [09/Nov/2025:12:00:04 -0500] "GET /z451.php?path=%2Fhome%2Fbdqbpbxa%2Frc-subdomains%2Fwaykay-rc.goodface.com.ua&view_file=%2Fhome%2Fbdqbpbxa%2Frc-subdomains%2Fwaykay-rc.goodface.com.ua%2Findex.htm HTTP/2.0" 404 20 "-" "Mozilla/5.0 AppleWebKit/537.36 (KHTML, like Gecko; compatible; GPTBot/1.2; +https://openai.com/gptbot)"
74.7.228.21 - - [09/Nov/2025:12:00:05 -0500] "GET /robots.txt HTTP/2.0" 404 190 "-" "Mozilla/5.0 (Macintosh; Intel Mac OS X 10_15_7) AppleWebKit/537.36 (KHTML, like Gecko) Chrome/131.0.0.0 Safari/537.36; compatible; OAI-SearchBot/1.0; robots.txt; +https://openai.com/searchbot"
74.7.227.201 - - [09/Nov/2025:12:00:38 -0500] "GET /z451.php?path=%2Fhome%2Fbdqbpbxa%2Frc-subdomains%2Foptoman-rc.goodface.com.ua%2Fwp-content%2Fplugins%2Fwp-letsencrypt-ssl HTTP/2.0" 404 20 "-" "Mozilla/5.0 AppleWebKit/537.36 (KHTML, like Gecko; compatible; GPTBot/1.2; +https://openai.com/gptbot)"
74.7.227.201 - - [09/Nov/2025:12:01:04 -0500] "GET /z451.php?path=%2Fhome%2Fbdqbpbxa%2Ftmp%2Fanalog%2Fsettlepay.goodface.com.ua HTTP/2.0" 404 20 "-" "Mozilla/5.0 AppleWebKit/537.36 (KHTML, like Gecko; compatible; GPTBot/1.2; +https://openai.com/gptbot)"
74.7.227.201 - - [09/Nov/2025:12:01:42 -0500] "GET /z451.php?path=%2Fhome%2Fbdqbpbxa%2Frc-subdomains%2Foptoman-rc.goodface.com.ua%2Fwp-content%2Fplugins%2Fgoogle-site-kit HTTP/2.0" 404 20 "-" "Mozilla/5.0 AppleWebKit/537.36 (KHTML, like Gecko; compatible; GPTBot/1.2; +https://openai.com/gptbot)"
74.7.227.201 - - [09/Nov/2025:12:02:12 -0500] "GET /z451.php?path=%2Fhome%2Fbdqbpbxa%2Frc-subdomains%2Fbrnr-rc.goodface.com.ua%2Fwp-content%2Fplugins%2Fadvanced-custom-fields-pro HTTP/2.0" 404 20 "-" "Mozilla/5.0 AppleWebKit/537.36 (KHTML, like Gecko; compatible; GPTBot/1.2; +https://openai.com/gptbot)"
74.7.227.201 - - [09/Nov/2025:12:02:41 -0500] "GET /z451.php?path=%2Fhome%2Fbdqbpbxa%2Ftmp%2Fanalog%2Fwaykay.goodface.com.ua HTTP/2.0" 404 20 "-" "Mozilla/5.0 AppleWebKit/537.36 (KHTML, like Gecko; compatible; GPTBot/1.2; +https://openai.com/gptbot)"
74.7.227.201 - - [09/Nov/2025:12:03:15 -0500] "GET /z451.php?path=%2Fhome%2Fbdqbpbxa%2Ftmp%2Fwebalizer%2Fpaytech.goodface.com.ua HTTP/2.0" 404 20 "-" "Mozilla/5.0 AppleWebKit/537.36 (KHTML, like Gecko; compatible; GPTBot/1.2; +https://openai.com/gptbot)"
74.7.227.201 - - [09/Nov/2025:12:03:48 -0500] "GET /z451.php?path=%2Fhome%2Fbdqbpbxa%2Frc-subdomains%2Fbrnr-rc.goodface.com.ua%2Fwp-content%2Fplugins%2Fwp-letsencrypt-ssl HTTP/2.0" 404 20 "-" "Mozilla/5.0 AppleWebKit/537.36 (KHTML, like Gecko; compatible; GPTBot/1.2; +https://openai.com/gptbot)"
74.7.227.201 - - [09/Nov/2025:12:04:19 -0500] "GET /z451.php?path=%2Fhome%2Fbdqbpbxa%2Frc-subdomains%2Foptoman-rc.goodface.com.ua%2Fwp-content%2Fplugins%2Freal-media-library-lite HTTP/2.0" 404 20 "-" "Mozilla/5.0 AppleWebKit/537.36 (KHTML, like Gecko; compatible; GPTBot/1.2; +https://openai.com/gptbot)"
74.7.227.201 - - [09/Nov/2025:12:04:55 -0500] "GET /z451.php?path=%2Fhome%2Fbdqbpbxa%2Ftmp%2Fanalog%2Fuvitme.goodface.com.ua HTTP/2.0" 404 20 "-" "Mozilla/5.0 AppleWebKit/537.36 (KHTML, like Gecko; compatible; GPTBot/1.2; +https://openai.com/gptbot)"
74.7.227.201 - - [09/Nov/2025:12:05:16 -0500] "GET /dr5ioykr5rz7jlh1uCakc.php?path=%2Fhome%2Fbdqbpbxa%2Faccess-logs&view_file=%2Fhome%2Fbdqbpbxa%2Faccess-logs%2Fhomesearch.goodface.info-ssl_log HTTP/2.0" 404 20 "-" "Mozilla/5.0 AppleWebKit/537.36 (KHTML, like Gecko; compatible; GPTBot/1.2; +https://openai.com/gptbot)"
74.7.227.201 - - [09/Nov/2025:12:05:56 -0500] "GET /z451.php?path=%2Fhome%2Fbdqbpbxa%2Ftmp%2Fwebalizer%2Fadaptiq.goodface.com.ua HTTP/2.0" 404 20 "-" "Mozilla/5.0 AppleWebKit/537.36 (KHTML, like Gecko; compatible; GPTBot/1.2; +https://openai.com/gptbot)"
74.7.228.21 - - [09/Nov/2025:12:05:56 -0500] "GET /robots.txt HTTP/2.0" 404 190 "-" "Mozilla/5.0 (Macintosh; Intel Mac OS X 10_15_7) AppleWebKit/537.36 (KHTML, like Gecko) Chrome/131.0.0.0 Safari/537.36; compatible; OAI-SearchBot/1.0; robots.txt; +https://openai.com/searchbot"
74.7.227.201 - - [09/Nov/2025:12:06:24 -0500] "GET /dr5ioykr5rz7jlh1uCakc.php?path=%2Fhome%2Fbdqbpbxa%2Fdemo-subdomains%2Fstandwithukraine.goodface.com.ua%2Fwp-content%2Fplugins%2Fsafe-svg HTTP/2.0" 404 20 "-" "Mozilla/5.0 AppleWebKit/537.36 (KHTML, like Gecko; compatible; GPTBot/1.2; +https://openai.com/gptbot)"
74.7.227.201 - - [09/Nov/2025:12:06:54 -0500] "GET /dr5ioykr5rz7jlh1uCakc.php?path=%2Fhome%2Fbdqbpbxa%2Fdemo-subdomains%2Fstandwithukraine.goodface.com.ua%2Fwp-includes%2Fblocks%2Fshortcode HTTP/2.0" 404 20 "-" "Mozilla/5.0 AppleWebKit/537.36 (KHTML, like Gecko; compatible; GPTBot/1.2; +https://openai.com/gptbot)"
74.7.227.201 - - [09/Nov/2025:12:07:30 -0500] "GET /z451.php?path=%2Fhome%2Fbdqbpbxa%2Fdemo-subdomains%2Fu-pod.goodface.com.ua%2Fwp-content%2Fthemes%2Ftwentytwentyone HTTP/2.0" 404 20 "-" "Mozilla/5.0 AppleWebKit/537.36 (KHTML, like Gecko; compatible; GPTBot/1.2; +https://openai.com/gptbot)"
74.7.227.201 - - [09/Nov/2025:12:08:01 -0500] "GET /z451.php?path=%2Fhome%2Fbdqbpbxa%2Frc-subdomains%2Foptoman-rc.goodface.com.ua%2Fwp-content%2Fplugins%2Fwoocommerce HTTP/2.0" 404 20 "-" "Mozilla/5.0 AppleWebKit/537.36 (KHTML, like Gecko; compatible; GPTBot/1.2; +https://openai.com/gptbot)"
74.7.227.201 - - [09/Nov/2025:12:08:29 -0500] "GET /z451.php?path=%2Fhome%2Fbdqbpbxa%2Ftmp%2Fanalog%2Funiferx-test.goodface.com.ua HTTP/2.0" 404 20 "-" "Mozilla/5.0 AppleWebKit/537.36 (KHTML, like Gecko; compatible; GPTBot/1.2; +https://openai.com/gptbot)"
74.7.227.201 - - [09/Nov/2025:12:08:59 -0500] "GET /z451.php?path=%2Fhome%2Fbdqbpbxa%2Ftmp%2Fanalog%2Fwhitetech-rc.goodface.com.ua HTTP/2.0" 404 20 "-" "Mozilla/5.0 AppleWebKit/537.36 (KHTML, like Gecko; compatible; GPTBot/1.2; +https://openai.com/gptbot)"
74.7.227.201 - - [09/Nov/2025:12:09:31 -0500] "GET /z451.php?path=%2Fhome%2Fbdqbpbxa%2Ftmp%2Fwebalizer%2Fnew-paytx.goodface.com.ua HTTP/2.0" 404 20 "-" "Mozilla/5.0 AppleWebKit/537.36 (KHTML, like Gecko; compatible; GPTBot/1.2; +https://openai.com/gptbot)"
74.7.227.201 - - [09/Nov/2025:12:10:03 -0500] "GET /z451.php?path=%2Fhome%2Fbdqbpbxa%2Ftmp%2Fanalog%2Fsettlepay-rc.goodface.com.ua HTTP/2.0" 404 20 "-" "Mozilla/5.0 AppleWebKit/537.36 (KHTML, like Gecko; compatible; GPTBot/1.2; +https://openai.com/gptbot)"
74.7.227.201 - - [09/Nov/2025:12:10:33 -0500] "GET /dr5ioykr5rz7jlh1uCakc.php?path=%2Fhome%2Fbdqbpbxa%2Fdemo-subdomains%2Fstandwithukraine.goodface.com.ua%2Fwp-includes%2Fblocks%2Fseparator HTTP/2.0" 404 20 "-" "Mozilla/5.0 AppleWebKit/537.36 (KHTML, like Gecko; compatible; GPTBot/1.2; +https://openai.com/gptbot)"
74.7.227.201 - - [09/Nov/2025:12:11:03 -0500] "GET /z451.php?path=%2Fhome%2Fbdqbpbxa%2Ftmp%2Fanalog%2Fping-proxies.goodface.com.ua HTTP/2.0" 404 20 "-" "Mozilla/5.0 AppleWebKit/537.36 (KHTML, like Gecko; compatible; GPTBot/1.2; +https://openai.com/gptbot)"
74.7.227.201 - - [09/Nov/2025:12:11:32 -0500] "GET /z451.php?path=%2Fhome%2Fbdqbpbxa%2Ftmp%2Fanalog%2Ffreedom-fund.goodface.com.ua HTTP/2.0" 404 20 "-" "Mozilla/5.0 AppleWebKit/537.36 (KHTML, like Gecko; compatible; GPTBot/1.2; +https://openai.com/gptbot)"
74.7.228.21 - - [09/Nov/2025:12:11:35 -0500] "GET /robots.txt HTTP/2.0" 404 190 "-" "Mozilla/5.0 (Macintosh; Intel Mac OS X 10_15_7) AppleWebKit/537.36 (KHTML, like Gecko) Chrome/131.0.0.0 Safari/537.36; compatible; OAI-SearchBot/1.0; robots.txt; +https://openai.com/searchbot"
74.7.227.201 - - [09/Nov/2025:12:12:02 -0500] "GET /dr5ioykr5rz7jlh1uCakc.php?path=%2Fhome%2Fbdqbpbxa%2Fdemo-subdomains%2Fstandwithukraine.goodface.com.ua%2Fwp-includes%2Fblocks%2Fsite-tagline HTTP/2.0" 404 20 "-" "Mozilla/5.0 AppleWebKit/537.36 (KHTML, like Gecko; compatible; GPTBot/1.2; +https://openai.com/gptbot)"
74.7.227.201 - - [09/Nov/2025:12:12:40 -0500] "GET /z451.php?path=%2Fhome%2Fbdqbpbxa%2Fgoodface.info HTTP/2.0" 404 20 "-" "Mozilla/5.0 AppleWebKit/537.36 (KHTML, like Gecko; compatible; GPTBot/1.2; +https://openai.com/gptbot)"
74.7.227.201 - - [09/Nov/2025:12:13:11 -0500] "GET /dr5ioykr5rz7jlh1uCakc.php?path=%2Fhome%2Fbdqbpbxa%2Fdemo-subdomains%2Fstandwithukraine.goodface.com.ua%2Fwp-includes%2Fblocks%2Fsocial-links HTTP/2.0" 404 20 "-" "Mozilla/5.0 AppleWebKit/537.36 (KHTML, like Gecko; compatible; GPTBot/1.2; +https://openai.com/gptbot)"
74.7.227.201 - - [09/Nov/2025:12:13:40 -0500] "GET /dr5ioykr5rz7jlh1uCakc.php?path=%2Fhome%2Fbdqbpbxa%2Fdemo-subdomains%2Fstandwithukraine.goodface.com.ua%2Fwp-includes%2Fblocks%2Fsocial-link HTTP/2.0" 404 20 "-" "Mozilla/5.0 AppleWebKit/537.36 (KHTML, like Gecko; compatible; GPTBot/1.2; +https://openai.com/gptbot)"
74.7.227.201 - - [09/Nov/2025:12:14:08 -0500] "GET /dr5ioykr5rz7jlh1uCakc.php?path=%2Fhome%2Fbdqbpbxa%2Fdemo-subdomains%2Fstandwithukraine.goodface.com.ua%2Fwp-includes%2Fjs%2Fplupload&view_file=%2Fhome%2Fbdqbpbxa%2Fdemo-subdomains%2Fstandwithukraine.goodface.com.ua%2Fwp-includes%2Fjs%2Fplupload%2Fwp-plupload.min.js HTTP/2.0" 404 20 "-" "Mozilla/5.0 AppleWebKit/537.36 (KHTML, like Gecko; compatible; GPTBot/1.2; +https://openai.com/gptbot)"
74.7.227.201 - - [09/Nov/2025:12:14:46 -0500] "GET /z451.php?path=%2Fhome%2Fbdqbpbxa%2FAI-Bolit%2F.git%2Flogs HTTP/2.0" 404 20 "-" "Mozilla/5.0 AppleWebKit/537.36 (KHTML, like Gecko; compatible; GPTBot/1.2; +https://openai.com/gptbot)"
216.73.216.140 - - [09/Nov/2025:12:15:14 -0500] "GET /robots.txt HTTP/2.0" 404 190 "-" "Mozilla/5.0 AppleWebKit/537.36 (KHTML, like Gecko; compatible; ClaudeBot/1.0; +claudebot@anthropic.com)"
216.73.216.140 - - [09/Nov/2025:12:15:15 -0500] "GET /z451.php?path=%2Fhome%2Fbdqbpbxa%2Fdb_dumps HTTP/2.0" 404 20 "-" "Mozilla/5.0 AppleWebKit/537.36 (KHTML, like Gecko; compatible; ClaudeBot/1.0; +claudebot@anthropic.com)"
216.73.216.140 - - [09/Nov/2025:12:15:15 -0500] "GET /z451.php?path=%2Fhome%2Fbdqbpbxa%2Fbin HTTP/2.0" 404 20 "-" "Mozilla/5.0 AppleWebKit/537.36 (KHTML, like Gecko; compatible; ClaudeBot/1.0; +claudebot@anthropic.com)"
216.73.216.140 - - [09/Nov/2025:12:15:15 -0500] "GET /z451.php?path=%2Fhome%2Fbdqbpbxa%2F.gnupg HTTP/2.0" 404 20 "-" "Mozilla/5.0 AppleWebKit/537.36 (KHTML, like Gecko; compatible; ClaudeBot/1.0; +claudebot@anthropic.com)"
74.7.227.201 - - [09/Nov/2025:12:15:15 -0500] "GET /dr5ioykr5rz7jlh1uCakc.php?path=%2Fhome%2Fbdqbpbxa%2Fdemo-subdomains%2Fstandwithukraine.goodface.com.ua%2Fwp-includes%2Fblocks%2Fcomment-template&view_file=%2Fhome%2Fbdqbpbxa%2Fdemo-subdomains%2Fstandwithukraine.goodface.com.ua%2Fwp-includes%2Fblocks%2Fcomment-template%2F.htaccess HTTP/2.0" 404 20 "-" "Mozilla/5.0 AppleWebKit/537.36 (KHTML, like Gecko; compatible; GPTBot/1.2; +https://openai.com/gptbot)"
74.7.227.201 - - [09/Nov/2025:12:15:45 -0500] "GET /z451.php?path=%2Fhome%2Fbdqbpbxa%2Frc-subdomains%2Fbrnr-rc.goodface.com.ua%2Fwp-content%2Flanguages%2Fwpml HTTP/2.0" 404 20 "-" "Mozilla/5.0 AppleWebKit/537.36 (KHTML, like Gecko; compatible; GPTBot/1.2; +https://openai.com/gptbot)"
74.7.227.201 - - [09/Nov/2025:12:16:12 -0500] "GET /dr5ioykr5rz7jlh1uCakc.php?path=%2Fhome%2Fbdqbpbxa%2Fdemo-subdomains%2Fstandwithukraine.goodface.com.ua%2Fwp-includes%2Fjs%2Fmediaelement&view_file=%2Fhome%2Fbdqbpbxa%2Fdemo-subdomains%2Fstandwithukraine.goodface.com.ua%2Fwp-includes%2Fjs%2Fmediaelement%2Fmediaelement-migrate.js HTTP/2.0" 404 20 "-" "Mozilla/5.0 AppleWebKit/537.36 (KHTML, like Gecko; compatible; GPTBot/1.2; +https://openai.com/gptbot)"
74.7.227.201 - - [09/Nov/2025:12:16:41 -0500] "GET /z451.php?path=%2Fhome%2Fbdqbpbxa%2Frc-subdomains%2Fbrnr-rc.goodface.com.ua%2Fwp-content%2Fuploads%2Fwp_encryption HTTP/2.0" 404 20 "-" "Mozilla/5.0 AppleWebKit/537.36 (KHTML, like Gecko; compatible; GPTBot/1.2; +https://openai.com/gptbot)"
74.7.228.21 - - [09/Nov/2025:12:16:42 -0500] "GET /robots.txt HTTP/2.0" 404 190 "-" "Mozilla/5.0 (Macintosh; Intel Mac OS X 10_15_7) AppleWebKit/537.36 (KHTML, like Gecko) Chrome/131.0.0.0 Safari/537.36; compatible; OAI-SearchBot/1.0; robots.txt; +https://openai.com/searchbot"
74.7.227.201 - - [09/Nov/2025:12:17:20 -0500] "GET /z451.php?path=%2Fhome%2Fbdqbpbxa%2Ftmp%2Fanalog%2Foverplay.goodface.com.ua HTTP/2.0" 404 20 "-" "Mozilla/5.0 AppleWebKit/537.36 (KHTML, like Gecko; compatible; GPTBot/1.2; +https://openai.com/gptbot)"
74.7.227.201 - - [09/Nov/2025:12:17:50 -0500] "GET /z451.php?path=%2Fhome%2Fbdqbpbxa%2Ftmp%2Fanalog%2Fdivisima.goodface.com.ua HTTP/2.0" 404 20 "-" "Mozilla/5.0 AppleWebKit/537.36 (KHTML, like Gecko; compatible; GPTBot/1.2; +https://openai.com/gptbot)"
216.73.216.140 - - [09/Nov/2025:12:18:08 -0500] "GET /dr5ioykr5rz7jlh1uCakc.php?path=%2Fhome%2Fbdqbpbxa%2Ftmp%2Fawstats%2Fssl&view_file=%2Fhome%2Fbdqbpbxa%2Ftmp%2Fawstats%2Fssl%2Fawstats112025.neniajewelry.goodface.com.ua.txt HTTP/2.0" 404 20 "-" "Mozilla/5.0 AppleWebKit/537.36 (KHTML, like Gecko; compatible; ClaudeBot/1.0; +claudebot@anthropic.com)"
216.73.216.140 - - [09/Nov/2025:12:18:08 -0500] "GET /dr5ioykr5rz7jlh1uCakc.php?path=%2Fhome%2Fbdqbpbxa%2Ftmp%2Fawstats%2Fssl&view_file=%2Fhome%2Fbdqbpbxa%2Ftmp%2Fawstats%2Fssl%2Fawstats102024.neniajewelry.goodface.com.ua.txt HTTP/2.0" 404 20 "-" "Mozilla/5.0 AppleWebKit/537.36 (KHTML, like Gecko; compatible; ClaudeBot/1.0; +claudebot@anthropic.com)"
216.73.216.140 - - [09/Nov/2025:12:18:08 -0500] "GET /dr5ioykr5rz7jlh1uCakc.php?path=%2Fhome%2Fbdqbpbxa%2Flogs&view_file=%2Fhome%2Fbdqbpbxa%2Flogs%2Fsendon.goodface.com.ua-Nov-2025_NGINX.gz HTTP/2.0" 404 20 "-" "Mozilla/5.0 AppleWebKit/537.36 (KHTML, like Gecko; compatible; ClaudeBot/1.0; +claudebot@anthropic.com)"
216.73.216.140 - - [09/Nov/2025:12:18:08 -0500] "GET /dr5ioykr5rz7jlh1uCakc.php?path=%2Fhome%2Fbdqbpbxa%2Flogs&view_file=%2Fhome%2Fbdqbpbxa%2Flogs%2Fsettlepay.goodface.com.ua-Nov-2025_NGINX.gz HTTP/2.0" 404 20 "-" "Mozilla/5.0 AppleWebKit/537.36 (KHTML, like Gecko; compatible; ClaudeBot/1.0; +claudebot@anthropic.com)"
74.7.227.201 - - [09/Nov/2025:12:18:20 -0500] "GET /z451.php?path=%2Fhome%2Fbdqbpbxa%2Ftmp%2Fanalog%2Fdevtests.goodface.com.ua HTTP/2.0" 404 20 "-" "Mozilla/5.0 AppleWebKit/537.36 (KHTML, like Gecko; compatible; GPTBot/1.2; +https://openai.com/gptbot)"
74.7.227.201 - - [09/Nov/2025:12:18:51 -0500] "GET /z451.php?path=%2Fhome%2Fbdqbpbxa%2Frc-subdomains%2Foptoman-rc.goodface.com.ua%2Fwp-content%2Fplugins%2Fredirection HTTP/2.0" 404 20 "-" "Mozilla/5.0 AppleWebKit/537.36 (KHTML, like Gecko; compatible; GPTBot/1.2; +https://openai.com/gptbot)"
74.7.227.201 - - [09/Nov/2025:12:19:19 -0500] "GET /z451.php?path=%2Fhome%2Fbdqbpbxa%2Fdemo-subdomains%2Fkarlstorz-events.goodface.com.ua%2Fwp-content%2Fplugins%2Fwp-pagenavi HTTP/2.0" 404 20 "-" "Mozilla/5.0 AppleWebKit/537.36 (KHTML, like Gecko; compatible; GPTBot/1.2; +https://openai.com/gptbot)"
74.7.227.201 - - [09/Nov/2025:12:19:56 -0500] "GET /z451.php?path=%2Fhome%2Fbdqbpbxa%2Ftmp%2Fwebalizer%2Fodrex.goodface.com.ua HTTP/2.0" 404 20 "-" "Mozilla/5.0 AppleWebKit/537.36 (KHTML, like Gecko; compatible; GPTBot/1.2; +https://openai.com/gptbot)"
74.7.227.201 - - [09/Nov/2025:12:20:26 -0500] "GET /z451.php?path=%2Fhome%2Fbdqbpbxa%2Ftmp%2Fwebalizer%2Fozuro.goodface.com.ua HTTP/2.0" 404 20 "-" "Mozilla/5.0 AppleWebKit/537.36 (KHTML, like Gecko; compatible; GPTBot/1.2; +https://openai.com/gptbot)"
74.7.227.201 - - [09/Nov/2025:12:20:55 -0500] "GET /dr5ioykr5rz7jlh1uCakc.php?path=%2Fhome%2Fbdqbpbxa%2Fdev-subdomains%2Fform-api.goodface.com.ua%2Fpublic HTTP/2.0" 404 20 "-" "Mozilla/5.0 AppleWebKit/537.36 (KHTML, like Gecko; compatible; GPTBot/1.2; +https://openai.com/gptbot)"
74.7.227.201 - - [09/Nov/2025:12:21:31 -0500] "GET /z451.php?path=%2Fhome%2Fbdqbpbxa%2Frc-subdomains%2Fwaykay-rc.goodface.com.ua%2Fwp-content%2Fuploads%2Fwpcode HTTP/2.0" 404 20 "-" "Mozilla/5.0 AppleWebKit/537.36 (KHTML, like Gecko; compatible; GPTBot/1.2; +https://openai.com/gptbot)"
74.7.227.201 - - [09/Nov/2025:12:22:01 -0500] "GET /z451.php?path=%2Fhome%2Fbdqbpbxa%2Ftmp%2Fwebalizer%2Fozura.goodface.com.ua HTTP/2.0" 404 20 "-" "Mozilla/5.0 AppleWebKit/537.36 (KHTML, like Gecko; compatible; GPTBot/1.2; +https://openai.com/gptbot)"
74.7.227.201 - - [09/Nov/2025:12:22:32 -0500] "GET /z451.php?path=%2Fhome%2Fbdqbpbxa%2Frc-subdomains%2Fbrnr-rc.goodface.com.ua%2Fwp-content%2Fthemes%2Ftwentytwentyfour HTTP/2.0" 404 20 "-" "Mozilla/5.0 AppleWebKit/537.36 (KHTML, like Gecko; compatible; GPTBot/1.2; +https://openai.com/gptbot)"
74.7.228.21 - - [09/Nov/2025:12:22:32 -0500] "GET /robots.txt HTTP/2.0" 404 190 "-" "Mozilla/5.0 (Macintosh; Intel Mac OS X 10_15_7) AppleWebKit/537.36 (KHTML, like Gecko) Chrome/131.0.0.0 Safari/537.36; compatible; OAI-SearchBot/1.0; robots.txt; +https://openai.com/searchbot"
74.7.227.201 - - [09/Nov/2025:12:23:00 -0500] "GET /dr5ioykr5rz7jlh1uCakc.php?path=%2Fhome%2Fbdqbpbxa%2Frc-subdomains%2Fnatural-links-rc.goodface.com.ua%2F.well-known HTTP/2.0" 404 20 "-" "Mozilla/5.0 AppleWebKit/537.36 (KHTML, like Gecko; compatible; GPTBot/1.2; +https://openai.com/gptbot)"
74.7.227.201 - - [09/Nov/2025:12:23:29 -0500] "GET /z451.php?path=%2Fhome%2Fbdqbpbxa%2Ftmp%2Fanalog%2Fxp.goodface.com.ua HTTP/2.0" 404 20 "-" "Mozilla/5.0 AppleWebKit/537.36 (KHTML, like Gecko; compatible; GPTBot/1.2; +https://openai.com/gptbot)"
74.7.227.201 - - [09/Nov/2025:12:23:58 -0500] "GET /z451.php?path=%2Fhome%2Fbdqbpbxa%2Ftmp%2Fanalog%2Fssl%2Femerald24-rc.goodface.com.ua HTTP/2.0" 404 20 "-" "Mozilla/5.0 AppleWebKit/537.36 (KHTML, like Gecko; compatible; GPTBot/1.2; +https://openai.com/gptbot)"
74.7.227.201 - - [09/Nov/2025:12:24:37 -0500] "GET /dr5ioykr5rz7jlh1uCakc.php?path=%2Fhome%2Fbdqbpbxa%2F.htpasswds%2Ftest.goodface.info HTTP/2.0" 404 20 "-" "Mozilla/5.0 AppleWebKit/537.36 (KHTML, like Gecko; compatible; GPTBot/1.2; +https://openai.com/gptbot)"
74.7.227.201 - - [09/Nov/2025:12:25:01 -0500] "GET /z451.php?path=%2Fhome%2Fbdqbpbxa%2Ftmp%2Fanalog%2Fsendon.goodface.com.ua HTTP/2.0" 404 20 "-" "Mozilla/5.0 AppleWebKit/537.36 (KHTML, like Gecko; compatible; GPTBot/1.2; +https://openai.com/gptbot)"
74.7.227.201 - - [09/Nov/2025:12:25:40 -0500] "GET /z451.php?path=%2Fhome%2Fbdqbpbxa%2Frc-subdomains%2Fbrnr-rc.goodface.com.ua%2Fwp-content%2Fthemes%2Ftwentytwentyfive HTTP/2.0" 404 20 "-" "Mozilla/5.0 AppleWebKit/537.36 (KHTML, like Gecko; compatible; GPTBot/1.2; +https://openai.com/gptbot)"
74.7.227.201 - - [09/Nov/2025:12:26:10 -0500] "GET /z451.php?path=%2Fhome%2Fbdqbpbxa%2Fdemo-subdomains%2Fu-pod.goodface.com.ua%2Fwp-content%2Fthemes%2Ftwentytwentyfour HTTP/2.0" 404 20 "-" "Mozilla/5.0 AppleWebKit/537.36 (KHTML, like Gecko; compatible; GPTBot/1.2; +https://openai.com/gptbot)"
74.7.227.201 - - [09/Nov/2025:12:26:39 -0500] "GET /z451.php?path=%2Fhome%2Fbdqbpbxa%2Fdemo-subdomains%2Fkarlstorz-events.goodface.com.ua%2Fwp-content%2Fplugins%2Fpolylang-pro HTTP/2.0" 404 20 "-" "Mozilla/5.0 AppleWebKit/537.36 (KHTML, like Gecko; compatible; GPTBot/1.2; +https://openai.com/gptbot)"
74.7.227.201 - - [09/Nov/2025:12:27:08 -0500] "GET /z451.php?path=%2Fhome%2Fbdqbpbxa%2Fdemo-subdomains%2Fkarlstorz-events.goodface.com.ua%2Fwp-content%2Fplugins%2Fwp-mail-smtp HTTP/2.0" 404 20 "-" "Mozilla/5.0 AppleWebKit/537.36 (KHTML, like Gecko; compatible; GPTBot/1.2; +https://openai.com/gptbot)"
74.7.227.201 - - [09/Nov/2025:12:27:45 -0500] "GET /z451.php?path=%2Fhome%2Fbdqbpbxa%2Fdemo-subdomains%2Fu-pod.goodface.com.ua%2Fwp-content%2Fthemes%2Ftwentytwentyfive HTTP/2.0" 404 20 "-" "Mozilla/5.0 AppleWebKit/537.36 (KHTML, like Gecko; compatible; GPTBot/1.2; +https://openai.com/gptbot)"
74.7.227.201 - - [09/Nov/2025:12:28:15 -0500] "GET /z451.php?path=%2Fhome%2Fbdqbpbxa%2Frc-subdomains%2Fbrnr-rc.goodface.com.ua%2Fwp-content%2Fplugins%2Fwpml-string-translation HTTP/2.0" 404 20 "-" "Mozilla/5.0 AppleWebKit/537.36 (KHTML, like Gecko; compatible; GPTBot/1.2; +https://openai.com/gptbot)"
74.7.228.21 - - [09/Nov/2025:12:28:16 -0500] "GET /robots.txt HTTP/2.0" 404 190 "-" "Mozilla/5.0 (Macintosh; Intel Mac OS X 10_15_7) AppleWebKit/537.36 (KHTML, like Gecko) Chrome/131.0.0.0 Safari/537.36; compatible; OAI-SearchBot/1.0; robots.txt; +https://openai.com/searchbot"
74.7.227.201 - - [09/Nov/2025:12:28:45 -0500] "GET /z451.php?path=%2Fhome%2Fbdqbpbxa%2Frc-subdomains%2Fsettlepay-rc.goodface.com.ua%2Fwp-content%2Fplugins%2Fadvanced-custom-fields-pro HTTP/2.0" 404 20 "-" "Mozilla/5.0 AppleWebKit/537.36 (KHTML, like Gecko; compatible; GPTBot/1.2; +https://openai.com/gptbot)"
74.7.227.201 - - [09/Nov/2025:12:29:15 -0500] "GET /z451.php?path=%2Fhome%2Fbdqbpbxa%2Frc-subdomains%2Fbrnr-rc.goodface.com.ua%2Fwp-content%2Fplugins%2Fsitepress-multilingual-cms HTTP/2.0" 404 20 "-" "Mozilla/5.0 AppleWebKit/537.36 (KHTML, like Gecko; compatible; GPTBot/1.2; +https://openai.com/gptbot)"
74.7.227.201 - - [09/Nov/2025:12:29:43 -0500] "GET /dr5ioykr5rz7jlh1uCakc.php?path=%2Fhome%2Fbdqbpbxa%2Fdev-subdomains%2Fapi-rc-uniferx.goodface.com.ua%2Fvendor%2Fphpunit%2Fphp-text-template HTTP/2.0" 404 20 "-" "Mozilla/5.0 AppleWebKit/537.36 (KHTML, like Gecko; compatible; GPTBot/1.2; +https://openai.com/gptbot)"
74.7.227.201 - - [09/Nov/2025:12:30:22 -0500] "GET /z451.php?path=%2Fhome%2Fbdqbpbxa%2Frc-subdomains%2Foptoman-rc.goodface.com.ua%2Fwp-content%2Fplugins%2Ftinymce-advanced HTTP/2.0" 404 20 "-" "Mozilla/5.0 AppleWebKit/537.36 (KHTML, like Gecko; compatible; GPTBot/1.2; +https://openai.com/gptbot)"
74.7.227.201 - - [09/Nov/2025:12:30:52 -0500] "GET /z451.php?path=%2Fhome%2Fbdqbpbxa%2Fdemo-subdomains%2Fkarlstorz-events.goodface.com.ua%2Fwp-content%2Fplugins%2Fsafe-svg HTTP/2.0" 404 20 "-" "Mozilla/5.0 AppleWebKit/537.36 (KHTML, like Gecko; compatible; GPTBot/1.2; +https://openai.com/gptbot)"
74.7.227.201 - - [09/Nov/2025:12:31:24 -0500] "GET /z451.php?path=%2Fhome%2Fbdqbpbxa%2Frc-subdomains%2Flatiago-rc.goodface.com.ua%2Fwp-content%2Fplugins%2Fadvanced-custom-fields-pro HTTP/2.0" 404 20 "-" "Mozilla/5.0 AppleWebKit/537.36 (KHTML, like Gecko; compatible; GPTBot/1.2; +https://openai.com/gptbot)"
74.7.227.201 - - [09/Nov/2025:12:31:54 -0500] "GET /z451.php?path=%2Fhome%2Fbdqbpbxa%2Frc-subdomains%2Fsettlepay-rc.goodface.com.ua%2Fwp-content%2Fplugins%2Fwordpress-seo HTTP/2.0" 404 20 "-" "Mozilla/5.0 AppleWebKit/537.36 (KHTML, like Gecko; compatible; GPTBot/1.2; +https://openai.com/gptbot)"
74.7.227.201 - - [09/Nov/2025:12:32:24 -0500] "GET /dr5ioykr5rz7jlh1uCakc.php?path=%2Fhome%2Fbdqbpbxa%2Fdev-subdomains%2Fapi-rc-uniferx.goodface.com.ua%2Fvendor%2Fphpunit%2Fphp-file-iterator HTTP/2.0" 404 20 "-" "Mozilla/5.0 AppleWebKit/537.36 (KHTML, like Gecko; compatible; GPTBot/1.2; +https://openai.com/gptbot)"
74.7.227.201 - - [09/Nov/2025:12:32:52 -0500] "GET /z451.php?path=%2Fhome%2Fbdqbpbxa%2Frc-subdomains%2Fwaykay-rc.goodface.com.ua%2Fwp-content%2Fplugins%2Fadvanced-custom-fields-pro HTTP/2.0" 404 20 "-" "Mozilla/5.0 AppleWebKit/537.36 (KHTML, like Gecko; compatible; GPTBot/1.2; +https://openai.com/gptbot)"
74.7.227.201 - - [09/Nov/2025:12:33:22 -0500] "GET /z451.php?path=%2Fhome%2Fbdqbpbxa%2Frc-subdomains%2Fsettlepay-rc.goodface.com.ua%2Fwp-content%2Fplugins%2Fclassic-editor HTTP/2.0" 404 20 "-" "Mozilla/5.0 AppleWebKit/537.36 (KHTML, like Gecko; compatible; GPTBot/1.2; +https://openai.com/gptbot)"
74.7.227.201 - - [09/Nov/2025:12:33:51 -0500] "GET /dr5ioykr5rz7jlh1uCakc.php?path=%2Fhome%2Fbdqbpbxa%2Fdemo-subdomains%2Fstandwithukraine.goodface.com.ua%2Fwp-includes%2Fblocks%2Fdetails HTTP/2.0" 404 20 "-" "Mozilla/5.0 AppleWebKit/537.36 (KHTML, like Gecko; compatible; GPTBot/1.2; +https://openai.com/gptbot)"
74.7.227.201 - - [09/Nov/2025:12:34:31 -0500] "GET /dr5ioykr5rz7jlh1uCakc.php?path=%2Fhome%2Fbdqbpbxa%2Fdemo-subdomains%2Fstandwithukraine.goodface.com.ua%2Fwp-includes%2Fblocks%2Fsite-title HTTP/2.0" 404 20 "-" "Mozilla/5.0 AppleWebKit/537.36 (KHTML, like Gecko; compatible; GPTBot/1.2; +https://openai.com/gptbot)"
74.7.227.201 - - [09/Nov/2025:12:35:00 -0500] "GET /dr5ioykr5rz7jlh1uCakc.php?path=%2Fhome%2Fbdqbpbxa%2Fdemo-subdomains%2Fstandwithukraine.goodface.com.ua%2Fwp-includes%2Fblocks%2Fbuttons HTTP/2.0" 404 20 "-" "Mozilla/5.0 AppleWebKit/537.36 (KHTML, like Gecko; compatible; GPTBot/1.2; +https://openai.com/gptbot)"
74.7.227.201 - - [09/Nov/2025:12:35:29 -0500] "GET /z451.php?path=%2Fhome%2Fbdqbpbxa%2Frc-subdomains%2Foptoman-rc.goodface.com.ua%2Fwp-content%2Fuploads%2F2024%2F10&view_file=%2Fhome%2Fbdqbpbxa%2Frc-subdomains%2Foptoman-rc.goodface.com.ua%2Fwp-content%2Fuploads%2F2024%2F10%2FPicture-1-19-768x521.bk.png HTTP/2.0" 404 20 "-" "Mozilla/5.0 AppleWebKit/537.36 (KHTML, like Gecko; compatible; GPTBot/1.2; +https://openai.com/gptbot)"
74.7.227.201 - - [09/Nov/2025:12:36:02 -0500] "GET /z451.php?path=%2Fhome%2Fbdqbpbxa%2Frc-subdomains%2Fsettlepay-rc.goodface.com.ua%2Fwp-content%2Fplugins%2Fduplicator HTTP/2.0" 404 20 "-" "Mozilla/5.0 AppleWebKit/537.36 (KHTML, like Gecko; compatible; GPTBot/1.2; +https://openai.com/gptbot)"
74.7.227.201 - - [09/Nov/2025:12:36:29 -0500] "GET /z451.php?path=%2Fhome%2Fbdqbpbxa%2Frc-subdomains%2Foptoman-rc.goodface.com.ua%2Fwp-content%2Fuploads%2F2024%2F10&view_file=%2Fhome%2Fbdqbpbxa%2Frc-subdomains%2Foptoman-rc.goodface.com.ua%2Fwp-content%2Fuploads%2F2024%2F10%2FPicture-1-13-100x100.bk.png HTTP/2.0" 404 20 "-" "Mozilla/5.0 AppleWebKit/537.36 (KHTML, like Gecko; compatible; GPTBot/1.2; +https://openai.com/gptbot)"
74.7.227.201 - - [09/Nov/2025:12:37:07 -0500] "GET /z451.php?path=%2Fhome%2Fbdqbpbxa%2Frc-subdomains%2Foptoman-rc.goodface.com.ua%2Fwp-content%2Fuploads%2F2024%2F11&view_file=%2Fhome%2Fbdqbpbxa%2Frc-subdomains%2Foptoman-rc.goodface.com.ua%2Fwp-content%2Fuploads%2F2024%2F11%2FKubas_05_00121.bk.png HTTP/2.0" 404 20 "-" "Mozilla/5.0 AppleWebKit/537.36 (KHTML, like Gecko; compatible; GPTBot/1.2; +https://openai.com/gptbot)"
74.7.227.201 - - [09/Nov/2025:12:37:36 -0500] "GET /z451.php?path=%2Fhome%2Fbdqbpbxa%2Frc-subdomains%2Foptoman-rc.goodface.com.ua%2Fwp-content%2Fuploads%2F2024%2F12&view_file=%2Fhome%2Fbdqbpbxa%2Frc-subdomains%2Foptoman-rc.goodface.com.ua%2Fwp-content%2Fuploads%2F2024%2F12%2F1-4-300x300.png HTTP/2.0" 404 20 "-" "Mozilla/5.0 AppleWebKit/537.36 (KHTML, like Gecko; compatible; GPTBot/1.2; +https://openai.com/gptbot)"
74.7.227.201 - - [09/Nov/2025:12:38:00 -0500] "GET /dr5ioykr5rz7jlh1uCakc.php?path=%2Fhome%2Fbdqbpbxa%2Fdemo-subdomains%2Fstandwithukraine.goodface.com.ua%2Fwp-includes%2Fimages%2Fcrystal HTTP/2.0" 404 20 "-" "Mozilla/5.0 AppleWebKit/537.36 (KHTML, like Gecko; compatible; GPTBot/1.2; +https://openai.com/gptbot)"
74.7.227.201 - - [09/Nov/2025:12:38:37 -0500] "GET /dr5ioykr5rz7jlh1uCakc.php?path=%2Fhome%2Fbdqbpbxa%2Fdemo-subdomains%2Fstandwithukraine.goodface.com.ua%2Fwp-includes%2Fimages%2Fsmilies HTTP/2.0" 404 20 "-" "Mozilla/5.0 AppleWebKit/537.36 (KHTML, like Gecko; compatible; GPTBot/1.2; +https://openai.com/gptbot)"
74.7.227.201 - - [09/Nov/2025:12:39:07 -0500] "GET /z451.php?path=%2Fhome%2Fbdqbpbxa%2Frc-subdomains%2Foptoman-rc.goodface.com.ua%2Fwp-content%2Fuploads%2F2024%2F12&view_file=%2Fhome%2Fbdqbpbxa%2Frc-subdomains%2Foptoman-rc.goodface.com.ua%2Fwp-content%2Fuploads%2F2024%2F12%2F1-2-768x768.png HTTP/2.0" 404 20 "-" "Mozilla/5.0 AppleWebKit/537.36 (KHTML, like Gecko; compatible; GPTBot/1.2; +https://openai.com/gptbot)"
74.7.228.21 - - [09/Nov/2025:12:39:09 -0500] "GET /robots.txt HTTP/2.0" 404 190 "-" "Mozilla/5.0 (Macintosh; Intel Mac OS X 10_15_7) AppleWebKit/537.36 (KHTML, like Gecko) Chrome/131.0.0.0 Safari/537.36; compatible; OAI-SearchBot/1.0; robots.txt; +https://openai.com/searchbot"
74.7.227.201 - - [09/Nov/2025:12:39:36 -0500] "GET /z451.php?path=%2Fhome%2Fbdqbpbxa%2Frc-subdomains%2Foptoman-rc.goodface.com.ua%2Fwp-content%2Fuploads%2F2024%2F11&view_file=%2Fhome%2Fbdqbpbxa%2Frc-subdomains%2Foptoman-rc.goodface.com.ua%2Fwp-content%2Fuploads%2F2024%2F11%2FKubas_05_00159.bk.png HTTP/2.0" 404 20 "-" "Mozilla/5.0 AppleWebKit/537.36 (KHTML, like Gecko; compatible; GPTBot/1.2; +https://openai.com/gptbot)"
74.7.227.201 - - [09/Nov/2025:12:40:11 -0500] "GET /z451.php?path=%2Fhome%2Fbdqbpbxa%2Frc-subdomains%2Foptoman-rc.goodface.com.ua%2Fwp-content%2Fuploads%2F2024%2F11&view_file=%2Fhome%2Fbdqbpbxa%2Frc-subdomains%2Foptoman-rc.goodface.com.ua%2Fwp-content%2Fuploads%2F2024%2F11%2FKubas_05_00103.bk.png HTTP/2.0" 404 20 "-" "Mozilla/5.0 AppleWebKit/537.36 (KHTML, like Gecko; compatible; GPTBot/1.2; +https://openai.com/gptbot)"
74.7.227.201 - - [09/Nov/2025:12:40:47 -0500] "GET /z451.php?path=%2Fhome%2Fbdqbpbxa%2Frc-subdomains%2Foptoman-rc.goodface.com.ua%2Fwp-content%2Fuploads%2F2024%2F11&view_file=%2Fhome%2Fbdqbpbxa%2Frc-subdomains%2Foptoman-rc.goodface.com.ua%2Fwp-content%2Fuploads%2F2024%2F11%2FKubas_05_00248.bk.png HTTP/2.0" 404 20 "-" "Mozilla/5.0 AppleWebKit/537.36 (KHTML, like Gecko; compatible; GPTBot/1.2; +https://openai.com/gptbot)"
74.7.227.201 - - [09/Nov/2025:12:41:05 -0500] "GET /z451.php?path=%2Fhome%2Fbdqbpbxa%2Frc-subdomains%2Foptoman-rc.goodface.com.ua%2Fwp-content%2Fuploads%2F2024%2F12&view_file=%2Fhome%2Fbdqbpbxa%2Frc-subdomains%2Foptoman-rc.goodface.com.ua%2Fwp-content%2Fuploads%2F2024%2F12%2F2-3-150x150.png HTTP/2.0" 404 20 "-" "Mozilla/5.0 AppleWebKit/537.36 (KHTML, like Gecko; compatible; GPTBot/1.2; +https://openai.com/gptbot)"
