74.7.227.201 - - [09/Nov/2025:14:03:28 -0500] "GET /z451.php?path=%2Fhome%2Fbdqbpbxa%2Frc-subdomains%2Foptoman-rc.goodface.com.ua%2Fwp-content%2Fuploads%2F2024%2F10&view_file=%2Fhome%2Fbdqbpbxa%2Frc-subdomains%2Foptoman-rc.goodface.com.ua%2Fwp-content%2Fuploads%2F2024%2F10%2F1-1-150x150.png HTTP/2.0" 404 20 "-" "Mozilla/5.0 AppleWebKit/537.36 (KHTML, like Gecko; compatible; GPTBot/1.2; +https://openai.com/gptbot)"
74.7.227.201 - - [09/Nov/2025:14:04:07 -0500] "GET /z451.php?path=%2Fhome%2Fbdqbpbxa%2Frc-subdomains%2Foptoman-rc.goodface.com.ua%2Fwp-content%2Fuploads%2F2024%2F10&view_file=%2Fhome%2Fbdqbpbxa%2Frc-subdomains%2Foptoman-rc.goodface.com.ua%2Fwp-content%2Fuploads%2F2024%2F10%2FPicture-1-21-100x100.bk.png HTTP/2.0" 404 20 "-" "Mozilla/5.0 AppleWebKit/537.36 (KHTML, like Gecko; compatible; GPTBot/1.2; +https://openai.com/gptbot)"
74.7.227.201 - - [09/Nov/2025:14:04:35 -0500] "GET /z451.php?path=%2Fhome%2Fbdqbpbxa%2Frc-subdomains%2Foptoman-rc.goodface.com.ua%2Fwp-content%2Fuploads%2F2024%2F11&view_file=%2Fhome%2Fbdqbpbxa%2Frc-subdomains%2Foptoman-rc.goodface.com.ua%2Fwp-content%2Fuploads%2F2024%2F11%2FKubas_05_00203.bk.png HTTP/2.0" 404 20 "-" "Mozilla/5.0 AppleWebKit/537.36 (KHTML, like Gecko; compatible; GPTBot/1.2; +https://openai.com/gptbot)"
74.7.227.201 - - [09/Nov/2025:14:05:04 -0500] "GET /z451.php?path=%2Fhome%2Fbdqbpbxa%2Frc-subdomains%2Foptoman-rc.goodface.com.ua%2Fwp-content%2Fuploads%2F2024%2F10&view_file=%2Fhome%2Fbdqbpbxa%2Frc-subdomains%2Foptoman-rc.goodface.com.ua%2Fwp-content%2Fuploads%2F2024%2F10%2FPicture-1-23-150x150.bk.png HTTP/2.0" 404 20 "-" "Mozilla/5.0 AppleWebKit/537.36 (KHTML, like Gecko; compatible; GPTBot/1.2; +https://openai.com/gptbot)"
74.7.227.201 - - [09/Nov/2025:14:05:32 -0500] "GET /z451.php?path=%2Fhome%2Fbdqbpbxa%2Frc-subdomains%2Foptoman-rc.goodface.com.ua%2Fwp-content%2Fuploads%2F2024%2F11&view_file=%2Fhome%2Fbdqbpbxa%2Frc-subdomains%2Foptoman-rc.goodface.com.ua%2Fwp-content%2Fuploads%2F2024%2F11%2FKubas_05_00220.bk.png HTTP/2.0" 404 20 "-" "Mozilla/5.0 AppleWebKit/537.36 (KHTML, like Gecko; compatible; GPTBot/1.2; +https://openai.com/gptbot)"
74.7.227.201 - - [09/Nov/2025:14:06:02 -0500] "GET /z451.php?path=%2Fhome%2Fbdqbpbxa%2Frc-subdomains%2Foptoman-rc.goodface.com.ua%2Fwp-content%2Fuploads%2F2024%2F11&view_file=%2Fhome%2Fbdqbpbxa%2Frc-subdomains%2Foptoman-rc.goodface.com.ua%2Fwp-content%2Fuploads%2F2024%2F11%2FKubas_05_00140.bk.png HTTP/2.0" 404 20 "-" "Mozilla/5.0 AppleWebKit/537.36 (KHTML, like Gecko; compatible; GPTBot/1.2; +https://openai.com/gptbot)"
74.7.227.201 - - [09/Nov/2025:14:06:35 -0500] "GET /z451.php?path=%2Fhome%2Fbdqbpbxa%2Frc-subdomains%2Foptoman-rc.goodface.com.ua%2Fwp-content%2Fuploads%2F2024%2F11&view_file=%2Fhome%2Fbdqbpbxa%2Frc-subdomains%2Foptoman-rc.goodface.com.ua%2Fwp-content%2Fuploads%2F2024%2F11%2FKubas_05_00242.bk.png HTTP/2.0" 404 20 "-" "Mozilla/5.0 AppleWebKit/537.36 (KHTML, like Gecko; compatible; GPTBot/1.2; +https://openai.com/gptbot)"
74.7.227.201 - - [09/Nov/2025:14:07:11 -0500] "GET /z451.php?path=%2Fhome%2Fbdqbpbxa%2Frc-subdomains%2Foptoman-rc.goodface.com.ua%2Fwp-content%2Fuploads%2F2024%2F10&view_file=%2Fhome%2Fbdqbpbxa%2Frc-subdomains%2Foptoman-rc.goodface.com.ua%2Fwp-content%2Fuploads%2F2024%2F10%2FPicture-1-21-150x150.bk.png HTTP/2.0" 404 20 "-" "Mozilla/5.0 AppleWebKit/537.36 (KHTML, like Gecko; compatible; GPTBot/1.2; +https://openai.com/gptbot)"
74.7.228.21 - - [09/Nov/2025:14:07:12 -0500] "GET /robots.txt HTTP/2.0" 404 190 "-" "Mozilla/5.0 (Macintosh; Intel Mac OS X 10_15_7) AppleWebKit/537.36 (KHTML, like Gecko) Chrome/131.0.0.0 Safari/537.36; compatible; OAI-SearchBot/1.0; robots.txt; +https://openai.com/searchbot"
74.7.227.201 - - [09/Nov/2025:14:07:41 -0500] "GET /z451.php?path=%2Fhome%2Fbdqbpbxa%2Frc-subdomains%2Foptoman-rc.goodface.com.ua%2Fwp-content%2Fuploads%2F2024%2F11&view_file=%2Fhome%2Fbdqbpbxa%2Frc-subdomains%2Foptoman-rc.goodface.com.ua%2Fwp-content%2Fuploads%2F2024%2F11%2FKubas_05_00223.bk.png HTTP/2.0" 404 20 "-" "Mozilla/5.0 AppleWebKit/537.36 (KHTML, like Gecko; compatible; GPTBot/1.2; +https://openai.com/gptbot)"
74.7.227.201 - - [09/Nov/2025:14:08:11 -0500] "GET /z451.php?path=%2Fhome%2Fbdqbpbxa%2Frc-subdomains%2Foptoman-rc.goodface.com.ua%2Fwp-content%2Fuploads%2F2024%2F10&view_file=%2Fhome%2Fbdqbpbxa%2Frc-subdomains%2Foptoman-rc.goodface.com.ua%2Fwp-content%2Fuploads%2F2024%2F10%2FPicture-1-20-100x100.bk.png HTTP/2.0" 404 20 "-" "Mozilla/5.0 AppleWebKit/537.36 (KHTML, like Gecko; compatible; GPTBot/1.2; +https://openai.com/gptbot)"
74.7.227.201 - - [09/Nov/2025:14:08:40 -0500] "GET /z451.php?path=%2Fhome%2Fbdqbpbxa%2Frc-subdomains%2Foptoman-rc.goodface.com.ua%2Fwp-content%2Fuploads%2F2024%2F11&view_file=%2Fhome%2Fbdqbpbxa%2Frc-subdomains%2Foptoman-rc.goodface.com.ua%2Fwp-content%2Fuploads%2F2024%2F11%2FKubas_05_00180.bk.png HTTP/2.0" 404 20 "-" "Mozilla/5.0 AppleWebKit/537.36 (KHTML, like Gecko; compatible; GPTBot/1.2; +https://openai.com/gptbot)"
74.7.227.201 - - [09/Nov/2025:14:09:09 -0500] "GET /z451.php?path=%2Fhome%2Fbdqbpbxa%2Frc-subdomains%2Foptoman-rc.goodface.com.ua%2Fwp-content%2Fuploads%2F2025%2F04&view_file=%2Fhome%2Fbdqbpbxa%2Frc-subdomains%2Foptoman-rc.goodface.com.ua%2Fwp-content%2Fuploads%2F2025%2F04%2F1-1-100x100.png HTTP/2.0" 404 20 "-" "Mozilla/5.0 AppleWebKit/537.36 (KHTML, like Gecko; compatible; GPTBot/1.2; +https://openai.com/gptbot)"
74.7.227.201 - - [09/Nov/2025:14:09:48 -0500] "GET /z451.php?path=%2Fhome%2Fbdqbpbxa%2Frc-subdomains%2Foptoman-rc.goodface.com.ua%2Fwp-content%2Fuploads%2F2025%2F07&view_file=%2Fhome%2Fbdqbpbxa%2Frc-subdomains%2Foptoman-rc.goodface.com.ua%2Fwp-content%2Fuploads%2F2025%2F07%2F2.1-300x300.png HTTP/2.0" 404 20 "-" "Mozilla/5.0 AppleWebKit/537.36 (KHTML, like Gecko; compatible; GPTBot/1.2; +https://openai.com/gptbot)"
74.7.227.201 - - [09/Nov/2025:14:10:18 -0500] "GET /z451.php?path=%2Fhome%2Fbdqbpbxa%2Frc-subdomains%2Foptoman-rc.goodface.com.ua%2Fwp-content%2Fuploads%2F2024%2F11&view_file=%2Fhome%2Fbdqbpbxa%2Frc-subdomains%2Foptoman-rc.goodface.com.ua%2Fwp-content%2Fuploads%2F2024%2F11%2FKubas_05_00251.bk.png HTTP/2.0" 404 20 "-" "Mozilla/5.0 AppleWebKit/537.36 (KHTML, like Gecko; compatible; GPTBot/1.2; +https://openai.com/gptbot)"
216.73.216.140 - - [09/Nov/2025:14:10:37 -0500] "GET /robots.txt HTTP/2.0" 404 190 "-" "Mozilla/5.0 AppleWebKit/537.36 (KHTML, like Gecko; compatible; ClaudeBot/1.0; +claudebot@anthropic.com)"
74.7.227.201 - - [09/Nov/2025:14:10:46 -0500] "GET /z451.php?path=%2Fhome%2Fbdqbpbxa%2Frc-subdomains%2Foptoman-rc.goodface.com.ua%2Fwp-content%2Fuploads%2F2024%2F11&view_file=%2Fhome%2Fbdqbpbxa%2Frc-subdomains%2Foptoman-rc.goodface.com.ua%2Fwp-content%2Fuploads%2F2024%2F11%2FKubas_05_00109.bk.png HTTP/2.0" 404 20 "-" "Mozilla/5.0 AppleWebKit/537.36 (KHTML, like Gecko; compatible; GPTBot/1.2; +https://openai.com/gptbot)"
74.7.227.201 - - [09/Nov/2025:14:11:16 -0500] "GET /z451.php?path=%2Fhome%2Fbdqbpbxa%2Frc-subdomains%2Foptoman-rc.goodface.com.ua%2Fwp-content%2Fuploads%2F2024%2F11&view_file=%2Fhome%2Fbdqbpbxa%2Frc-subdomains%2Foptoman-rc.goodface.com.ua%2Fwp-content%2Fuploads%2F2024%2F11%2FKubas_05_00214.bk.png HTTP/2.0" 404 20 "-" "Mozilla/5.0 AppleWebKit/537.36 (KHTML, like Gecko; compatible; GPTBot/1.2; +https://openai.com/gptbot)"
216.73.216.140 - - [09/Nov/2025:14:11:20 -0500] "GET /dr5ioykr5rz7jlh1uCakc.php?path=%2Fhome%2Fbdqbpbxa%2Ftmp%2Fwebalizer%2Funiferx-test.goodface.com.ua&view_file=%2Fhome%2Fbdqbpbxa%2Ftmp%2Fwebalizer%2Funiferx-test.goodface.com.ua%2Fusage.png HTTP/2.0" 404 20 "-" "Mozilla/5.0 AppleWebKit/537.36 (KHTML, like Gecko; compatible; ClaudeBot/1.0; +claudebot@anthropic.com)"
216.73.216.140 - - [09/Nov/2025:14:11:20 -0500] "GET /dr5ioykr5rz7jlh1uCakc.php?path=%2Fhome%2Fbdqbpbxa%2Ftmp%2Fwebalizer&view_file=%2Fhome%2Fbdqbpbxa%2Ftmp%2Fwebalizer%2Fctry_usage_202509.png HTTP/2.0" 404 20 "-" "Mozilla/5.0 AppleWebKit/537.36 (KHTML, like Gecko; compatible; ClaudeBot/1.0; +claudebot@anthropic.com)"
74.7.227.201 - - [09/Nov/2025:14:11:54 -0500] "GET /z451.php?path=%2Fhome%2Fbdqbpbxa%2Frc-subdomains%2Foptoman-rc.goodface.com.ua%2Fwp-content%2Fuploads%2F2024%2F11&view_file=%2Fhome%2Fbdqbpbxa%2Frc-subdomains%2Foptoman-rc.goodface.com.ua%2Fwp-content%2Fuploads%2F2024%2F11%2FKubas_05_00152.bk.png HTTP/2.0" 404 20 "-" "Mozilla/5.0 AppleWebKit/537.36 (KHTML, like Gecko; compatible; GPTBot/1.2; +https://openai.com/gptbot)"
74.7.227.201 - - [09/Nov/2025:14:12:24 -0500] "GET /z451.php?path=%2Fhome%2Fbdqbpbxa%2Frc-subdomains%2Foptoman-rc.goodface.com.ua%2Fwp-content%2Fuploads%2F2024%2F10&view_file=%2Fhome%2Fbdqbpbxa%2Frc-subdomains%2Foptoman-rc.goodface.com.ua%2Fwp-content%2Fuploads%2F2024%2F10%2FPicture-1-14-100x100.bk.png HTTP/2.0" 404 20 "-" "Mozilla/5.0 AppleWebKit/537.36 (KHTML, like Gecko; compatible; GPTBot/1.2; +https://openai.com/gptbot)"
74.7.228.21 - - [09/Nov/2025:14:12:25 -0500] "GET /robots.txt HTTP/2.0" 404 190 "-" "Mozilla/5.0 (Macintosh; Intel Mac OS X 10_15_7) AppleWebKit/537.36 (KHTML, like Gecko) Chrome/131.0.0.0 Safari/537.36; compatible; OAI-SearchBot/1.0; robots.txt; +https://openai.com/searchbot"
216.73.216.140 - - [09/Nov/2025:14:12:38 -0500] "GET /robots.txt HTTP/2.0" 404 190 "-" "Mozilla/5.0 AppleWebKit/537.36 (KHTML, like Gecko; compatible; ClaudeBot/1.0; +claudebot@anthropic.com)"
216.73.216.140 - - [09/Nov/2025:14:12:39 -0500] "GET /dr5ioykr5rz7jlh1uCakc.php?path=%2Fhome%2Fbdqbpbxa%2Ftmp%2Fawstats%2Fssl&view_file=%2Fhome%2Fbdqbpbxa%2Ftmp%2Fawstats%2Fssl%2Fawstats072025.freedom-fund.goodface.com.ua.txt HTTP/2.0" 404 20 "-" "Mozilla/5.0 AppleWebKit/537.36 (KHTML, like Gecko; compatible; ClaudeBot/1.0; +claudebot@anthropic.com)"
74.7.227.201 - - [09/Nov/2025:14:12:53 -0500] "GET /z451.php?path=%2Fhome%2Fbdqbpbxa%2Frc-subdomains%2Foptoman-rc.goodface.com.ua%2Fwp-content%2Fuploads%2F2024%2F12&view_file=%2Fhome%2Fbdqbpbxa%2Frc-subdomains%2Foptoman-rc.goodface.com.ua%2Fwp-content%2Fuploads%2F2024%2F12%2F2-1-150x150.png HTTP/2.0" 404 20 "-" "Mozilla/5.0 AppleWebKit/537.36 (KHTML, like Gecko; compatible; GPTBot/1.2; +https://openai.com/gptbot)"
74.7.227.201 - - [09/Nov/2025:14:13:22 -0500] "GET /z451.php?path=%2Fhome%2Fbdqbpbxa%2Frc-subdomains%2Foptoman-rc.goodface.com.ua%2Fwp-content%2Fuploads%2F2024%2F10&view_file=%2Fhome%2Fbdqbpbxa%2Frc-subdomains%2Foptoman-rc.goodface.com.ua%2Fwp-content%2Fuploads%2F2024%2F10%2FPicture-1-12-300x300.bk.png HTTP/2.0" 404 20 "-" "Mozilla/5.0 AppleWebKit/537.36 (KHTML, like Gecko; compatible; GPTBot/1.2; +https://openai.com/gptbot)"
216.73.216.140 - - [09/Nov/2025:14:13:24 -0500] "GET /z451.php?path=%2Fhome%2Fbdqbpbxa%2F.trash HTTP/2.0" 404 20 "-" "Mozilla/5.0 AppleWebKit/537.36 (KHTML, like Gecko; compatible; ClaudeBot/1.0; +claudebot@anthropic.com)"
216.73.216.140 - - [09/Nov/2025:14:13:24 -0500] "GET /dr5ioykr5rz7jlh1uCakc.php?path=%2Fhome%2Fbdqbpbxa%2Fdev-subdomains%2Fapi-rc-uniferx.goodface.com.ua%2Fdatabase%2Fseeders HTTP/2.0" 404 20 "-" "Mozilla/5.0 AppleWebKit/537.36 (KHTML, like Gecko; compatible; ClaudeBot/1.0; +claudebot@anthropic.com)"
216.73.216.140 - - [09/Nov/2025:14:13:24 -0500] "GET /dr5ioykr5rz7jlh1uCakc.php?path=%2Fhome%2Fbdqbpbxa%2Ftmp%2Fwebalizer%2Fnew.goodface.com.ua&view_file=%2Fhome%2Fbdqbpbxa%2Ftmp%2Fwebalizer%2Fnew.goodface.com.ua%2Fwebalizer.current HTTP/2.0" 404 20 "-" "Mozilla/5.0 AppleWebKit/537.36 (KHTML, like Gecko; compatible; ClaudeBot/1.0; +claudebot@anthropic.com)"
216.73.216.140 - - [09/Nov/2025:14:13:24 -0500] "GET /z451.php?path=%2Fhome%2Fbdqbpbxa%2Fdemo-subdomains%2Fnanobiomedical.goodface.com.ua%2Fwp-content%2Fuploads HTTP/2.0" 404 20 "-" "Mozilla/5.0 AppleWebKit/537.36 (KHTML, like Gecko; compatible; ClaudeBot/1.0; +claudebot@anthropic.com)"
216.73.216.140 - - [09/Nov/2025:14:13:25 -0500] "GET /dr5ioykr5rz7jlh1uCakc.php?path=%2Fhome%2Fbdqbpbxa%2Frc-subdomains%2Foptoman-rc.goodface.com.ua&view_file=%2Fhome%2Fbdqbpbxa%2Frc-subdomains%2Foptoman-rc.goodface.com.ua%2Fwp-cron.php HTTP/2.0" 404 20 "-" "Mozilla/5.0 AppleWebKit/537.36 (KHTML, like Gecko; compatible; ClaudeBot/1.0; +claudebot@anthropic.com)"
216.73.216.140 - - [09/Nov/2025:14:13:25 -0500] "GET /z451.php?path=%2Fhome%2Fbdqbpbxa%2Fdemo-subdomains%2Fping-proxies.goodface.com.ua HTTP/2.0" 404 20 "-" "Mozilla/5.0 AppleWebKit/537.36 (KHTML, like Gecko; compatible; ClaudeBot/1.0; +claudebot@anthropic.com)"
216.73.216.140 - - [09/Nov/2025:14:13:25 -0500] "GET /z451.php?path=%2Fhome%2Fbdqbpbxa%2Faccess-logs&view_file=%2Fhome%2Fbdqbpbxa%2Faccess-logs%2Fmartakostyukfoundation-staging.goodface.com.ua HTTP/2.0" 404 20 "-" "Mozilla/5.0 AppleWebKit/537.36 (KHTML, like Gecko; compatible; ClaudeBot/1.0; +claudebot@anthropic.com)"
216.73.216.140 - - [09/Nov/2025:14:13:25 -0500] "GET /z451.php?path=%2Fhome%2Fbdqbpbxa%2Ftmp%2Fwebalizerftp&view_file=%2Fhome%2Fbdqbpbxa%2Ftmp%2Fwebalizerftp%2Fctry_usage_202509.png HTTP/2.0" 404 20 "-" "Mozilla/5.0 AppleWebKit/537.36 (KHTML, like Gecko; compatible; ClaudeBot/1.0; +claudebot@anthropic.com)"
216.73.216.140 - - [09/Nov/2025:14:13:25 -0500] "GET /dr5ioykr5rz7jlh1uCakc.php?path=%2Fhome%2Fbdqbpbxa%2Ftmp%2Fwebalizer%2Fgoodface.goodface.com.ua&view_file=%2Fhome%2Fbdqbpbxa%2Ftmp%2Fwebalizer%2Fgoodface.goodface.com.ua%2Fdns_cache.db HTTP/2.0" 404 20 "-" "Mozilla/5.0 AppleWebKit/537.36 (KHTML, like Gecko; compatible; ClaudeBot/1.0; +claudebot@anthropic.com)"
216.73.216.140 - - [09/Nov/2025:14:13:25 -0500] "GET /dr5ioykr5rz7jlh1uCakc.php?path=%2Fhome%2Fbdqbpbxa%2Fdev-subdomains%2Fpaytech-dev.goodface.com.ua HTTP/2.0" 404 20 "-" "Mozilla/5.0 AppleWebKit/537.36 (KHTML, like Gecko; compatible; ClaudeBot/1.0; +claudebot@anthropic.com)"
216.73.216.140 - - [09/Nov/2025:14:13:25 -0500] "GET /z451.php?path=%2Fhome%2Fbdqbpbxa%2Fapi-uniferx.goodface.com.ua%2Ftests HTTP/2.0" 404 20 "-" "Mozilla/5.0 AppleWebKit/537.36 (KHTML, like Gecko; compatible; ClaudeBot/1.0; +claudebot@anthropic.com)"
216.73.216.140 - - [09/Nov/2025:14:13:25 -0500] "GET /z451.php?path=%2Fhome%2Fbdqbpbxa%2Fdemo-subdomains%2Fnanobiomedical.goodface.com.ua%2Fwp-content%2Fthemes%2Ftwentytwentyfour HTTP/2.0" 404 20 "-" "Mozilla/5.0 AppleWebKit/537.36 (KHTML, like Gecko; compatible; ClaudeBot/1.0; +claudebot@anthropic.com)"
216.73.216.140 - - [09/Nov/2025:14:13:25 -0500] "GET /dr5ioykr5rz7jlh1uCakc.php?path=%2Fhome%2Fbdqbpbxa%2Fdev-subdomains%2Fprecisai-dev.goodface.com.ua%2Fwp-content%2Fthemes HTTP/2.0" 404 20 "-" "Mozilla/5.0 AppleWebKit/537.36 (KHTML, like Gecko; compatible; ClaudeBot/1.0; +claudebot@anthropic.com)"
216.73.216.140 - - [09/Nov/2025:14:13:46 -0500] "GET /dr5ioykr5rz7jlh1uCakc.php?path=%2Fhome%2Fbdqbpbxa%2Flogs&view_file=%2Fhome%2Fbdqbpbxa%2Flogs%2Fsettlepay-rc.goodface.com.ua-ssl_log-Nov-2025_NGINX.gz HTTP/2.0" 404 20 "-" "Mozilla/5.0 AppleWebKit/537.36 (KHTML, like Gecko; compatible; ClaudeBot/1.0; +claudebot@anthropic.com)"
216.73.216.140 - - [09/Nov/2025:14:13:46 -0500] "GET /dr5ioykr5rz7jlh1uCakc.php?path=%2Fhome%2Fbdqbpbxa%2Ftmp%2Fwebalizer%2F4bill.goodface.com.ua&view_file=%2Fhome%2Fbdqbpbxa%2Ftmp%2Fwebalizer%2F4bill.goodface.com.ua%2Fusage_202510.html HTTP/2.0" 404 20 "-" "Mozilla/5.0 AppleWebKit/537.36 (KHTML, like Gecko; compatible; ClaudeBot/1.0; +claudebot@anthropic.com)"
216.73.216.140 - - [09/Nov/2025:14:13:46 -0500] "GET /dr5ioykr5rz7jlh1uCakc.php?path=%2Fhome%2Fbdqbpbxa%2Flogs&view_file=%2Fhome%2Fbdqbpbxa%2Flogs%2Fping-proxies.goodface.com.ua-Oct-2025_NGINX.gz HTTP/2.0" 404 20 "-" "Mozilla/5.0 AppleWebKit/537.36 (KHTML, like Gecko; compatible; ClaudeBot/1.0; +claudebot@anthropic.com)"
216.73.216.140 - - [09/Nov/2025:14:13:46 -0500] "GET /dr5ioykr5rz7jlh1uCakc.php?path=%2Fhome%2Fbdqbpbxa%2Flogs&view_file=%2Fhome%2Fbdqbpbxa%2Flogs%2Fbrnr-rc.goodface.com.ua-ssl_log-Oct-2025_NGINX.gz HTTP/2.0" 404 20 "-" "Mozilla/5.0 AppleWebKit/537.36 (KHTML, like Gecko; compatible; ClaudeBot/1.0; +claudebot@anthropic.com)"
216.73.216.140 - - [09/Nov/2025:14:13:46 -0500] "GET /dr5ioykr5rz7jlh1uCakc.php?path=%2Fhome%2Fbdqbpbxa%2Flogs&view_file=%2Fhome%2Fbdqbpbxa%2Flogs%2Fn.goodface.com.ua-ssl_log-Nov-2025_NGINX.gz HTTP/2.0" 404 20 "-" "Mozilla/5.0 AppleWebKit/537.36 (KHTML, like Gecko; compatible; ClaudeBot/1.0; +claudebot@anthropic.com)"
216.73.216.140 - - [09/Nov/2025:14:13:46 -0500] "GET /dr5ioykr5rz7jlh1uCakc.php?path=%2Fhome%2Fbdqbpbxa%2Ftmp%2Fwebalizer%2Fwaykay-rc.goodface.com.ua&view_file=%2Fhome%2Fbdqbpbxa%2Ftmp%2Fwebalizer%2Fwaykay-rc.goodface.com.ua%2Fusage_202507.html HTTP/2.0" 404 20 "-" "Mozilla/5.0 AppleWebKit/537.36 (KHTML, like Gecko; compatible; ClaudeBot/1.0; +claudebot@anthropic.com)"
216.73.216.140 - - [09/Nov/2025:14:13:46 -0500] "GET /dr5ioykr5rz7jlh1uCakc.php?path=%2Fhome%2Fbdqbpbxa%2FAI-Bolit%2F.git HTTP/2.0" 404 20 "-" "Mozilla/5.0 AppleWebKit/537.36 (KHTML, like Gecko; compatible; ClaudeBot/1.0; +claudebot@anthropic.com)"
216.73.216.140 - - [09/Nov/2025:14:13:46 -0500] "GET /dr5ioykr5rz7jlh1uCakc.php?path=%2Fhome%2Fbdqbpbxa%2Ftmp%2Fwebalizer%2F4bill.goodface.com.ua&view_file=%2Fhome%2Fbdqbpbxa%2Ftmp%2Fwebalizer%2F4bill.goodface.com.ua%2Fusage_202306.html HTTP/2.0" 404 20 "-" "Mozilla/5.0 AppleWebKit/537.36 (KHTML, like Gecko; compatible; ClaudeBot/1.0; +claudebot@anthropic.com)"
216.73.216.140 - - [09/Nov/2025:14:13:46 -0500] "GET /dr5ioykr5rz7jlh1uCakc.php?path=%2Fhome%2Fbdqbpbxa%2Flogs&view_file=%2Fhome%2Fbdqbpbxa%2Flogs%2Fxp.goodface.com.ua-ssl_log-Nov-2025.gz HTTP/2.0" 404 20 "-" "Mozilla/5.0 AppleWebKit/537.36 (KHTML, like Gecko; compatible; ClaudeBot/1.0; +claudebot@anthropic.com)"
216.73.216.140 - - [09/Nov/2025:14:13:46 -0500] "GET /dr5ioykr5rz7jlh1uCakc.php?path=%2Fhome%2Fbdqbpbxa%2Ftmp%2Fwebalizer%2Fcds.goodface.com.ua&view_file=%2Fhome%2Fbdqbpbxa%2Ftmp%2Fwebalizer%2Fcds.goodface.com.ua%2Fusage_202501.html HTTP/2.0" 404 20 "-" "Mozilla/5.0 AppleWebKit/537.36 (KHTML, like Gecko; compatible; ClaudeBot/1.0; +claudebot@anthropic.com)"
216.73.216.140 - - [09/Nov/2025:14:13:46 -0500] "GET /dr5ioykr5rz7jlh1uCakc.php?path=%2Fhome%2Fbdqbpbxa%2Ftmp%2Fwebalizer%2Fbetterbro.goodface.com.ua&view_file=%2Fhome%2Fbdqbpbxa%2Ftmp%2Fwebalizer%2Fbetterbro.goodface.com.ua%2Fusage_202412.html HTTP/2.0" 404 20 "-" "Mozilla/5.0 AppleWebKit/537.36 (KHTML, like Gecko; compatible; ClaudeBot/1.0; +claudebot@anthropic.com)"
216.73.216.140 - - [09/Nov/2025:14:13:46 -0500] "GET /dr5ioykr5rz7jlh1uCakc.php?path=%2Fhome%2Fbdqbpbxa%2Ftmp%2Fwebalizer%2Fozura.goodface.com.ua&view_file=%2Fhome%2Fbdqbpbxa%2Ftmp%2Fwebalizer%2Fozura.goodface.com.ua%2Fusage_202501.html HTTP/2.0" 404 20 "-" "Mozilla/5.0 AppleWebKit/537.36 (KHTML, like Gecko; compatible; ClaudeBot/1.0; +claudebot@anthropic.com)"
216.73.216.140 - - [09/Nov/2025:14:13:46 -0500] "GET /z451.php?path=%2Fhome%2Fbdqbpbxa%2Fdemo-subdomains%2Fgumballpay.goodface.com.ua%2Ffrontend HTTP/2.0" 404 20 "-" "Mozilla/5.0 AppleWebKit/537.36 (KHTML, like Gecko; compatible; ClaudeBot/1.0; +claudebot@anthropic.com)"
74.7.227.201 - - [09/Nov/2025:14:13:59 -0500] "GET /z451.php?path=%2Fhome%2Fbdqbpbxa%2Frc-subdomains%2Foptoman-rc.goodface.com.ua%2Fwp-content%2Fuploads%2F2024%2F11&view_file=%2Fhome%2Fbdqbpbxa%2Frc-subdomains%2Foptoman-rc.goodface.com.ua%2Fwp-content%2Fuploads%2F2024%2F11%2FKubas_05_00128.bk.png HTTP/2.0" 404 20 "-" "Mozilla/5.0 AppleWebKit/537.36 (KHTML, like Gecko; compatible; GPTBot/1.2; +https://openai.com/gptbot)"
74.7.227.201 - - [09/Nov/2025:14:14:30 -0500] "GET /z451.php?path=%2Fhome%2Fbdqbpbxa%2Frc-subdomains%2Foptoman-rc.goodface.com.ua%2Fwp-content%2Fuploads%2F2024%2F12&view_file=%2Fhome%2Fbdqbpbxa%2Frc-subdomains%2Foptoman-rc.goodface.com.ua%2Fwp-content%2Fuploads%2F2024%2F12%2FOptoman_FS_2306_charts_for-web-12-1024x546.png HTTP/2.0" 404 20 "-" "Mozilla/5.0 AppleWebKit/537.36 (KHTML, like Gecko; compatible; GPTBot/1.2; +https://openai.com/gptbot)"
74.7.227.201 - - [09/Nov/2025:14:15:01 -0500] "GET /z451.php?path=%2Fhome%2Fbdqbpbxa%2Frc-subdomains%2Foptoman-rc.goodface.com.ua%2Fwp-content%2Fuploads%2F2024%2F10&view_file=%2Fhome%2Fbdqbpbxa%2Frc-subdomains%2Foptoman-rc.goodface.com.ua%2Fwp-content%2Fuploads%2F2024%2F10%2FfsAR515_2-4.pdf HTTP/2.0" 404 20 "-" "Mozilla/5.0 AppleWebKit/537.36 (KHTML, like Gecko; compatible; GPTBot/1.2; +https://openai.com/gptbot)"
74.7.227.201 - - [09/Nov/2025:14:15:30 -0500] "GET /z451.php?path=%2Fhome%2Fbdqbpbxa%2Frc-subdomains%2Foptoman-rc.goodface.com.ua%2Fwp-content%2Fuploads%2F2024%2F11&view_file=%2Fhome%2Fbdqbpbxa%2Frc-subdomains%2Foptoman-rc.goodface.com.ua%2Fwp-content%2Fuploads%2F2024%2F11%2FKubas_05_00218.bk.png HTTP/2.0" 404 20 "-" "Mozilla/5.0 AppleWebKit/537.36 (KHTML, like Gecko; compatible; GPTBot/1.2; +https://openai.com/gptbot)"
74.7.227.201 - - [09/Nov/2025:14:15:59 -0500] "GET /z451.php?path=%2Fhome%2Fbdqbpbxa%2Frc-subdomains%2Foptoman-rc.goodface.com.ua%2Fwp-content%2Fuploads%2F2024%2F12&view_file=%2Fhome%2Fbdqbpbxa%2Frc-subdomains%2Foptoman-rc.goodface.com.ua%2Fwp-content%2Fuploads%2F2024%2F12%2F3-1-300x300.png HTTP/2.0" 404 20 "-" "Mozilla/5.0 AppleWebKit/537.36 (KHTML, like Gecko; compatible; GPTBot/1.2; +https://openai.com/gptbot)"
74.7.227.201 - - [09/Nov/2025:14:16:39 -0500] "GET /z451.php?path=%2Fhome%2Fbdqbpbxa%2Frc-subdomains%2Foptoman-rc.goodface.com.ua%2Fwp-content%2Fuploads%2F2024%2F10&view_file=%2Fhome%2Fbdqbpbxa%2Frc-subdomains%2Foptoman-rc.goodface.com.ua%2Fwp-content%2Fuploads%2F2024%2F10%2Fimag-2-1-150x150.webp HTTP/2.0" 404 20 "-" "Mozilla/5.0 AppleWebKit/537.36 (KHTML, like Gecko; compatible; GPTBot/1.2; +https://openai.com/gptbot)"
74.7.227.201 - - [09/Nov/2025:14:17:07 -0500] "GET /z451.php?path=%2Fhome%2Fbdqbpbxa%2Frc-subdomains%2Foptoman-rc.goodface.com.ua%2Fwp-content%2Fuploads%2F2024%2F11&view_file=%2Fhome%2Fbdqbpbxa%2Frc-subdomains%2Foptoman-rc.goodface.com.ua%2Fwp-content%2Fuploads%2F2024%2F11%2FKubas_05_00200.bk.png HTTP/2.0" 404 20 "-" "Mozilla/5.0 AppleWebKit/537.36 (KHTML, like Gecko; compatible; GPTBot/1.2; +https://openai.com/gptbot)"
74.7.227.201 - - [09/Nov/2025:14:17:39 -0500] "GET /z451.php?path=%2Fhome%2Fbdqbpbxa%2Frc-subdomains%2Foptoman-rc.goodface.com.ua%2Fwp-content%2Fuploads%2F2024%2F12&view_file=%2Fhome%2Fbdqbpbxa%2Frc-subdomains%2Foptoman-rc.goodface.com.ua%2Fwp-content%2Fuploads%2F2024%2F12%2F1-4-768x768.png HTTP/2.0" 404 20 "-" "Mozilla/5.0 AppleWebKit/537.36 (KHTML, like Gecko; compatible; GPTBot/1.2; +https://openai.com/gptbot)"
74.7.227.201 - - [09/Nov/2025:14:18:08 -0500] "GET /z451.php?path=%2Fhome%2Fbdqbpbxa%2Frc-subdomains%2Foptoman-rc.goodface.com.ua%2Fwp-content%2Fuploads%2F2024%2F11&view_file=%2Fhome%2Fbdqbpbxa%2Frc-subdomains%2Foptoman-rc.goodface.com.ua%2Fwp-content%2Fuploads%2F2024%2F11%2FKubas_05_00129.bk.png HTTP/2.0" 404 20 "-" "Mozilla/5.0 AppleWebKit/537.36 (KHTML, like Gecko; compatible; GPTBot/1.2; +https://openai.com/gptbot)"
74.7.228.21 - - [09/Nov/2025:14:18:10 -0500] "GET /robots.txt HTTP/2.0" 404 190 "-" "Mozilla/5.0 (Macintosh; Intel Mac OS X 10_15_7) AppleWebKit/537.36 (KHTML, like Gecko) Chrome/131.0.0.0 Safari/537.36; compatible; OAI-SearchBot/1.0; robots.txt; +https://openai.com/searchbot"
74.7.227.201 - - [09/Nov/2025:14:18:43 -0500] "GET /z451.php?path=%2Fhome%2Fbdqbpbxa%2Frc-subdomains%2Foptoman-rc.goodface.com.ua%2Fwp-content%2Fuploads%2F2024%2F12&view_file=%2Fhome%2Fbdqbpbxa%2Frc-subdomains%2Foptoman-rc.goodface.com.ua%2Fwp-content%2Fuploads%2F2024%2F12%2FOptoman_FS_2306_charts_for-web-12-1536x819.png HTTP/2.0" 404 20 "-" "Mozilla/5.0 AppleWebKit/537.36 (KHTML, like Gecko; compatible; GPTBot/1.2; +https://openai.com/gptbot)"
74.7.227.201 - - [09/Nov/2025:14:19:11 -0500] "GET /z451.php?path=%2Fhome%2Fbdqbpbxa%2Frc-subdomains%2Foptoman-rc.goodface.com.ua%2Fwp-content%2Fuploads%2F2024%2F10&view_file=%2Fhome%2Fbdqbpbxa%2Frc-subdomains%2Foptoman-rc.goodface.com.ua%2Fwp-content%2Fuploads%2F2024%2F10%2FPicture-1-19-150x150.bk.png HTTP/2.0" 404 20 "-" "Mozilla/5.0 AppleWebKit/537.36 (KHTML, like Gecko; compatible; GPTBot/1.2; +https://openai.com/gptbot)"
74.7.227.201 - - [09/Nov/2025:14:19:47 -0500] "GET /z451.php?path=%2Fhome%2Fbdqbpbxa%2Frc-subdomains%2Fbrnr-rc.goodface.com.ua%2Fwp-content%2Fuploads%2F2025%2F08&view_file=%2Fhome%2Fbdqbpbxa%2Frc-subdomains%2Fbrnr-rc.goodface.com.ua%2Fwp-content%2Fuploads%2F2025%2F08%2Fadler_new-150x150.png HTTP/2.0" 404 20 "-" "Mozilla/5.0 AppleWebKit/537.36 (KHTML, like Gecko; compatible; GPTBot/1.2; +https://openai.com/gptbot)"
74.7.227.201 - - [09/Nov/2025:14:20:17 -0500] "GET /z451.php?path=%2Fhome%2Fbdqbpbxa%2Frc-subdomains%2Foptoman-rc.goodface.com.ua%2Fwp-content%2Fuploads%2F2024%2F11&view_file=%2Fhome%2Fbdqbpbxa%2Frc-subdomains%2Foptoman-rc.goodface.com.ua%2Fwp-content%2Fuploads%2F2024%2F11%2FKubas_05_00136.bk.png HTTP/2.0" 404 20 "-" "Mozilla/5.0 AppleWebKit/537.36 (KHTML, like Gecko; compatible; GPTBot/1.2; +https://openai.com/gptbot)"
74.7.227.201 - - [09/Nov/2025:14:20:46 -0500] "GET /z451.php?path=%2Fhome%2Fbdqbpbxa%2Frc-subdomains%2Foptoman-rc.goodface.com.ua%2Fwp-content%2Fuploads%2F2024%2F11&view_file=%2Fhome%2Fbdqbpbxa%2Frc-subdomains%2Foptoman-rc.goodface.com.ua%2Fwp-content%2Fuploads%2F2024%2F11%2FKubas_05_00249.bk.png HTTP/2.0" 404 20 "-" "Mozilla/5.0 AppleWebKit/537.36 (KHTML, like Gecko; compatible; GPTBot/1.2; +https://openai.com/gptbot)"
74.7.227.201 - - [09/Nov/2025:14:21:15 -0500] "GET /z451.php?path=%2Fhome%2Fbdqbpbxa%2Frc-subdomains%2Foptoman-rc.goodface.com.ua%2Fwp-content%2Fuploads%2F2024%2F10&view_file=%2Fhome%2Fbdqbpbxa%2Frc-subdomains%2Foptoman-rc.goodface.com.ua%2Fwp-content%2Fuploads%2F2024%2F10%2FPicture-1-15-100x100.bk.png HTTP/2.0" 404 20 "-" "Mozilla/5.0 AppleWebKit/537.36 (KHTML, like Gecko; compatible; GPTBot/1.2; +https://openai.com/gptbot)"
74.7.227.201 - - [09/Nov/2025:14:21:43 -0500] "GET /z451.php?path=%2Fhome%2Fbdqbpbxa%2Frc-subdomains%2Foptoman-rc.goodface.com.ua%2Fwp-content%2Fuploads%2F2024%2F11&view_file=%2Fhome%2Fbdqbpbxa%2Frc-subdomains%2Foptoman-rc.goodface.com.ua%2Fwp-content%2Fuploads%2F2024%2F11%2FKubas_05_00135.bk.png HTTP/2.0" 404 20 "-" "Mozilla/5.0 AppleWebKit/537.36 (KHTML, like Gecko; compatible; GPTBot/1.2; +https://openai.com/gptbot)"
74.7.227.201 - - [09/Nov/2025:14:22:20 -0500] "GET /z451.php?path=%2Fhome%2Fbdqbpbxa%2Frc-subdomains%2Foptoman-rc.goodface.com.ua%2Fwp-content%2Fuploads%2F2024%2F12&view_file=%2Fhome%2Fbdqbpbxa%2Frc-subdomains%2Foptoman-rc.goodface.com.ua%2Fwp-content%2Fuploads%2F2024%2F12%2F3-1-100x100.png HTTP/2.0" 404 20 "-" "Mozilla/5.0 AppleWebKit/537.36 (KHTML, like Gecko; compatible; GPTBot/1.2; +https://openai.com/gptbot)"
74.7.227.201 - - [09/Nov/2025:14:22:51 -0500] "GET /z451.php?path=%2Fhome%2Fbdqbpbxa%2Frc-subdomains%2Foptoman-rc.goodface.com.ua%2Fwp-content%2Fuploads%2F2024%2F10&view_file=%2Fhome%2Fbdqbpbxa%2Frc-subdomains%2Foptoman-rc.goodface.com.ua%2Fwp-content%2Fuploads%2F2024%2F10%2FfsHR258_3-4.pdf HTTP/2.0" 404 20 "-" "Mozilla/5.0 AppleWebKit/537.36 (KHTML, like Gecko; compatible; GPTBot/1.2; +https://openai.com/gptbot)"
74.7.227.201 - - [09/Nov/2025:14:23:20 -0500] "GET /z451.php?path=%2Fhome%2Fbdqbpbxa%2Frc-subdomains%2Foptoman-rc.goodface.com.ua%2Fwp-content%2Fuploads%2F2024%2F10&view_file=%2Fhome%2Fbdqbpbxa%2Frc-subdomains%2Foptoman-rc.goodface.com.ua%2Fwp-content%2Fuploads%2F2024%2F10%2FPicture-1-20-300x274.bk.png HTTP/2.0" 404 20 "-" "Mozilla/5.0 AppleWebKit/537.36 (KHTML, like Gecko; compatible; GPTBot/1.2; +https://openai.com/gptbot)"
74.7.227.201 - - [09/Nov/2025:14:23:49 -0500] "GET /z451.php?path=%2Fhome%2Fbdqbpbxa%2Frc-subdomains%2Foptoman-rc.goodface.com.ua%2Fwp-content%2Fuploads%2F2024%2F11&view_file=%2Fhome%2Fbdqbpbxa%2Frc-subdomains%2Foptoman-rc.goodface.com.ua%2Fwp-content%2Fuploads%2F2024%2F11%2FKubas_05_00187.bk.png HTTP/2.0" 404 20 "-" "Mozilla/5.0 AppleWebKit/537.36 (KHTML, like Gecko; compatible; GPTBot/1.2; +https://openai.com/gptbot)"
74.7.228.21 - - [09/Nov/2025:14:23:49 -0500] "GET /robots.txt HTTP/2.0" 404 190 "-" "Mozilla/5.0 (Macintosh; Intel Mac OS X 10_15_7) AppleWebKit/537.36 (KHTML, like Gecko) Chrome/131.0.0.0 Safari/537.36; compatible; OAI-SearchBot/1.0; robots.txt; +https://openai.com/searchbot"
74.7.227.201 - - [09/Nov/2025:14:24:18 -0500] "GET /z451.php?path=%2Fhome%2Fbdqbpbxa%2Frc-subdomains%2Foptoman-rc.goodface.com.ua%2Fwp-content%2Fuploads%2F2024%2F11&view_file=%2Fhome%2Fbdqbpbxa%2Frc-subdomains%2Foptoman-rc.goodface.com.ua%2Fwp-content%2Fuploads%2F2024%2F11%2FKubas_05_00153.bk.png HTTP/2.0" 404 20 "-" "Mozilla/5.0 AppleWebKit/537.36 (KHTML, like Gecko; compatible; GPTBot/1.2; +https://openai.com/gptbot)"
74.7.227.201 - - [09/Nov/2025:14:24:55 -0500] "GET /z451.php?path=%2Fhome%2Fbdqbpbxa%2Frc-subdomains%2Foptoman-rc.goodface.com.ua%2Fwp-content%2Fuploads%2F2024%2F11&view_file=%2Fhome%2Fbdqbpbxa%2Frc-subdomains%2Foptoman-rc.goodface.com.ua%2Fwp-content%2Fuploads%2F2024%2F11%2FKubas_05_00130.bk.png HTTP/2.0" 404 20 "-" "Mozilla/5.0 AppleWebKit/537.36 (KHTML, like Gecko; compatible; GPTBot/1.2; +https://openai.com/gptbot)"
74.7.227.201 - - [09/Nov/2025:14:25:25 -0500] "GET /z451.php?path=%2Fhome%2Fbdqbpbxa%2Frc-subdomains%2Foptoman-rc.goodface.com.ua%2Fwp-content%2Fuploads%2F2025%2F04&view_file=%2Fhome%2Fbdqbpbxa%2Frc-subdomains%2Foptoman-rc.goodface.com.ua%2Fwp-content%2Fuploads%2F2025%2F04%2F1-1-300x300.png HTTP/2.0" 404 20 "-" "Mozilla/5.0 AppleWebKit/537.36 (KHTML, like Gecko; compatible; GPTBot/1.2; +https://openai.com/gptbot)"
74.7.227.201 - - [09/Nov/2025:14:25:56 -0500] "GET /z451.php?path=%2Fhome%2Fbdqbpbxa%2Frc-subdomains%2Foptoman-rc.goodface.com.ua%2Fwp-content%2Fuploads%2F2024%2F10&view_file=%2Fhome%2Fbdqbpbxa%2Frc-subdomains%2Foptoman-rc.goodface.com.ua%2Fwp-content%2Fuploads%2F2024%2F10%2FPicture-1-11-768x521.bk.png HTTP/2.0" 404 20 "-" "Mozilla/5.0 AppleWebKit/537.36 (KHTML, like Gecko; compatible; GPTBot/1.2; +https://openai.com/gptbot)"
74.7.227.201 - - [09/Nov/2025:14:26:23 -0500] "GET /z451.php?path=%2Fhome%2Fbdqbpbxa%2Frc-subdomains%2Foptoman-rc.goodface.com.ua%2Fwp-content%2Fuploads%2F2024%2F11&view_file=%2Fhome%2Fbdqbpbxa%2Frc-subdomains%2Foptoman-rc.goodface.com.ua%2Fwp-content%2Fuploads%2F2024%2F11%2FKubas_05_00240.bk.png HTTP/2.0" 404 20 "-" "Mozilla/5.0 AppleWebKit/537.36 (KHTML, like Gecko; compatible; GPTBot/1.2; +https://openai.com/gptbot)"
74.7.227.201 - - [09/Nov/2025:14:26:52 -0500] "GET /z451.php?path=%2Fhome%2Fbdqbpbxa%2Frc-subdomains%2Foptoman-rc.goodface.com.ua%2Fwp-content%2Fuploads%2F2024%2F11&view_file=%2Fhome%2Fbdqbpbxa%2Frc-subdomains%2Foptoman-rc.goodface.com.ua%2Fwp-content%2Fuploads%2F2024%2F11%2FKubas_05_00112.bk.png HTTP/2.0" 404 20 "-" "Mozilla/5.0 AppleWebKit/537.36 (KHTML, like Gecko; compatible; GPTBot/1.2; +https://openai.com/gptbot)"
74.7.227.201 - - [09/Nov/2025:14:27:30 -0500] "GET /z451.php?path=%2Fhome%2Fbdqbpbxa%2Frc-subdomains%2Foptoman-rc.goodface.com.ua%2Fwp-content%2Fuploads%2F2024%2F11&view_file=%2Fhome%2Fbdqbpbxa%2Frc-subdomains%2Foptoman-rc.goodface.com.ua%2Fwp-content%2Fuploads%2F2024%2F11%2FKubas_05_00201.bk.png HTTP/2.0" 404 20 "-" "Mozilla/5.0 AppleWebKit/537.36 (KHTML, like Gecko; compatible; GPTBot/1.2; +https://openai.com/gptbot)"
74.7.227.201 - - [09/Nov/2025:14:27:59 -0500] "GET /z451.php?path=%2Fhome%2Fbdqbpbxa%2Frc-subdomains%2Foptoman-rc.goodface.com.ua%2Fwp-content%2Fuploads%2F2024%2F09&view_file=%2Fhome%2Fbdqbpbxa%2Frc-subdomains%2Foptoman-rc.goodface.com.ua%2Fwp-content%2Fuploads%2F2024%2F09%2FUV-Low-GDD-mirrors-1-1024x1024.png HTTP/2.0" 404 20 "-" "Mozilla/5.0 AppleWebKit/537.36 (KHTML, like Gecko; compatible; GPTBot/1.2; +https://openai.com/gptbot)"
74.7.227.201 - - [09/Nov/2025:14:28:29 -0500] "GET /z451.php?path=%2Fhome%2Fbdqbpbxa%2Frc-subdomains%2Foptoman-rc.goodface.com.ua%2Fwp-content%2Fuploads%2F2024%2F12&view_file=%2Fhome%2Fbdqbpbxa%2Frc-subdomains%2Foptoman-rc.goodface.com.ua%2Fwp-content%2Fuploads%2F2024%2F12%2F2-2-600x439.png HTTP/2.0" 404 20 "-" "Mozilla/5.0 AppleWebKit/537.36 (KHTML, like Gecko; compatible; GPTBot/1.2; +https://openai.com/gptbot)"
74.7.227.201 - - [09/Nov/2025:14:29:00 -0500] "GET /z451.php?path=%2Fhome%2Fbdqbpbxa%2Frc-subdomains%2Foptoman-rc.goodface.com.ua%2Fwp-content%2Fuploads%2F2024%2F10&view_file=%2Fhome%2Fbdqbpbxa%2Frc-subdomains%2Foptoman-rc.goodface.com.ua%2Fwp-content%2Fuploads%2F2024%2F10%2FPicture-1-18-100x100.bk.png HTTP/2.0" 404 20 "-" "Mozilla/5.0 AppleWebKit/537.36 (KHTML, like Gecko; compatible; GPTBot/1.2; +https://openai.com/gptbot)"
74.7.227.201 - - [09/Nov/2025:14:29:27 -0500] "GET /z451.php?path=%2Fhome%2Fbdqbpbxa%2Frc-subdomains%2Foptoman-rc.goodface.com.ua%2Fwp-content%2Fuploads%2F2024%2F11&view_file=%2Fhome%2Fbdqbpbxa%2Frc-subdomains%2Foptoman-rc.goodface.com.ua%2Fwp-content%2Fuploads%2F2024%2F11%2FKubas_05_00189.bk.png HTTP/2.0" 404 20 "-" "Mozilla/5.0 AppleWebKit/537.36 (KHTML, like Gecko; compatible; GPTBot/1.2; +https://openai.com/gptbot)"
74.7.228.21 - - [09/Nov/2025:14:29:29 -0500] "GET /robots.txt HTTP/2.0" 404 190 "-" "Mozilla/5.0 (Macintosh; Intel Mac OS X 10_15_7) AppleWebKit/537.36 (KHTML, like Gecko) Chrome/131.0.0.0 Safari/537.36; compatible; OAI-SearchBot/1.0; robots.txt; +https://openai.com/searchbot"
74.7.227.201 - - [09/Nov/2025:14:30:05 -0500] "GET /z451.php?path=%2Fhome%2Fbdqbpbxa%2Frc-subdomains%2Foptoman-rc.goodface.com.ua%2Fwp-content%2Fuploads%2F2024%2F10&view_file=%2Fhome%2Fbdqbpbxa%2Frc-subdomains%2Foptoman-rc.goodface.com.ua%2Fwp-content%2Fuploads%2F2024%2F10%2FPicture-1-18-300x300.bk.png HTTP/2.0" 404 20 "-" "Mozilla/5.0 AppleWebKit/537.36 (KHTML, like Gecko; compatible; GPTBot/1.2; +https://openai.com/gptbot)"
74.7.227.201 - - [09/Nov/2025:14:30:35 -0500] "GET /z451.php?path=%2Fhome%2Fbdqbpbxa%2Frc-subdomains%2Foptoman-rc.goodface.com.ua%2Fwp-content%2Fuploads%2F2024%2F11&view_file=%2Fhome%2Fbdqbpbxa%2Frc-subdomains%2Foptoman-rc.goodface.com.ua%2Fwp-content%2Fuploads%2F2024%2F11%2FKubas_05_00127.bk.png HTTP/2.0" 404 20 "-" "Mozilla/5.0 AppleWebKit/537.36 (KHTML, like Gecko; compatible; GPTBot/1.2; +https://openai.com/gptbot)"
74.7.227.201 - - [09/Nov/2025:14:31:04 -0500] "GET /z451.php?path=%2Fhome%2Fbdqbpbxa%2Frc-subdomains%2Foptoman-rc.goodface.com.ua%2Fwp-content%2Fuploads%2F2024%2F09&view_file=%2Fhome%2Fbdqbpbxa%2Frc-subdomains%2Foptoman-rc.goodface.com.ua%2Fwp-content%2Fuploads%2F2024%2F09%2FUV-Low-GDD-mirrors-1-1536x1536.png HTTP/2.0" 404 20 "-" "Mozilla/5.0 AppleWebKit/537.36 (KHTML, like Gecko; compatible; GPTBot/1.2; +https://openai.com/gptbot)"
74.7.227.201 - - [09/Nov/2025:14:31:32 -0500] "GET /z451.php?path=%2Fhome%2Fbdqbpbxa%2Frc-subdomains%2Foptoman-rc.goodface.com.ua%2Fwp-content%2Fuploads%2F2024%2F12&view_file=%2Fhome%2Fbdqbpbxa%2Frc-subdomains%2Foptoman-rc.goodface.com.ua%2Fwp-content%2Fuploads%2F2024%2F12%2F1-2-600x600.png HTTP/2.0" 404 20 "-" "Mozilla/5.0 AppleWebKit/537.36 (KHTML, like Gecko; compatible; GPTBot/1.2; +https://openai.com/gptbot)"
74.7.227.201 - - [09/Nov/2025:14:32:01 -0500] "GET /z451.php?path=%2Fhome%2Fbdqbpbxa%2Frc-subdomains%2Foptoman-rc.goodface.com.ua%2Fwp-content%2Fuploads%2F2024%2F11&view_file=%2Fhome%2Fbdqbpbxa%2Frc-subdomains%2Foptoman-rc.goodface.com.ua%2Fwp-content%2Fuploads%2F2024%2F11%2FKubas_05_00185.bk.png HTTP/2.0" 404 20 "-" "Mozilla/5.0 AppleWebKit/537.36 (KHTML, like Gecko; compatible; GPTBot/1.2; +https://openai.com/gptbot)"
74.7.227.201 - - [09/Nov/2025:14:32:31 -0500] "GET /z451.php?path=%2Fhome%2Fbdqbpbxa%2Frc-subdomains%2Foptoman-rc.goodface.com.ua%2Fwp-content%2Fuploads%2F2024%2F11&view_file=%2Fhome%2Fbdqbpbxa%2Frc-subdomains%2Foptoman-rc.goodface.com.ua%2Fwp-content%2Fuploads%2F2024%2F11%2FKubas_05_00156.bk.png HTTP/2.0" 404 20 "-" "Mozilla/5.0 AppleWebKit/537.36 (KHTML, like Gecko; compatible; GPTBot/1.2; +https://openai.com/gptbot)"
74.7.227.201 - - [09/Nov/2025:14:33:09 -0500] "GET /z451.php?path=%2Fhome%2Fbdqbpbxa%2Frc-subdomains%2Foptoman-rc.goodface.com.ua%2Fwp-content%2Fuploads%2F2024%2F11&view_file=%2Fhome%2Fbdqbpbxa%2Frc-subdomains%2Foptoman-rc.goodface.com.ua%2Fwp-content%2Fuploads%2F2024%2F11%2FKubas_05_00167.bk.png HTTP/2.0" 404 20 "-" "Mozilla/5.0 AppleWebKit/537.36 (KHTML, like Gecko; compatible; GPTBot/1.2; +https://openai.com/gptbot)"
74.7.227.201 - - [09/Nov/2025:14:33:39 -0500] "GET /z451.php?path=%2Fhome%2Fbdqbpbxa%2Frc-subdomains%2Foptoman-rc.goodface.com.ua%2Fwp-content%2Fuploads%2F2024%2F11&view_file=%2Fhome%2Fbdqbpbxa%2Frc-subdomains%2Foptoman-rc.goodface.com.ua%2Fwp-content%2Fuploads%2F2024%2F11%2FKubas_05_00151.bk.png HTTP/2.0" 404 20 "-" "Mozilla/5.0 AppleWebKit/537.36 (KHTML, like Gecko; compatible; GPTBot/1.2; +https://openai.com/gptbot)"
74.7.227.201 - - [09/Nov/2025:14:34:08 -0500] "GET /z451.php?path=%2Fhome%2Fbdqbpbxa%2Frc-subdomains%2Foptoman-rc.goodface.com.ua%2Fwp-content%2Fuploads%2F2024%2F10&view_file=%2Fhome%2Fbdqbpbxa%2Frc-subdomains%2Foptoman-rc.goodface.com.ua%2Fwp-content%2Fuploads%2F2024%2F10%2FPicture-1-9-1024x649.bk.png HTTP/2.0" 404 20 "-" "Mozilla/5.0 AppleWebKit/537.36 (KHTML, like Gecko; compatible; GPTBot/1.2; +https://openai.com/gptbot)"
74.7.227.201 - - [09/Nov/2025:14:34:36 -0500] "GET /z451.php?path=%2Fhome%2Fbdqbpbxa%2Frc-subdomains%2Foptoman-rc.goodface.com.ua%2Fwp-content%2Fuploads%2F2024%2F11&view_file=%2Fhome%2Fbdqbpbxa%2Frc-subdomains%2Foptoman-rc.goodface.com.ua%2Fwp-content%2Fuploads%2F2024%2F11%2FKubas_05_00169.bk.png HTTP/2.0" 404 20 "-" "Mozilla/5.0 AppleWebKit/537.36 (KHTML, like Gecko; compatible; GPTBot/1.2; +https://openai.com/gptbot)"
74.7.227.201 - - [09/Nov/2025:14:35:14 -0500] "GET /z451.php?path=%2Fhome%2Fbdqbpbxa%2Frc-subdomains%2Foptoman-rc.goodface.com.ua%2Fwp-content%2Fuploads%2F2024%2F11&view_file=%2Fhome%2Fbdqbpbxa%2Frc-subdomains%2Foptoman-rc.goodface.com.ua%2Fwp-content%2Fuploads%2F2024%2F11%2FKubas_05_00211.bk.png HTTP/2.0" 404 20 "-" "Mozilla/5.0 AppleWebKit/537.36 (KHTML, like Gecko; compatible; GPTBot/1.2; +https://openai.com/gptbot)"
74.7.228.21 - - [09/Nov/2025:14:35:15 -0500] "GET /robots.txt HTTP/2.0" 404 190 "-" "Mozilla/5.0 (Macintosh; Intel Mac OS X 10_15_7) AppleWebKit/537.36 (KHTML, like Gecko) Chrome/131.0.0.0 Safari/537.36; compatible; OAI-SearchBot/1.0; robots.txt; +https://openai.com/searchbot"
74.7.227.201 - - [09/Nov/2025:14:35:43 -0500] "GET /z451.php?path=%2Fhome%2Fbdqbpbxa%2Frc-subdomains%2Foptoman-rc.goodface.com.ua%2Fwp-content%2Fuploads%2F2024%2F11&view_file=%2Fhome%2Fbdqbpbxa%2Frc-subdomains%2Foptoman-rc.goodface.com.ua%2Fwp-content%2Fuploads%2F2024%2F11%2FKubas_05_00174.bk.png HTTP/2.0" 404 20 "-" "Mozilla/5.0 AppleWebKit/537.36 (KHTML, like Gecko; compatible; GPTBot/1.2; +https://openai.com/gptbot)"
74.7.227.201 - - [09/Nov/2025:14:36:14 -0500] "GET /z451.php?path=%2Fhome%2Fbdqbpbxa%2Frc-subdomains%2Foptoman-rc.goodface.com.ua%2Fwp-content%2Fuploads%2F2024%2F12&view_file=%2Fhome%2Fbdqbpbxa%2Frc-subdomains%2Foptoman-rc.goodface.com.ua%2Fwp-content%2Fuploads%2F2024%2F12%2F1-1-300x300.png HTTP/2.0" 404 20 "-" "Mozilla/5.0 AppleWebKit/537.36 (KHTML, like Gecko; compatible; GPTBot/1.2; +https://openai.com/gptbot)"
74.7.227.201 - - [09/Nov/2025:14:36:51 -0500] "GET /z451.php?path=%2Fhome%2Fbdqbpbxa%2Frc-subdomains%2Foptoman-rc.goodface.com.ua%2Fwp-content%2Fuploads%2F2024%2F11&view_file=%2Fhome%2Fbdqbpbxa%2Frc-subdomains%2Foptoman-rc.goodface.com.ua%2Fwp-content%2Fuploads%2F2024%2F11%2FKubas_05_00230.bk.png HTTP/2.0" 404 20 "-" "Mozilla/5.0 AppleWebKit/537.36 (KHTML, like Gecko; compatible; GPTBot/1.2; +https://openai.com/gptbot)"
74.7.227.201 - - [09/Nov/2025:14:37:12 -0500] "GET /z451.php?path=%2Fhome%2Fbdqbpbxa%2Frc-subdomains%2Foptoman-rc.goodface.com.ua%2Fwp-content%2Fuploads%2F2024%2F11&view_file=%2Fhome%2Fbdqbpbxa%2Frc-subdomains%2Foptoman-rc.goodface.com.ua%2Fwp-content%2Fuploads%2F2024%2F11%2FKubas_05_00238.bk.png HTTP/2.0" 404 20 "-" "Mozilla/5.0 AppleWebKit/537.36 (KHTML, like Gecko; compatible; GPTBot/1.2; +https://openai.com/gptbot)"
74.7.227.201 - - [09/Nov/2025:14:37:51 -0500] "GET /z451.php?path=%2Fhome%2Fbdqbpbxa%2Frc-subdomains%2Fwaykay-rc.goodface.com.ua%2Fwp-content%2Fuploads%2F2024%2F06&view_file=%2Fhome%2Fbdqbpbxa%2Frc-subdomains%2Fwaykay-rc.goodface.com.ua%2Fwp-content%2Fuploads%2F2024%2F06%2F2-mob-150x150.png HTTP/2.0" 404 20 "-" "Mozilla/5.0 AppleWebKit/537.36 (KHTML, like Gecko; compatible; GPTBot/1.2; +https://openai.com/gptbot)"
74.7.227.201 - - [09/Nov/2025:14:38:22 -0500] "GET /z451.php?path=%2Fhome%2Fbdqbpbxa%2Frc-subdomains%2Foptoman-rc.goodface.com.ua%2Fwp-content%2Fuploads%2F2024%2F10&view_file=%2Fhome%2Fbdqbpbxa%2Frc-subdomains%2Foptoman-rc.goodface.com.ua%2Fwp-content%2Fuploads%2F2024%2F10%2FISO-9001.bk.png HTTP/2.0" 404 20 "-" "Mozilla/5.0 AppleWebKit/537.36 (KHTML, like Gecko; compatible; GPTBot/1.2; +https://openai.com/gptbot)"
74.7.227.201 - - [09/Nov/2025:14:38:49 -0500] "GET /z451.php?path=%2Fhome%2Fbdqbpbxa%2Frc-subdomains%2Foptoman-rc.goodface.com.ua%2Fwp-content%2Fuploads%2F2024%2F11&view_file=%2Fhome%2Fbdqbpbxa%2Frc-subdomains%2Foptoman-rc.goodface.com.ua%2Fwp-content%2Fuploads%2F2024%2F11%2FKubas_05_00227.bk.png HTTP/2.0" 404 20 "-" "Mozilla/5.0 AppleWebKit/537.36 (KHTML, like Gecko; compatible; GPTBot/1.2; +https://openai.com/gptbot)"
74.7.227.201 - - [09/Nov/2025:14:39:17 -0500] "GET /z451.php?path=%2Fhome%2Fbdqbpbxa%2Frc-subdomains%2Foptoman-rc.goodface.com.ua%2Fwp-content%2Fuploads%2F2024%2F11&view_file=%2Fhome%2Fbdqbpbxa%2Frc-subdomains%2Foptoman-rc.goodface.com.ua%2Fwp-content%2Fuploads%2F2024%2F11%2FKubas_05_00208.bk.png HTTP/2.0" 404 20 "-" "Mozilla/5.0 AppleWebKit/537.36 (KHTML, like Gecko; compatible; GPTBot/1.2; +https://openai.com/gptbot)"
74.7.227.201 - - [09/Nov/2025:14:39:55 -0500] "GET /z451.php?path=%2Fhome%2Fbdqbpbxa%2Frc-subdomains%2Foptoman-rc.goodface.com.ua%2Fwp-content%2Fuploads%2F2024%2F10&view_file=%2Fhome%2Fbdqbpbxa%2Frc-subdomains%2Foptoman-rc.goodface.com.ua%2Fwp-content%2Fuploads%2F2024%2F10%2FPicture-1-15-300x204.bk.png HTTP/2.0" 404 20 "-" "Mozilla/5.0 AppleWebKit/537.36 (KHTML, like Gecko; compatible; GPTBot/1.2; +https://openai.com/gptbot)"
74.7.227.201 - - [09/Nov/2025:14:40:26 -0500] "GET /z451.php?path=%2Fhome%2Fbdqbpbxa%2Frc-subdomains%2Foptoman-rc.goodface.com.ua%2Fwp-content%2Fuploads%2F2024%2F11&view_file=%2Fhome%2Fbdqbpbxa%2Frc-subdomains%2Foptoman-rc.goodface.com.ua%2Fwp-content%2Fuploads%2F2024%2F11%2FKubas_05_00172.bk.png HTTP/2.0" 404 20 "-" "Mozilla/5.0 AppleWebKit/537.36 (KHTML, like Gecko; compatible; GPTBot/1.2; +https://openai.com/gptbot)"
74.7.227.201 - - [09/Nov/2025:14:40:57 -0500] "GET /z451.php?path=%2Fhome%2Fbdqbpbxa%2Frc-subdomains%2Foptoman-rc.goodface.com.ua%2Fwp-content%2Fuploads%2F2024%2F10&view_file=%2Fhome%2Fbdqbpbxa%2Frc-subdomains%2Foptoman-rc.goodface.com.ua%2Fwp-content%2Fuploads%2F2024%2F10%2FPicture-1-13-768x522.bk.png HTTP/2.0" 404 20 "-" "Mozilla/5.0 AppleWebKit/537.36 (KHTML, like Gecko; compatible; GPTBot/1.2; +https://openai.com/gptbot)"
74.7.228.21 - - [09/Nov/2025:14:40:59 -0500] "GET /robots.txt HTTP/2.0" 404 190 "-" "Mozilla/5.0 (Macintosh; Intel Mac OS X 10_15_7) AppleWebKit/537.36 (KHTML, like Gecko) Chrome/131.0.0.0 Safari/537.36; compatible; OAI-SearchBot/1.0; robots.txt; +https://openai.com/searchbot"
74.7.227.201 - - [09/Nov/2025:14:41:33 -0500] "GET /z451.php?path=%2Fhome%2Fbdqbpbxa%2Frc-subdomains%2Foptoman-rc.goodface.com.ua%2Fwp-content%2Fuploads%2F2024%2F10&view_file=%2Fhome%2Fbdqbpbxa%2Frc-subdomains%2Foptoman-rc.goodface.com.ua%2Fwp-content%2Fuploads%2F2024%2F10%2FPicture-1-10-100x100.bk.png HTTP/2.0" 404 20 "-" "Mozilla/5.0 AppleWebKit/537.36 (KHTML, like Gecko; compatible; GPTBot/1.2; +https://openai.com/gptbot)"
74.7.227.201 - - [09/Nov/2025:14:42:04 -0500] "GET /z451.php?path=%2Fhome%2Fbdqbpbxa%2Frc-subdomains%2Foptoman-rc.goodface.com.ua%2Fwp-content%2Fuploads%2F2024%2F12&view_file=%2Fhome%2Fbdqbpbxa%2Frc-subdomains%2Foptoman-rc.goodface.com.ua%2Fwp-content%2Fuploads%2F2024%2F12%2FOptoman_FS_2306_charts_for-web-41-1024x606.png HTTP/2.0" 404 20 "-" "Mozilla/5.0 AppleWebKit/537.36 (KHTML, like Gecko; compatible; GPTBot/1.2; +https://openai.com/gptbot)"
74.7.227.201 - - [09/Nov/2025:14:42:34 -0500] "GET /z451.php?path=%2Fhome%2Fbdqbpbxa%2Frc-subdomains%2Foptoman-rc.goodface.com.ua%2Fwp-content%2Fuploads%2F2024%2F10&view_file=%2Fhome%2Fbdqbpbxa%2Frc-subdomains%2Foptoman-rc.goodface.com.ua%2Fwp-content%2Fuploads%2F2024%2F10%2F1-1-100x100.png HTTP/2.0" 404 20 "-" "Mozilla/5.0 AppleWebKit/537.36 (KHTML, like Gecko; compatible; GPTBot/1.2; +https://openai.com/gptbot)"
74.7.227.201 - - [09/Nov/2025:14:43:04 -0500] "GET /z451.php?path=%2Fhome%2Fbdqbpbxa%2Frc-subdomains%2Foptoman-rc.goodface.com.ua%2Fwp-content%2Fuploads%2F2024%2F11&view_file=%2Fhome%2Fbdqbpbxa%2Frc-subdomains%2Foptoman-rc.goodface.com.ua%2Fwp-content%2Fuploads%2F2024%2F11%2FKubas_05_00171.bk.png HTTP/2.0" 404 20 "-" "Mozilla/5.0 AppleWebKit/537.36 (KHTML, like Gecko; compatible; GPTBot/1.2; +https://openai.com/gptbot)"
74.7.227.201 - - [09/Nov/2025:14:43:32 -0500] "GET /z451.php?path=%2Fhome%2Fbdqbpbxa%2Frc-subdomains%2Foptoman-rc.goodface.com.ua%2Fwp-content%2Fuploads%2F2025%2F07&view_file=%2Fhome%2Fbdqbpbxa%2Frc-subdomains%2Foptoman-rc.goodface.com.ua%2Fwp-content%2Fuploads%2F2025%2F07%2F2.1-300x169.png HTTP/2.0" 404 20 "-" "Mozilla/5.0 AppleWebKit/537.36 (KHTML, like Gecko; compatible; GPTBot/1.2; +https://openai.com/gptbot)"
74.7.227.201 - - [09/Nov/2025:14:44:09 -0500] "GET /z451.php?path=%2Fhome%2Fbdqbpbxa%2Frc-subdomains%2Foptoman-rc.goodface.com.ua%2Fwp-content%2Fuploads%2F2024%2F11&view_file=%2Fhome%2Fbdqbpbxa%2Frc-subdomains%2Foptoman-rc.goodface.com.ua%2Fwp-content%2Fuploads%2F2024%2F11%2FKubas_05_00215.bk.png HTTP/2.0" 404 20 "-" "Mozilla/5.0 AppleWebKit/537.36 (KHTML, like Gecko; compatible; GPTBot/1.2; +https://openai.com/gptbot)"
74.7.227.201 - - [09/Nov/2025:14:44:39 -0500] "GET /z451.php?path=%2Fhome%2Fbdqbpbxa%2Frc-subdomains%2Fwaykay-rc.goodface.com.ua%2Fwp-content%2Fuploads%2F2024%2F06&view_file=%2Fhome%2Fbdqbpbxa%2Frc-subdomains%2Fwaykay-rc.goodface.com.ua%2Fwp-content%2Fuploads%2F2024%2F06%2F4-mob-150x150.png HTTP/2.0" 404 20 "-" "Mozilla/5.0 AppleWebKit/537.36 (KHTML, like Gecko; compatible; GPTBot/1.2; +https://openai.com/gptbot)"
74.7.227.201 - - [09/Nov/2025:14:45:08 -0500] "GET /z451.php?path=%2Fhome%2Fbdqbpbxa%2Frc-subdomains%2Foptoman-rc.goodface.com.ua%2Fwp-content%2Fuploads%2F2024%2F11&view_file=%2Fhome%2Fbdqbpbxa%2Frc-subdomains%2Foptoman-rc.goodface.com.ua%2Fwp-content%2Fuploads%2F2024%2F11%2FKubas_05_00145.bk.png HTTP/2.0" 404 20 "-" "Mozilla/5.0 AppleWebKit/537.36 (KHTML, like Gecko; compatible; GPTBot/1.2; +https://openai.com/gptbot)"
74.7.227.201 - - [09/Nov/2025:14:45:38 -0500] "GET /z451.php?path=%2Fhome%2Fbdqbpbxa%2Frc-subdomains%2Foptoman-rc.goodface.com.ua%2Fwp-content%2Fuploads%2F2024%2F11&view_file=%2Fhome%2Fbdqbpbxa%2Frc-subdomains%2Foptoman-rc.goodface.com.ua%2Fwp-content%2Fuploads%2F2024%2F11%2FKubas_05_00118.bk.png HTTP/2.0" 404 20 "-" "Mozilla/5.0 AppleWebKit/537.36 (KHTML, like Gecko; compatible; GPTBot/1.2; +https://openai.com/gptbot)"
74.7.227.201 - - [09/Nov/2025:14:46:06 -0500] "GET /z451.php?path=%2Fhome%2Fbdqbpbxa%2Frc-subdomains%2Foptoman-rc.goodface.com.ua%2Fwp-content%2Fuploads%2F2024%2F11&view_file=%2Fhome%2Fbdqbpbxa%2Frc-subdomains%2Foptoman-rc.goodface.com.ua%2Fwp-content%2Fuploads%2F2024%2F11%2FKubas_05_00113.bk.png HTTP/2.0" 404 20 "-" "Mozilla/5.0 AppleWebKit/537.36 (KHTML, like Gecko; compatible; GPTBot/1.2; +https://openai.com/gptbot)"
74.7.227.201 - - [09/Nov/2025:14:46:44 -0500] "GET /z451.php?path=%2Fhome%2Fbdqbpbxa%2Frc-subdomains%2Foptoman-rc.goodface.com.ua%2Fwp-content%2Fuploads%2F2024%2F10&view_file=%2Fhome%2Fbdqbpbxa%2Frc-subdomains%2Foptoman-rc.goodface.com.ua%2Fwp-content%2Fuploads%2F2024%2F10%2FPicture-1-17-600x381.bk.png HTTP/2.0" 404 20 "-" "Mozilla/5.0 AppleWebKit/537.36 (KHTML, like Gecko; compatible; GPTBot/1.2; +https://openai.com/gptbot)"
74.7.228.21 - - [09/Nov/2025:14:46:45 -0500] "GET /robots.txt HTTP/2.0" 404 190 "-" "Mozilla/5.0 (Macintosh; Intel Mac OS X 10_15_7) AppleWebKit/537.36 (KHTML, like Gecko) Chrome/131.0.0.0 Safari/537.36; compatible; OAI-SearchBot/1.0; robots.txt; +https://openai.com/searchbot"
74.7.227.201 - - [09/Nov/2025:14:47:08 -0500] "GET /z451.php?path=%2Fhome%2Fbdqbpbxa%2Frc-subdomains%2Foptoman-rc.goodface.com.ua%2Fwp-content%2Fuploads%2F2024%2F11&view_file=%2Fhome%2Fbdqbpbxa%2Frc-subdomains%2Foptoman-rc.goodface.com.ua%2Fwp-content%2Fuploads%2F2024%2F11%2FKubas_05_00237.bk.png HTTP/2.0" 404 20 "-" "Mozilla/5.0 AppleWebKit/537.36 (KHTML, like Gecko; compatible; GPTBot/1.2; +https://openai.com/gptbot)"
74.7.227.201 - - [09/Nov/2025:14:47:47 -0500] "GET /z451.php?path=%2Fhome%2Fbdqbpbxa%2Frc-subdomains%2Foptoman-rc.goodface.com.ua%2Fwp-content%2Fuploads%2F2024%2F10&view_file=%2Fhome%2Fbdqbpbxa%2Frc-subdomains%2Foptoman-rc.goodface.com.ua%2Fwp-content%2Fuploads%2F2024%2F10%2FPicture-1-16-768x521.bk.png HTTP/2.0" 404 20 "-" "Mozilla/5.0 AppleWebKit/537.36 (KHTML, like Gecko; compatible; GPTBot/1.2; +https://openai.com/gptbot)"
74.7.227.201 - - [09/Nov/2025:14:48:17 -0500] "GET /z451.php?path=%2Fhome%2Fbdqbpbxa%2Frc-subdomains%2Foptoman-rc.goodface.com.ua%2Fwp-content%2Fuploads%2F2024%2F11&view_file=%2Fhome%2Fbdqbpbxa%2Frc-subdomains%2Foptoman-rc.goodface.com.ua%2Fwp-content%2Fuploads%2F2024%2F11%2FKubas_05_00132.bk.png HTTP/2.0" 404 20 "-" "Mozilla/5.0 AppleWebKit/537.36 (KHTML, like Gecko; compatible; GPTBot/1.2; +https://openai.com/gptbot)"
74.7.227.201 - - [09/Nov/2025:14:48:47 -0500] "GET /z451.php?path=%2Fhome%2Fbdqbpbxa%2Frc-subdomains%2Foptoman-rc.goodface.com.ua%2Fwp-content%2Fuploads%2F2024%2F10&view_file=%2Fhome%2Fbdqbpbxa%2Frc-subdomains%2Foptoman-rc.goodface.com.ua%2Fwp-content%2Fuploads%2F2024%2F10%2FPicture-1-13-600x408.bk.png HTTP/2.0" 404 20 "-" "Mozilla/5.0 AppleWebKit/537.36 (KHTML, like Gecko; compatible; GPTBot/1.2; +https://openai.com/gptbot)"
74.7.227.201 - - [09/Nov/2025:14:49:16 -0500] "GET /z451.php?path=%2Fhome%2Fbdqbpbxa%2Frc-subdomains%2Foptoman-rc.goodface.com.ua%2Fwp-content%2Fuploads%2F2024%2F10&view_file=%2Fhome%2Fbdqbpbxa%2Frc-subdomains%2Foptoman-rc.goodface.com.ua%2Fwp-content%2Fuploads%2F2024%2F10%2FPicture-1-22-600x407.bk.png HTTP/2.0" 404 20 "-" "Mozilla/5.0 AppleWebKit/537.36 (KHTML, like Gecko; compatible; GPTBot/1.2; +https://openai.com/gptbot)"
